{"id":758651,"date":"2025-08-28T08:11:23","date_gmt":"2025-08-28T05:11:23","guid":{"rendered":"https:\/\/roveyayinevi.com.tr\/index.php\/urun\/davetsiz-misafir-ofke\/"},"modified":"2026-04-16T03:11:43","modified_gmt":"2026-04-16T00:11:43","slug":"davetsiz-misafir-ofke","status":"publish","type":"product","link":"https:\/\/roveyayinevi.com.tr\/index.php\/urun\/davetsiz-misafir-ofke\/","title":{"rendered":"Davetsiz Misafir \u00d6fke"},"content":{"rendered":"<p>K\u00fc\u00e7\u00fck, d\u00fc\u015f\u00fcnd\u00fc, ta\u015f\u0131nd\u0131. Hay\u0131r, gergedan\u0131 \u00e7a\u011f\u0131rmam\u0131\u015ft\u0131. Gergedan tan\u0131tt\u0131 kendini: \u201c\u00d6fke diye \u00e7a\u011f\u0131r\u0131rlar beni.\u201d   Bir sincap, ad\u0131 K\u00fc\u00e7\u00fck. Herkes ona \u201cK\u00fc\u00e7\u00fck\u201d dedi\u011fi i\u00e7in spor yap\u0131p g\u00fc\u00e7lenmeye karar veriyor. Ama hemen boyu uzamad\u0131\u011f\u0131 ve g\u00fc\u00e7lenemedi\u011fi i\u00e7in de \u00e7ok ama \u00e7ok \u00f6fkeleniyor. Ve tam o s\u0131rada bilin bakal\u0131m hangi davetsiz misafir ziyaretine geliyor: Bir gergedan!   Firdevs Kapus\u0131zo\u011flu\u2019nun kaleminden k\u00fc\u00e7\u00fck okurlar\u0131m\u0131z\u0131n \u00f6fke duygusunu ke\u015ffetmelerini sa\u011flayacak s\u0131cac\u0131k bir \u00f6yk\u00fc. Haydi \u015fimdi kitab\u0131n kapa\u011f\u0131n\u0131 usulca a\u00e7 ve g\u00fczel c\u00fcmlelerle kendini ke\u015ffet! <\/p>\n","protected":false},"excerpt":{"rendered":"<p>K\u00fc\u00e7\u00fck, d\u00fc\u015f\u00fcnd\u00fc, ta\u015f\u0131nd\u0131. Hay\u0131r, gergedan\u0131 \u00e7a\u011f\u0131rmam\u0131\u015ft\u0131. Gergedan tan\u0131tt\u0131 kendini: \u201c\u00d6fke diye \u00e7a\u011f\u0131r\u0131rlar beni.\u201d Bir sincap, ad\u0131 K\u00fc\u00e7\u00fck. Herkes ona \u201cK\u00fc\u00e7\u00fck\u201d dedi\u011fi i\u00e7in spor yap\u0131p g\u00fc\u00e7lenmeye karar<span class=\"excerpt-hellip\"> [\u2026]<\/span><\/p>\n","protected":false},"featured_media":0,"template":"","meta":{"_monsterinsights_skip_tracking":false,"_monsterinsights_sitenote_active":false,"_monsterinsights_sitenote_note":"","_monsterinsights_sitenote_category":0},"product_brand":[],"product_cat":[12274,12284],"product_tag":[],"class_list":{"0":"post-758651","1":"product","2":"type-product","3":"status-publish","5":"product_cat-cocuk-ve-genclik-kitaplari","6":"product_cat-hikayeler","7":"pa_cilt-ciltsiz","8":"pa_tur-kitap","9":"pa_yayinevi-turkuvaz-kitap","10":"pa_yazar-firdevs-kapusizoglu","12":"first","13":"instock","14":"sale","15":"shipping-taxable","16":"purchasable","17":"product-type-simple"},"_links":{"self":[{"href":"https:\/\/roveyayinevi.com.tr\/index.php\/wp-json\/wp\/v2\/product\/758651","targetHints":{"allow":["GET"]}}],"collection":[{"href":"https:\/\/roveyayinevi.com.tr\/index.php\/wp-json\/wp\/v2\/product"}],"about":[{"href":"https:\/\/roveyayinevi.com.tr\/index.php\/wp-json\/wp\/v2\/types\/product"}],"wp:attachment":[{"href":"https:\/\/roveyayinevi.com.tr\/index.php\/wp-json\/wp\/v2\/media?parent=758651"}],"wp:term":[{"taxonomy":"product_brand","embeddable":true,"href":"https:\/\/roveyayinevi.com.tr\/index.php\/wp-json\/wp\/v2\/product_brand?post=758651"},{"taxonomy":"product_cat","embeddable":true,"href":"https:\/\/roveyayinevi.com.tr\/index.php\/wp-json\/wp\/v2\/product_cat?post=758651"},{"taxonomy":"product_tag","embeddable":true,"href":"https:\/\/roveyayinevi.com.tr\/index.php\/wp-json\/wp\/v2\/product_tag?post=758651"}],"curies":[{"name":"wp","href":"https:\/\/api.w.org\/{rel}","templated":true}]}}