{"id":758647,"date":"2025-08-28T08:11:17","date_gmt":"2025-08-28T05:11:17","guid":{"rendered":"https:\/\/roveyayinevi.com.tr\/index.php\/urun\/ding-dong-kapida-biri-mi-var-ciltli\/"},"modified":"2026-04-16T03:11:43","modified_gmt":"2026-04-16T00:11:43","slug":"ding-dong-kapida-biri-mi-var-ciltli","status":"publish","type":"product","link":"https:\/\/roveyayinevi.com.tr\/index.php\/urun\/ding-dong-kapida-biri-mi-var-ciltli\/","title":{"rendered":"Ding Dong! Kap\u0131da Biri Mi Var? (Ciltli)"},"content":{"rendered":"<p>ap\u0131daki koca c\u00fcsseli misafir de kim? Olivier Dupin&#8217;in yaz\u0131p Laurent Simon&#8217;un resimledi\u011fi Ding Dong! Kap\u0131da Biri mi Var?, \u00e7ocuklardaki hayal g\u00fcc\u00fc zenginli\u011fine \u015fapka \u00e7\u0131kartan deli dolu bir \u00f6yk\u00fc.   Fantastik filmlerden kopup gelen envai\u00e7e\u015fit karakterle kurgusunu hareketlendiren bu ne\u015feli macera, etraf\u0131ndakilerin dikkatini \u00e7ekmek i\u00e7in \u00e7\u0131lg\u0131nca hik\u00e2yelere sar\u0131lan \u201cf\u0131ld\u0131rf\u0131\u015f\u201d bir ufakl\u0131\u011f\u0131n s\u0131radan bir g\u00fcn\u00fcn\u00fc anlat\u0131yor.   Ebeveynlerin, g\u00fcnl\u00fck i\u015flerle ve kendi \u201ck\u00fc\u00e7\u00fck\u201d mutluluklar\u0131yla me\u015fgulken \u00e7ocuklar\u0131n\u0131 nas\u0131l ihmal ettiklerinden dem vuran kitap, modern \u00e7ekirdek aile ya\u015fant\u0131s\u0131n\u0131 ger\u00e7ek\u00e7i diyaloglar e\u015fli\u011finde, usul usul ele\u015ftiriyor.Ela, hik\u00e2ye anlatmay\u0131 \u00e7ok seviyor. Hatta anlatmakla da kalm\u0131yor, uydurdu\u011fu hik\u00e2yeleri \u00e2deta ya\u015f\u0131yor! Kimi zaman dev bir gorilin omuzlar\u0131nda \u015fehri boydan boya gezmeye \u00e7\u0131k\u0131yor, kimi zamansa bah\u00e7ede buldu\u011fu gizemli bir kemikle, y\u0131rt\u0131c\u0131 bir \u201ctireksin\u201d pe\u015fine d\u00fc\u015f\u00fcyor. Hik\u00e2yeler birbirini koval\u0131yor ama Ela&#8217;n\u0131n anlatt\u0131klar\u0131na kimseler kulak vermiyor. \u00c7\u00fcnk\u00fc evdekiler pek me\u015fgul! Herkesin dinlememek i\u00e7in bahanesi var. Peki, Ela&#8217;n\u0131n anlatt\u0131klar\u0131 ya ger\u00e7ekse? Ge\u00e7i\u015ftirici yan\u0131tlarla k\u00fc\u00e7\u00fckleri ba\u015f\u0131ndan savu\u015fturan yahut onlar\u0131 dinliyormu\u015f gibi yap\u0131p asl\u0131nda hi\u00e7 dinlemeyen b\u00fcy\u00fcklerin d\u00fcnyas\u0131n\u0131 incelikle yans\u0131tan Ding Dong! Kap\u0131da Biri mi Var?, hayallerine s\u0131ms\u0131k\u0131 sar\u0131lan \u00e7ocuklar ile i\u015fi ba\u015f\u0131ndan a\u015fk\u0131n yeti\u015fkinler aras\u0131ndaki ileti\u015fim kopuklu\u011funa vurgu yapan, sevimli mi sevimli bir \u00f6yk\u00fc.   Ding Dong! Yoksa birini mi bekliyordunuz?<\/p>\n","protected":false},"excerpt":{"rendered":"<p>ap\u0131daki koca c\u00fcsseli misafir de kim? Olivier Dupin&#8217;in yaz\u0131p Laurent Simon&#8217;un resimledi\u011fi Ding Dong! Kap\u0131da Biri mi Var?, \u00e7ocuklardaki hayal g\u00fcc\u00fc zenginli\u011fine \u015fapka \u00e7\u0131kartan deli dolu<span class=\"excerpt-hellip\"> [\u2026]<\/span><\/p>\n","protected":false},"featured_media":0,"template":"","meta":{"_monsterinsights_skip_tracking":false,"_monsterinsights_sitenote_active":false,"_monsterinsights_sitenote_note":"","_monsterinsights_sitenote_category":0},"product_brand":[],"product_cat":[12274,12284],"product_tag":[],"class_list":{"0":"post-758647","1":"product","2":"type-product","3":"status-publish","5":"product_cat-cocuk-ve-genclik-kitaplari","6":"product_cat-hikayeler","7":"pa_cilt-ciltli","8":"pa_tur-kitap","9":"pa_yayinevi-ucanbalik-yayincilik","10":"pa_yazar-olivier-dupin","12":"first","13":"instock","14":"sale","15":"shipping-taxable","16":"purchasable","17":"product-type-simple"},"_links":{"self":[{"href":"https:\/\/roveyayinevi.com.tr\/index.php\/wp-json\/wp\/v2\/product\/758647","targetHints":{"allow":["GET"]}}],"collection":[{"href":"https:\/\/roveyayinevi.com.tr\/index.php\/wp-json\/wp\/v2\/product"}],"about":[{"href":"https:\/\/roveyayinevi.com.tr\/index.php\/wp-json\/wp\/v2\/types\/product"}],"wp:attachment":[{"href":"https:\/\/roveyayinevi.com.tr\/index.php\/wp-json\/wp\/v2\/media?parent=758647"}],"wp:term":[{"taxonomy":"product_brand","embeddable":true,"href":"https:\/\/roveyayinevi.com.tr\/index.php\/wp-json\/wp\/v2\/product_brand?post=758647"},{"taxonomy":"product_cat","embeddable":true,"href":"https:\/\/roveyayinevi.com.tr\/index.php\/wp-json\/wp\/v2\/product_cat?post=758647"},{"taxonomy":"product_tag","embeddable":true,"href":"https:\/\/roveyayinevi.com.tr\/index.php\/wp-json\/wp\/v2\/product_tag?post=758647"}],"curies":[{"name":"wp","href":"https:\/\/api.w.org\/{rel}","templated":true}]}}