{"id":758646,"date":"2025-08-28T08:11:16","date_gmt":"2025-08-28T05:11:16","guid":{"rendered":"https:\/\/roveyayinevi.com.tr\/index.php\/urun\/ask-dergahi\/"},"modified":"2026-04-16T03:11:43","modified_gmt":"2026-04-16T00:11:43","slug":"ask-dergahi","status":"publish","type":"product","link":"https:\/\/roveyayinevi.com.tr\/index.php\/urun\/ask-dergahi\/","title":{"rendered":"A\u015fk Dergah\u0131"},"content":{"rendered":"<p>Sevda y\u00fck\u00fcn\u00fc alm\u0131\u015f, bahar\u0131 beklemeden tomurcuklanm\u0131\u015f, \u00e7i\u00e7e\u011fe durmu\u015ftu a\u011fa\u00e7lar. Umutlar sanki g\u00fcne\u015f, sevda sanki toprak, kad\u0131n sanki suydu. Sanki aya\u011f\u0131n\u0131n ucunu de\u011fdirse denizin \u00fczerinden y\u00fcr\u00fcyerek gidecekti sevdaya. \u00d6ylesine a\u00e7m\u0131\u015ft\u0131 y\u00fcre\u011fi, \u00f6ylesine bahar, \u00f6ylesine mutlulu\u011fa durmu\u015f, \u00f6ylesine ate\u015fliydi\u2026 Bir adam, bir kad\u0131n, bir bebek\u2026 Sevdaya tutkundu, ad\u0131 A\u015eKt\u0131 kad\u0131n\u0131n\u2026 Y\u00fcre\u011fi TA\u015et\u0131 adam\u0131n\u2026 \u00d6nce sevmi\u015f, sonra \u00f6ld\u00fcrm\u00fc\u015ft\u00fc kad\u0131n\u0131n y\u00fcre\u011fini\u2026 Ve bir kad\u0131n \u00f6ld\u00fc burada\u2026 D\u00fcn, sessiz sedas\u0131z, kendi kendine \u00f6ld\u00fc. A\u015eK \u00f6ld\u00fc\u2026 Umutlar \u00f6ld\u00fc\u2026 A\u015eK, \u00f6ld\u00fc burada\u2026 A\u015eK \u00f6ld\u00fc. \u00c7\u00fcnk\u00fc s\u0131\u011f\u0131nabildi\u011fin, g\u00fcvenebildi\u011fin yerdedir a\u015fk. Bazen \u00e2lemlere bile s\u0131\u011famazken, kanatlar\u0131n\u0131n alt\u0131nda sonsuzlu\u011fu ya\u015famak istedi\u011fin ve ya\u015fayabildi\u011fin yerdedir\u2026 A\u015fka do\u011fru ne zaman kanat a\u00e7sa k\u0131r\u0131ld\u0131ysa kanatlar\u0131, nereye s\u0131\u011far, nereye s\u0131\u011f\u0131n\u0131r insan? Sonra yeniden nereye do\u011far? Ne zaman \u00e7i\u00e7e\u011fe dursa tomurcuklar\u0131, kopar\u0131l\u0131p at\u0131ld\u0131ysa a\u00e7amadan, nas\u0131l h\u00e2llenir de g\u00fcne\u015fe, hangi cesaretle tomurcuklan\u0131r bir daha? <\/p>\n","protected":false},"excerpt":{"rendered":"<p>Sevda y\u00fck\u00fcn\u00fc alm\u0131\u015f, bahar\u0131 beklemeden tomurcuklanm\u0131\u015f, \u00e7i\u00e7e\u011fe durmu\u015ftu a\u011fa\u00e7lar. Umutlar sanki g\u00fcne\u015f, sevda sanki toprak, kad\u0131n sanki suydu. Sanki aya\u011f\u0131n\u0131n ucunu de\u011fdirse denizin \u00fczerinden y\u00fcr\u00fcyerek gidecekti<span class=\"excerpt-hellip\"> [\u2026]<\/span><\/p>\n","protected":false},"featured_media":0,"template":"","meta":{"_monsterinsights_skip_tracking":false,"_monsterinsights_sitenote_active":false,"_monsterinsights_sitenote_note":"","_monsterinsights_sitenote_category":0},"product_brand":[],"product_cat":[12364,12376],"product_tag":[],"class_list":{"0":"post-758646","1":"product","2":"type-product","3":"status-publish","5":"product_cat-genel-konular","6":"product_cat-kisisel-gelisim","7":"pa_cilt-ciltsiz","8":"pa_tur-kitap","9":"pa_yayinevi-kuytu-yayinlari","10":"pa_yazar-halime-gungor","12":"first","13":"instock","14":"sale","15":"shipping-taxable","16":"purchasable","17":"product-type-simple"},"_links":{"self":[{"href":"https:\/\/roveyayinevi.com.tr\/index.php\/wp-json\/wp\/v2\/product\/758646","targetHints":{"allow":["GET"]}}],"collection":[{"href":"https:\/\/roveyayinevi.com.tr\/index.php\/wp-json\/wp\/v2\/product"}],"about":[{"href":"https:\/\/roveyayinevi.com.tr\/index.php\/wp-json\/wp\/v2\/types\/product"}],"wp:attachment":[{"href":"https:\/\/roveyayinevi.com.tr\/index.php\/wp-json\/wp\/v2\/media?parent=758646"}],"wp:term":[{"taxonomy":"product_brand","embeddable":true,"href":"https:\/\/roveyayinevi.com.tr\/index.php\/wp-json\/wp\/v2\/product_brand?post=758646"},{"taxonomy":"product_cat","embeddable":true,"href":"https:\/\/roveyayinevi.com.tr\/index.php\/wp-json\/wp\/v2\/product_cat?post=758646"},{"taxonomy":"product_tag","embeddable":true,"href":"https:\/\/roveyayinevi.com.tr\/index.php\/wp-json\/wp\/v2\/product_tag?post=758646"}],"curies":[{"name":"wp","href":"https:\/\/api.w.org\/{rel}","templated":true}]}}