{"id":758612,"date":"2025-08-28T08:09:46","date_gmt":"2025-08-28T05:09:46","guid":{"rendered":"https:\/\/roveyayinevi.com.tr\/index.php\/urun\/bir-filozof-gibi-dusun\/"},"modified":"2026-04-16T03:11:43","modified_gmt":"2026-04-16T00:11:43","slug":"bir-filozof-gibi-dusun","status":"publish","type":"product","link":"https:\/\/roveyayinevi.com.tr\/index.php\/urun\/bir-filozof-gibi-dusun\/","title":{"rendered":"Bir Filozof Gibi  D\u00fc\u015f\u00fcn"},"content":{"rendered":"<p>Hayat\u0131m\u0131za anlam katan \u015feyler nelerdir? Ger\u00e7eklik, bize nas\u0131l ya\u015famam\u0131z gerekti\u011fini s\u00f6yler mi? Ger\u00e7ek asl\u0131nda nedir ve g\u00f6r\u00fcnenle aras\u0131ndaki fark\u0131 nas\u0131l anlayabiliriz?   Peter Cave, insanl\u0131k tarihinin en b\u00fcy\u00fck filozoflar\u0131n\u0131n ya\u015fam bi\u00e7imlerini, d\u00fc\u015f\u00fcnme tarzlar\u0131n\u0131 ve ilgilendikleri konular\u0131 k\u0131saca ele al\u0131rken felsefi yakla\u015f\u0131mlar\u0131n g\u00fcnl\u00fck hayatlar\u0131m\u0131z\u0131 nas\u0131l de\u011fi\u015ftirebilece\u011fini keyifli bir \u015fekilde bizlere sunuyor.   \u0130yimserlerden k\u00f6t\u00fcmserlere, inan\u00e7l\u0131lardan ateistlere, ifade \u00f6zg\u00fcrl\u00fc\u011f\u00fcnden k\u00fcrtaja, hayvanlara yap\u0131lan muameleden liderlerde olmas\u0131 gereken ahlaki \u00f6zelliklere kadar g\u00fcncel pek \u00e7ok konuya dair bilgiler i\u00e7eren kitapta Cave, filozoflar\u0131n d\u00fcnyayla ba\u015fa \u00e7\u0131kma y\u00f6ntemlerini ve bu y\u00f6ntemlerin kendi zamanlar\u0131nda nas\u0131l t\u00fcredi\u011fini, bug\u00fcn bu fikirlerden nas\u0131l yararlanabilece\u011fimizi g\u00f6steriyor.   Kitapta yer alan Sokrates, Platon, Aristo, Lao Tzu, \u0130bn-i Sina, Spinoza, Schopenhauer, Karl Marx, Kierkegaard, Nietzsche, Wittgenstein, Iris Murdoch, Hannah Arendt, Jean Paul Sartre, Samuel Beckett ve Simone de Beauvoir gibi b\u00fcy\u00fck d\u00fc\u015f\u00fcn\u00fcrler hayat\u0131n\u0131za \u0131\u015f\u0131k tutacak. <\/p>\n","protected":false},"excerpt":{"rendered":"<p>Hayat\u0131m\u0131za anlam katan \u015feyler nelerdir? Ger\u00e7eklik, bize nas\u0131l ya\u015famam\u0131z gerekti\u011fini s\u00f6yler mi? Ger\u00e7ek asl\u0131nda nedir ve g\u00f6r\u00fcnenle aras\u0131ndaki fark\u0131 nas\u0131l anlayabiliriz? Peter Cave, insanl\u0131k tarihinin en<span class=\"excerpt-hellip\"> [\u2026]<\/span><\/p>\n","protected":false},"featured_media":0,"template":"","meta":{"_monsterinsights_skip_tracking":false,"_monsterinsights_sitenote_active":false,"_monsterinsights_sitenote_note":"","_monsterinsights_sitenote_category":0},"product_brand":[],"product_cat":[14009,12291],"product_tag":[],"class_list":{"0":"post-758612","1":"product","2":"type-product","3":"status-publish","5":"product_cat-biyografi-otobiyografi-edebiyat","6":"product_cat-edebiyat","7":"pa_cilt-ciltsiz","8":"pa_tur-kitap","9":"pa_yayinevi-mona-kitap","10":"pa_yazar-peter-cave","12":"first","13":"instock","14":"sale","15":"shipping-taxable","16":"purchasable","17":"product-type-simple"},"_links":{"self":[{"href":"https:\/\/roveyayinevi.com.tr\/index.php\/wp-json\/wp\/v2\/product\/758612","targetHints":{"allow":["GET"]}}],"collection":[{"href":"https:\/\/roveyayinevi.com.tr\/index.php\/wp-json\/wp\/v2\/product"}],"about":[{"href":"https:\/\/roveyayinevi.com.tr\/index.php\/wp-json\/wp\/v2\/types\/product"}],"wp:attachment":[{"href":"https:\/\/roveyayinevi.com.tr\/index.php\/wp-json\/wp\/v2\/media?parent=758612"}],"wp:term":[{"taxonomy":"product_brand","embeddable":true,"href":"https:\/\/roveyayinevi.com.tr\/index.php\/wp-json\/wp\/v2\/product_brand?post=758612"},{"taxonomy":"product_cat","embeddable":true,"href":"https:\/\/roveyayinevi.com.tr\/index.php\/wp-json\/wp\/v2\/product_cat?post=758612"},{"taxonomy":"product_tag","embeddable":true,"href":"https:\/\/roveyayinevi.com.tr\/index.php\/wp-json\/wp\/v2\/product_tag?post=758612"}],"curies":[{"name":"wp","href":"https:\/\/api.w.org\/{rel}","templated":true}]}}