{"id":758603,"date":"2025-08-28T08:09:33","date_gmt":"2025-08-28T05:09:33","guid":{"rendered":"https:\/\/roveyayinevi.com.tr\/index.php\/urun\/ii-dunya-savasi-ve-buyuk-dogu-buyuk-dogu-dergisinin-ilk-doneminde-ii-dunya-savasi-hakkindaki-degerlendirmeler\/"},"modified":"2026-04-16T03:11:42","modified_gmt":"2026-04-16T00:11:42","slug":"ii-dunya-savasi-ve-buyuk-dogu-buyuk-dogu-dergisinin-ilk-doneminde-ii-dunya-savasi-hakkindaki-degerlendirmeler","status":"publish","type":"product","link":"https:\/\/roveyayinevi.com.tr\/index.php\/urun\/ii-dunya-savasi-ve-buyuk-dogu-buyuk-dogu-dergisinin-ilk-doneminde-ii-dunya-savasi-hakkindaki-degerlendirmeler\/","title":{"rendered":"II. D\u00fcnya Sava\u015f\u0131 Ve B\u00fcy\u00fck Do\u011fu B\u00fcy\u00fck Do\u011fu Dergisi\u2019nin \u0130lk D\u00f6neminde II. D\u00fcnya Sava\u015f\u0131 Hakk\u0131ndak\u0131 De\u011ferlendirmeler"},"content":{"rendered":"<p>\u0130\u00e7indekiler :     B\u0130R\u0130NC\u0130 B\u00d6L\u00dcM : B\u00dcY\u00dcK DO\u011eU DERG\u0130S\u0130      \u0130K\u0130NC\u0130 B\u00d6L\u00dcM : II. D\u00dcNYA SAVA\u015eI VE T\u00dcRK\u0130YE   \u00dc\u00c7\u00dcNC\u00dc B\u00d6L\u00dcM : II. D\u00dcNYA SAVA\u015eI, M\u0130HVER VE M\u00dcTTEF\u0130KLER   D\u00d6RD\u00dcNC\u00dc B\u00d6L\u00dcM : II. D\u00dcNYA SAVA\u015eI VE BALKANLAR <\/p>\n","protected":false},"excerpt":{"rendered":"<p>\u0130\u00e7indekiler : B\u0130R\u0130NC\u0130 B\u00d6L\u00dcM : B\u00dcY\u00dcK DO\u011eU DERG\u0130S\u0130 \u0130K\u0130NC\u0130 B\u00d6L\u00dcM : II. D\u00dcNYA SAVA\u015eI VE T\u00dcRK\u0130YE \u00dc\u00c7\u00dcNC\u00dc B\u00d6L\u00dcM : II. D\u00dcNYA SAVA\u015eI, M\u0130HVER VE M\u00dcTTEF\u0130KLER D\u00d6RD\u00dcNC\u00dc<span class=\"excerpt-hellip\"> [\u2026]<\/span><\/p>\n","protected":false},"featured_media":0,"template":"","meta":{"_monsterinsights_skip_tracking":false,"_monsterinsights_sitenote_active":false,"_monsterinsights_sitenote_note":"","_monsterinsights_sitenote_category":0},"product_brand":[],"product_cat":[13005,40995],"product_tag":[],"class_list":{"0":"post-758603","1":"product","2":"type-product","3":"status-publish","5":"product_cat-bilim-muhendislik","6":"product_cat-sosyal-bilimler","7":"pa_cilt-ciltsiz","8":"pa_tur-kitap","9":"pa_yayinevi-gazi-kitabevi","10":"pa_yazar-omer-faruk-kirmit","12":"first","13":"instock","14":"sale","15":"shipping-taxable","16":"purchasable","17":"product-type-simple"},"_links":{"self":[{"href":"https:\/\/roveyayinevi.com.tr\/index.php\/wp-json\/wp\/v2\/product\/758603","targetHints":{"allow":["GET"]}}],"collection":[{"href":"https:\/\/roveyayinevi.com.tr\/index.php\/wp-json\/wp\/v2\/product"}],"about":[{"href":"https:\/\/roveyayinevi.com.tr\/index.php\/wp-json\/wp\/v2\/types\/product"}],"wp:attachment":[{"href":"https:\/\/roveyayinevi.com.tr\/index.php\/wp-json\/wp\/v2\/media?parent=758603"}],"wp:term":[{"taxonomy":"product_brand","embeddable":true,"href":"https:\/\/roveyayinevi.com.tr\/index.php\/wp-json\/wp\/v2\/product_brand?post=758603"},{"taxonomy":"product_cat","embeddable":true,"href":"https:\/\/roveyayinevi.com.tr\/index.php\/wp-json\/wp\/v2\/product_cat?post=758603"},{"taxonomy":"product_tag","embeddable":true,"href":"https:\/\/roveyayinevi.com.tr\/index.php\/wp-json\/wp\/v2\/product_tag?post=758603"}],"curies":[{"name":"wp","href":"https:\/\/api.w.org\/{rel}","templated":true}]}}

II. Dünya Savaşı Ve Büyük Doğu Büyük Doğu Dergisi’nin İlk Döneminde II. Dünya Savaşı Hakkındakı Değerlendirmeler

<p>İçindekiler :     BİRİNCİ BÖLÜM : BÜYÜK DOĞU DERGİSİ      İKİNCİ BÖLÜM : II. DÜNYA SAVAŞI VE TÜRKİYE   ÜÇÜNCÜ BÖLÜM : II. DÜNYA SAVAŞI, MİHVER VE MÜTTEFİKLER   DÖRDÜNCÜ BÖLÜM : II. DÜNYA SAVAŞI VE BALKANLAR </p>

<p>İçindekiler : BİRİNCİ BÖLÜM : BÜYÜK DOĞU DERGİSİ İKİNCİ BÖLÜM : II. DÜNYA SAVAŞI VE TÜRKİYE ÜÇÜNCÜ BÖLÜM : II. DÜNYA SAVAŞI, MİHVER VE MÜTTEFİKLER DÖRDÜNCÜ<span class="excerpt-hellip"> […]</span></p>
