{"id":758590,"date":"2025-08-28T08:09:09","date_gmt":"2025-08-28T05:09:09","guid":{"rendered":"https:\/\/roveyayinevi.com.tr\/index.php\/urun\/iduk\/"},"modified":"2026-04-16T03:11:42","modified_gmt":"2026-04-16T00:11:42","slug":"iduk","status":"publish","type":"product","link":"https:\/\/roveyayinevi.com.tr\/index.php\/urun\/iduk\/","title":{"rendered":"\u0130d\u00fck"},"content":{"rendered":"<p>G\u00f6zlerimizi kama\u015ft\u0131ran, Bo\u011faz\u0131m\u0131z\u0131 bir gecede yararak kar\u015f\u0131m\u0131za dikelmi\u015f bu gizemli varl\u0131k, \u0130d\u00fck&#8230; Ad\u0131 bile s\u0131rlarla dolu, \u0130stanbul\u2019un sokaklar\u0131na g\u00f6lgesi usulca d\u00fc\u015f\u00fcyor. Ne y\u00f6neldi\u011fi belli, ne arad\u0131\u011f\u0131&#8230; Belki de kendisine bile yabanc\u0131. Gecenin karanl\u0131\u011f\u0131nda giden son ada vapurunda, pencereden kolunuzu g\u00fc\u00e7bela \u00e7\u0131kard\u0131\u011f\u0131n\u0131z sigara molas\u0131nda ya da belki de ak\u015fam vakti gereksiz yere s\u00f6yledi\u011finiz o \u00fc\u00e7\u00fcnc\u00fc lahmacunun kendini hararetle hissettirdi\u011fi r\u00fcyan\u0131zda kar\u015f\u0131n\u0131za \u00e7\u0131k\u0131veriyor. Sislerin i\u00e7inde ans\u0131z\u0131n beliriyor, ard\u0131nda sadece merak ve belirsizlik b\u0131rakarak kayboluyor. \u015eehre atanm\u0131\u015f ama aff\u0131n\u0131 dilemeye korkan bir hayalet gibi ne id\u00fc\u011f\u00fc belirsiz bu diklik, kimi i\u00e7in umut \u0131\u015f\u0131\u011f\u0131, kimi i\u00e7inse karanl\u0131k bir tehdit. Belki de \u0130d\u00fck, sadece kendisini anlayacak birini bekliyor. Ama bir ger\u00e7ek var ki, herkesin dilinde dola\u015f\u0131yor: \u0130d\u00fck, sadece i\u00e7imizde beliren bir kutluluk de\u011fil, ayn\u0131 zamanda bamba\u015fka bir d\u00fcnyan\u0131n kap\u0131s\u0131n\u0131 aralamak isteyen bir hayalin tohumu.    \u201cZaten hepimiz ayn\u0131 frekanstay\u0131z, g\u00fczel d\u00fc\u015f\u00fcnd\u00fc\u011f\u00fcm\u00fcz i\u00e7in evrenin bize hediyesi bu.\u201d   \u2013\u0130layda, 38, Fon Y\u00f6neticisi    \u201cBak abi, bu \u0130d\u00fck ba\u015fka kimseye g\u00f6nderilmedi, anl\u0131yo musun? Bize geldi bize, T\u00fcrklere! T\u00fcrk\u00fcn yurduna!\u201d   \u2013Serhat, 20, Kendi R\u0131zas\u0131yla \u0130\u015fsiz    \u201cYabanc\u0131 Cisim denmesine kar\u015f\u0131y\u0131m ben efendim bu yap\u0131ya. Ne m\u00fcnasebet. Kesinlikle Yerli Cisim denmeli.\u201d \u2013Pakize, 45, Ev Han\u0131m\u0131  <\/p>\n","protected":false},"excerpt":{"rendered":"<p>G\u00f6zlerimizi kama\u015ft\u0131ran, Bo\u011faz\u0131m\u0131z\u0131 bir gecede yararak kar\u015f\u0131m\u0131za dikelmi\u015f bu gizemli varl\u0131k, \u0130d\u00fck&#8230; Ad\u0131 bile s\u0131rlarla dolu, \u0130stanbul\u2019un sokaklar\u0131na g\u00f6lgesi usulca d\u00fc\u015f\u00fcyor. Ne y\u00f6neldi\u011fi belli, ne arad\u0131\u011f\u0131&#8230;<span class=\"excerpt-hellip\"> [\u2026]<\/span><\/p>\n","protected":false},"featured_media":0,"template":"","meta":{"_monsterinsights_skip_tracking":false,"_monsterinsights_sitenote_active":false,"_monsterinsights_sitenote_note":"","_monsterinsights_sitenote_category":0},"product_brand":[],"product_cat":[12291,12711],"product_tag":[],"class_list":{"0":"post-758590","1":"product","2":"type-product","3":"status-publish","5":"product_cat-edebiyat","6":"product_cat-roman-oyku","7":"pa_cilt-ciltsiz","8":"pa_tur-kitap","9":"pa_yayinevi-ithaki-yayinlari","10":"pa_yazar-n-can-kantarci","12":"first","13":"instock","14":"sale","15":"shipping-taxable","16":"purchasable","17":"product-type-simple"},"_links":{"self":[{"href":"https:\/\/roveyayinevi.com.tr\/index.php\/wp-json\/wp\/v2\/product\/758590","targetHints":{"allow":["GET"]}}],"collection":[{"href":"https:\/\/roveyayinevi.com.tr\/index.php\/wp-json\/wp\/v2\/product"}],"about":[{"href":"https:\/\/roveyayinevi.com.tr\/index.php\/wp-json\/wp\/v2\/types\/product"}],"wp:attachment":[{"href":"https:\/\/roveyayinevi.com.tr\/index.php\/wp-json\/wp\/v2\/media?parent=758590"}],"wp:term":[{"taxonomy":"product_brand","embeddable":true,"href":"https:\/\/roveyayinevi.com.tr\/index.php\/wp-json\/wp\/v2\/product_brand?post=758590"},{"taxonomy":"product_cat","embeddable":true,"href":"https:\/\/roveyayinevi.com.tr\/index.php\/wp-json\/wp\/v2\/product_cat?post=758590"},{"taxonomy":"product_tag","embeddable":true,"href":"https:\/\/roveyayinevi.com.tr\/index.php\/wp-json\/wp\/v2\/product_tag?post=758590"}],"curies":[{"name":"wp","href":"https:\/\/api.w.org\/{rel}","templated":true}]}}