{"id":758575,"date":"2025-08-28T08:08:45","date_gmt":"2025-08-28T05:08:45","guid":{"rendered":"https:\/\/roveyayinevi.com.tr\/index.php\/urun\/yasini-gosteren-kadinlar\/"},"modified":"2026-02-03T03:25:51","modified_gmt":"2026-02-03T00:25:51","slug":"yasini-gosteren-kadinlar","status":"publish","type":"product","link":"https:\/\/roveyayinevi.com.tr\/index.php\/urun\/yasini-gosteren-kadinlar\/","title":{"rendered":"Ya\u015f\u0131n\u0131 G\u00f6steren Kad\u0131nlar"},"content":{"rendered":"<p>\u201cTart\u0131\u015facak, konu\u015facak \u00e7ok \u015fey var \u00e7\u00fcnk\u00fc patriyarka, gen\u00e7li\u011fimizdekilere ek olarak, farkl\u0131 ezme, s\u00f6m\u00fcr\u00fc bi\u00e7imleriyle ya\u015fland\u0131\u011f\u0131m\u0131zda da pe\u015fimizde. Kapitalizm ise y\u0131k\u0131c\u0131l\u0131\u011f\u0131n\u0131 daha derinden hissettiriyor, ayr\u0131mc\u0131l\u0131\u011f\u0131 had safhada ya\u015fat\u0131yor bize. Tahakk\u00fcm farkl\u0131 bi\u00e7imleriyle geliyor, \u015fiddetin ba\u015fka y\u00fczlerini de g\u00f6r\u00fcyoruz &#8216;ya\u015flanan&#8217; kad\u0131nlar olarak.  Ya\u015fad\u0131klar\u0131m\u0131z\u0131, g\u00f6zlemlerimizi de\u011ferlendirirken sorular\u0131m\u0131z \u00e7e\u015fitlendi. Feminist bak\u0131\u015f\u0131m\u0131z bizi, olumsuz anlamlar y\u00fcklenen ya\u015fl\u0131l\u0131k d\u00fc\u015f\u00fcncesinden uzak tutmaya yetiyor mu? Farkl\u0131 ku\u015faktan feministler bir aradayken ya\u015fl\u0131 ayr\u0131mc\u0131l\u0131\u011f\u0131 hissediyor muyuz? Gen\u00e7 kad\u0131nlar\u0131n olumlu, g\u00fc\u00e7l\u00fc bir ya\u015fl\u0131l\u0131k fikriyle ya\u015flanmas\u0131 i\u00e7in ya\u015f\u00e7\u0131l\u0131k, ya\u015f ili\u015fkileri konusunda fark\u0131ndal\u0131k yaratmak i\u00e7in neler yapabiliriz?\u201d Mektuplardan olu\u015fan bu kitapta, feminist hareketten gelen kad\u0131nlar ya\u015fl\u0131l\u0131k konusu \u00fczerine s\u00f6z al\u0131yorlar. Kad\u0131nlar, kendi ya\u015fl\u0131l\u0131klar\u0131n\u0131 ve ya\u015flanma deneyimlerini, ya\u015fl\u0131l\u0131kla ilgili korkular\u0131n\u0131, ya\u015fl\u0131l\u0131kla ilgili \u00e7arp\u0131t\u0131lm\u0131\u015f d\u00fc\u015f\u00fcnceleri irdeleyip ya\u015fl\u0131l\u0131\u011f\u0131n feminist bir mesele oldu\u011funu g\u00f6r\u00fcn\u00fcr k\u0131l\u0131yorlar. Kitap, a\u00e7t\u0131\u011f\u0131 bu tart\u0131\u015fma ba\u015fl\u0131\u011f\u0131 ba\u011flam\u0131nda ufuk a\u00e7\u0131c\u0131 bir eser niteli\u011finde. <\/p>\n","protected":false},"excerpt":{"rendered":"<p>\u201cTart\u0131\u015facak, konu\u015facak \u00e7ok \u015fey var \u00e7\u00fcnk\u00fc patriyarka, gen\u00e7li\u011fimizdekilere ek olarak, farkl\u0131 ezme, s\u00f6m\u00fcr\u00fc bi\u00e7imleriyle ya\u015fland\u0131\u011f\u0131m\u0131zda da pe\u015fimizde. Kapitalizm ise y\u0131k\u0131c\u0131l\u0131\u011f\u0131n\u0131 daha derinden hissettiriyor, ayr\u0131mc\u0131l\u0131\u011f\u0131 had safhada<span class=\"excerpt-hellip\"> [\u2026]<\/span><\/p>\n","protected":false},"featured_media":0,"template":"","meta":{"_monsterinsights_skip_tracking":false,"_monsterinsights_sitenote_active":false,"_monsterinsights_sitenote_note":"","_monsterinsights_sitenote_category":0},"product_brand":[],"product_cat":[14741,13488],"product_tag":[],"class_list":{"0":"post-758575","1":"product","2":"type-product","3":"status-publish","5":"product_cat-kadin-sorunlari-feminizm","6":"product_cat-toplum-ve-insan","7":"pa_cilt-ciltsiz","8":"pa_tur-kitap","9":"pa_yayinevi-dipnot-yayinlari","10":"pa_yazar-kolektif","12":"first","13":"instock","14":"sale","15":"shipping-taxable","16":"purchasable","17":"product-type-simple"},"_links":{"self":[{"href":"https:\/\/roveyayinevi.com.tr\/index.php\/wp-json\/wp\/v2\/product\/758575","targetHints":{"allow":["GET"]}}],"collection":[{"href":"https:\/\/roveyayinevi.com.tr\/index.php\/wp-json\/wp\/v2\/product"}],"about":[{"href":"https:\/\/roveyayinevi.com.tr\/index.php\/wp-json\/wp\/v2\/types\/product"}],"wp:attachment":[{"href":"https:\/\/roveyayinevi.com.tr\/index.php\/wp-json\/wp\/v2\/media?parent=758575"}],"wp:term":[{"taxonomy":"product_brand","embeddable":true,"href":"https:\/\/roveyayinevi.com.tr\/index.php\/wp-json\/wp\/v2\/product_brand?post=758575"},{"taxonomy":"product_cat","embeddable":true,"href":"https:\/\/roveyayinevi.com.tr\/index.php\/wp-json\/wp\/v2\/product_cat?post=758575"},{"taxonomy":"product_tag","embeddable":true,"href":"https:\/\/roveyayinevi.com.tr\/index.php\/wp-json\/wp\/v2\/product_tag?post=758575"}],"curies":[{"name":"wp","href":"https:\/\/api.w.org\/{rel}","templated":true}]}}