{"id":758560,"date":"2025-08-28T08:08:23","date_gmt":"2025-08-28T05:08:23","guid":{"rendered":"https:\/\/roveyayinevi.com.tr\/index.php\/urun\/percy-jackson-ve-olimposlular-son-olimposlu-cizgi-roman\/"},"modified":"2026-04-16T03:11:41","modified_gmt":"2026-04-16T00:11:41","slug":"percy-jackson-ve-olimposlular-son-olimposlu-cizgi-roman","status":"publish","type":"product","link":"https:\/\/roveyayinevi.com.tr\/index.php\/urun\/percy-jackson-ve-olimposlular-son-olimposlu-cizgi-roman\/","title":{"rendered":"Percy Jackson Ve Olimposlular Son Olimposlu -\u00c7izgi Roman"},"content":{"rendered":"<p>Melezler zafer kazanma \u015fanslar\u0131n\u0131n zay\u0131f oldu\u011funu bilerek Titanlara kar\u015f\u0131 m\u00fccadele etmeye haz\u0131rlan\u0131rken, sava\u015f giderek yakla\u015f\u0131yor. Kronos\u2019un ordusu her zamankinden de g\u00fc\u00e7l\u00fc. Zalim Titan\u2019\u0131n g\u00fcc\u00fc, taraf\u0131na \u00e7ekti\u011fi her tanr\u0131 ve melezle birlikte daha da art\u0131yor. Olimpos\u2019un tanr\u0131lar\u0131 her yeri yak\u0131p y\u0131kan Tayfun\u2019la u\u011fra\u015f\u0131rken, Kronos neredeyse savunmas\u0131z kalan Olimpos\u2019a, New York\u2019a y\u00fcr\u00fcyor. \u015eimdi b\u00fct\u00fcn i\u015f Percy ve melez ordusuna kalm\u0131\u015f durumda. On alt\u0131nc\u0131 ya\u015f g\u00fcn\u00fcyle ilgili uzun zamand\u0131r beklenen kehanet nihayet a\u00e7\u0131kl\u0131\u011fa kavu\u015furken, Percy\u2019nin vakti daral\u0131yor. Bat\u0131 medeniyeti, Manhattan sokaklar\u0131nda b\u00fcy\u00fck bir sava\u015fla kar\u015f\u0131 kar\u015f\u0131ya ve Percy belki de kendi kaderine kar\u015f\u0131 sava\u015f\u0131yor olman\u0131n korkusuyla y\u00fczle\u015fiyor. <\/p>\n","protected":false},"excerpt":{"rendered":"<p>Melezler zafer kazanma \u015fanslar\u0131n\u0131n zay\u0131f oldu\u011funu bilerek Titanlara kar\u015f\u0131 m\u00fccadele etmeye haz\u0131rlan\u0131rken, sava\u015f giderek yakla\u015f\u0131yor. Kronos\u2019un ordusu her zamankinden de g\u00fc\u00e7l\u00fc. Zalim Titan\u2019\u0131n g\u00fcc\u00fc, taraf\u0131na \u00e7ekti\u011fi<span class=\"excerpt-hellip\"> [\u2026]<\/span><\/p>\n","protected":false},"featured_media":0,"template":"","meta":{"_monsterinsights_skip_tracking":false,"_monsterinsights_sitenote_active":false,"_monsterinsights_sitenote_note":"","_monsterinsights_sitenote_category":0},"product_brand":[],"product_cat":[12689,12274],"product_tag":[],"class_list":{"0":"post-758560","1":"product","2":"type-product","3":"status-publish","5":"product_cat-cizgi-roman-cocuk-ve-genclik-kitaplari","6":"product_cat-cocuk-ve-genclik-kitaplari","7":"pa_cilt-ciltsiz","8":"pa_tur-kitap","9":"pa_yayinevi-x-libris","10":"pa_yazar-rick-riordan","12":"first","13":"instock","14":"sale","15":"shipping-taxable","16":"purchasable","17":"product-type-simple"},"_links":{"self":[{"href":"https:\/\/roveyayinevi.com.tr\/index.php\/wp-json\/wp\/v2\/product\/758560","targetHints":{"allow":["GET"]}}],"collection":[{"href":"https:\/\/roveyayinevi.com.tr\/index.php\/wp-json\/wp\/v2\/product"}],"about":[{"href":"https:\/\/roveyayinevi.com.tr\/index.php\/wp-json\/wp\/v2\/types\/product"}],"wp:attachment":[{"href":"https:\/\/roveyayinevi.com.tr\/index.php\/wp-json\/wp\/v2\/media?parent=758560"}],"wp:term":[{"taxonomy":"product_brand","embeddable":true,"href":"https:\/\/roveyayinevi.com.tr\/index.php\/wp-json\/wp\/v2\/product_brand?post=758560"},{"taxonomy":"product_cat","embeddable":true,"href":"https:\/\/roveyayinevi.com.tr\/index.php\/wp-json\/wp\/v2\/product_cat?post=758560"},{"taxonomy":"product_tag","embeddable":true,"href":"https:\/\/roveyayinevi.com.tr\/index.php\/wp-json\/wp\/v2\/product_tag?post=758560"}],"curies":[{"name":"wp","href":"https:\/\/api.w.org\/{rel}","templated":true}]}}