{"id":758544,"date":"2025-08-28T08:07:54","date_gmt":"2025-08-28T05:07:54","guid":{"rendered":"https:\/\/roveyayinevi.com.tr\/index.php\/urun\/atanin-konyasi\/"},"modified":"2026-04-16T03:11:41","modified_gmt":"2026-04-16T00:11:41","slug":"atanin-konyasi","status":"publish","type":"product","link":"https:\/\/roveyayinevi.com.tr\/index.php\/urun\/atanin-konyasi\/","title":{"rendered":"Ata&#8217;n\u0131n Konyas\u0131"},"content":{"rendered":"<p>\u201cKonya benim dedelerimin \u00f6z vatan\u0131d\u0131r. Onlar, Rumeli\u2019ye Anadolu\u2019dan g\u00f6\u00e7m\u00fc\u015flerdir. Bunun Konya  oldu\u011fu s\u00f6ylenir.\u2019\u2019                                                                             M. Kemal ATAT\u00dcRK Cumhuriyet d\u00f6neminin ilk Konya milletvekillerinden Naim Haz\u0131m Onat, dil \u00e7al\u0131\u015fmalar\u0131 esnas\u0131nda Atat\u00fcrk\u2019\u00fcn, kendisine yukar\u0131daki s\u00f6zleri s\u00f6yledi\u011fini an\u0131lar\u0131nda belirtir. Atat\u00fcrk\u2019\u00fcn bu g\u00fczel s\u00f6zleri, Konya\u2019ya ve Konyal\u0131lara kar\u015f\u0131 i\u00e7ten bir yak\u0131nl\u0131k, bir sevgi, bir iltifat olarak say\u0131lmakla birlikte, bunun ger\u00e7eklik pay\u0131 ta\u015f\u0131d\u0131\u011f\u0131 da ara\u015ft\u0131rmac\u0131lar\u0131n \u00e7al\u0131\u015fmalar\u0131yla ortaya \u00e7\u0131km\u0131\u015ft\u0131r\u2026 Konya\u2019y\u0131  \u201cAta\u2019n\u0131n Konya\u2019s\u0131\u201d yapan bu derin sevginin k\u00f6kenlerine inilen bu eserde, a\u015fa\u011f\u0131daki sorular\u0131n ve g\u00fcn\u00fcm\u00fcze de\u011fin s\u00fcregelen tart\u0131\u015fmalar\u0131n da tan\u0131klara ve belgelere dayal\u0131 yan\u0131tlar\u0131n\u0131 bulacaks\u0131n\u0131z; \u00b7         Anadolu\u2019daki ilk Atat\u00fcrk An\u0131t\u0131\u2019n\u0131n ger\u00e7ek hikayesi nedir? Bu konuda do\u011fru bilinen yanl\u0131\u015flar nelerdir? \u00b7         Milli M\u00fccadele esnas\u0131nda Bozk\u0131r ve Konya\u2018n\u0131n adlar\u0131yla an\u0131lan isyanlarda, y\u00f6re halk\u0131n\u0131n rol\u00fc ne olmu\u015ftur? \u0130syanlar\u0131n kat\u0131l\u0131mc\u0131lar\u0131 m\u0131 yoksa ma\u011fdurlar\u0131 m\u0131d\u0131rlar? \u00b7          Bu isyanlar\u0131n \u00f6ncesi ve sonras\u0131, g\u00fcn\u00fcm\u00fcz m\u00fclki amirler i\u00e7in ne gibi dersler i\u00e7ermektedir? \u00b7         Atat\u00fcrk\u2019\u00fcn Konya ziyaretlerinde verdi\u011fi mesajlar, g\u00fcn\u00fcm\u00fcze y\u00f6nelik hangi sonu\u00e7lar\u0131 ortaya koymaktad\u0131r? Sizleri Konya ve \u00e7evresine ili\u015fkin bir\u00e7ok bilinmeyene, belge ve kaynaklar\u0131yla ula\u015ft\u0131racak, kahramanlar kadar hainleri de g\u00f6zler \u00f6n\u00fcne serecek, bir bilgi \u015f\u00f6lenine ho\u015f geldiniz!.. \u0130yi okumalar. <\/p>\n","protected":false},"excerpt":{"rendered":"<p>\u201cKonya benim dedelerimin \u00f6z vatan\u0131d\u0131r. Onlar, Rumeli\u2019ye Anadolu\u2019dan g\u00f6\u00e7m\u00fc\u015flerdir. Bunun Konya oldu\u011fu s\u00f6ylenir.\u2019\u2019 M. Kemal ATAT\u00dcRK Cumhuriyet d\u00f6neminin ilk Konya milletvekillerinden Naim Haz\u0131m Onat, dil \u00e7al\u0131\u015fmalar\u0131<span class=\"excerpt-hellip\"> [\u2026]<\/span><\/p>\n","protected":false},"featured_media":0,"template":"","meta":{"_monsterinsights_skip_tracking":false,"_monsterinsights_sitenote_active":false,"_monsterinsights_sitenote_note":"","_monsterinsights_sitenote_category":0},"product_brand":[],"product_cat":[12304],"product_tag":[],"class_list":{"0":"post-758544","1":"product","2":"type-product","3":"status-publish","5":"product_cat-tarih","6":"pa_cilt-ciltsiz","7":"pa_tur-kitap","8":"pa_yayinevi-galeati-yayincilik","9":"pa_yazar-yasar-aladag","11":"first","12":"instock","13":"sale","14":"shipping-taxable","15":"purchasable","16":"product-type-simple"},"_links":{"self":[{"href":"https:\/\/roveyayinevi.com.tr\/index.php\/wp-json\/wp\/v2\/product\/758544","targetHints":{"allow":["GET"]}}],"collection":[{"href":"https:\/\/roveyayinevi.com.tr\/index.php\/wp-json\/wp\/v2\/product"}],"about":[{"href":"https:\/\/roveyayinevi.com.tr\/index.php\/wp-json\/wp\/v2\/types\/product"}],"wp:attachment":[{"href":"https:\/\/roveyayinevi.com.tr\/index.php\/wp-json\/wp\/v2\/media?parent=758544"}],"wp:term":[{"taxonomy":"product_brand","embeddable":true,"href":"https:\/\/roveyayinevi.com.tr\/index.php\/wp-json\/wp\/v2\/product_brand?post=758544"},{"taxonomy":"product_cat","embeddable":true,"href":"https:\/\/roveyayinevi.com.tr\/index.php\/wp-json\/wp\/v2\/product_cat?post=758544"},{"taxonomy":"product_tag","embeddable":true,"href":"https:\/\/roveyayinevi.com.tr\/index.php\/wp-json\/wp\/v2\/product_tag?post=758544"}],"curies":[{"name":"wp","href":"https:\/\/api.w.org\/{rel}","templated":true}]}}