{"id":758538,"date":"2025-08-28T08:07:41","date_gmt":"2025-08-28T05:07:41","guid":{"rendered":"https:\/\/roveyayinevi.com.tr\/index.php\/urun\/kapimin-onu-uzay\/"},"modified":"2026-04-16T03:11:41","modified_gmt":"2026-04-16T00:11:41","slug":"kapimin-onu-uzay","status":"publish","type":"product","link":"https:\/\/roveyayinevi.com.tr\/index.php\/urun\/kapimin-onu-uzay\/","title":{"rendered":"Kap\u0131m\u0131n \u00d6n\u00fc Uzay"},"content":{"rendered":"<p>\u201cEtraf\u0131na bak Ako\u011flu. Denizde y\u00fcr\u00fcyen, a\u011fa\u00e7tan sokak lambalar\u0131 var ve ben onlara ra\u011fmen ye\u015fil bir a\u011fa\u00e7; bo\u011fulabilen bir insan olarak kalmak istiyorum.\u201d Arkada\u015f\u0131n\u0131n s\u0131rt\u0131n\u0131 s\u0131vazlad\u0131. Onun kendisini anlayaca\u011f\u0131n\u0131 biliyordu \u00e7\u00fcnk\u00fc. \u0130\u00e7i rahatt\u0131, daha do\u011frusu rahatlatm\u0131\u015ft\u0131 i\u00e7ini. G\u00fcl\u00fcmsedi son s\u00f6zlerini s\u00f6ylemeden \u00f6nce. \u201c\u00c7\u00fcnk\u00fc hissediyorum&#8230; Hissetmek istiyorum&#8230;\u201d \u0130ki arkada\u015f yollar\u0131na daha h\u0131zl\u0131 ad\u0131mlarla devam ettiler. Park\u0131n sonuna geldiklerinde sola d\u00f6nd\u00fcler. Ako\u011flu bilmese de o biliyordu d\u00f6nd\u00fckleri yolu. \u201cGidecek yeri olmayanlar\u0131n yolu!\u201d   Hi\u00e7 d\u00fc\u015f\u00fcnd\u00fcn\u00fcz m\u00fc en mutlu oldu\u011funuz an hangisi? Peki o an\u0131 tekrar ya\u015fama \u015fans\u0131n\u0131z olsayd\u0131? Tekrar, tekrar, tekrar\u2026 Gezegenler aras\u0131 bir yolculu\u011fa haz\u0131r olun. Tekrar, tekrar ve tekrar&#8230;   Ve unutmay\u0131n, hi\u00e7bir \u015fey imk\u00e2ns\u0131z de\u011fildir\u2026<\/p>\n","protected":false},"excerpt":{"rendered":"<p>\u201cEtraf\u0131na bak Ako\u011flu. Denizde y\u00fcr\u00fcyen, a\u011fa\u00e7tan sokak lambalar\u0131 var ve ben onlara ra\u011fmen ye\u015fil bir a\u011fa\u00e7; bo\u011fulabilen bir insan olarak kalmak istiyorum.\u201d Arkada\u015f\u0131n\u0131n s\u0131rt\u0131n\u0131 s\u0131vazlad\u0131. Onun<span class=\"excerpt-hellip\"> [\u2026]<\/span><\/p>\n","protected":false},"featured_media":0,"template":"","meta":{"_monsterinsights_skip_tracking":false,"_monsterinsights_sitenote_active":false,"_monsterinsights_sitenote_note":"","_monsterinsights_sitenote_category":0},"product_brand":[],"product_cat":[12540,12291],"product_tag":[],"class_list":{"0":"post-758538","1":"product","2":"type-product","3":"status-publish","5":"product_cat-bilim-kurgu","6":"product_cat-edebiyat","7":"pa_cilt-ciltsiz","8":"pa_tur-kitap","9":"pa_yayinevi-luna-yayinlari","10":"pa_yazar-okan-ucar","12":"first","13":"instock","14":"sale","15":"shipping-taxable","16":"purchasable","17":"product-type-simple"},"_links":{"self":[{"href":"https:\/\/roveyayinevi.com.tr\/index.php\/wp-json\/wp\/v2\/product\/758538","targetHints":{"allow":["GET"]}}],"collection":[{"href":"https:\/\/roveyayinevi.com.tr\/index.php\/wp-json\/wp\/v2\/product"}],"about":[{"href":"https:\/\/roveyayinevi.com.tr\/index.php\/wp-json\/wp\/v2\/types\/product"}],"wp:attachment":[{"href":"https:\/\/roveyayinevi.com.tr\/index.php\/wp-json\/wp\/v2\/media?parent=758538"}],"wp:term":[{"taxonomy":"product_brand","embeddable":true,"href":"https:\/\/roveyayinevi.com.tr\/index.php\/wp-json\/wp\/v2\/product_brand?post=758538"},{"taxonomy":"product_cat","embeddable":true,"href":"https:\/\/roveyayinevi.com.tr\/index.php\/wp-json\/wp\/v2\/product_cat?post=758538"},{"taxonomy":"product_tag","embeddable":true,"href":"https:\/\/roveyayinevi.com.tr\/index.php\/wp-json\/wp\/v2\/product_tag?post=758538"}],"curies":[{"name":"wp","href":"https:\/\/api.w.org\/{rel}","templated":true}]}}