{"id":758498,"date":"2025-08-28T08:06:35","date_gmt":"2025-08-28T05:06:35","guid":{"rendered":"https:\/\/roveyayinevi.com.tr\/index.php\/urun\/beyhan-saran-sahnelere-bir-armagan\/"},"modified":"2026-04-16T03:11:26","modified_gmt":"2026-04-16T00:11:26","slug":"beyhan-saran-sahnelere-bir-armagan","status":"publish","type":"product","link":"https:\/\/roveyayinevi.com.tr\/index.php\/urun\/beyhan-saran-sahnelere-bir-armagan\/","title":{"rendered":"Beyhan Saran \u2013 Sahnelere Bir Arma\u011fan"},"content":{"rendered":"<p>\u201c Koridordaki tela\u015fl\u0131 sesler salondaki izleyicinin merakl\u0131 ve kibar g\u00fcr\u00fclt\u00fcs\u00fcne kar\u0131\u015f\u0131yordu. Makyaj\u0131n\u0131 tamamlayan, kost\u00fcm\u00fcn\u00fc giyen Beyhan \u00e7evresi sar\u0131 lambalarla donat\u0131lm\u0131\u015f aynaya son kez bakt\u0131. K\u0131sa sa\u00e7lar\u0131n\u0131 eliyle \u015f\u00f6yle bir d\u00fczeltti ve aynaya g\u00fcl\u00fcmsedi, art\u0131k haz\u0131rd\u0131. Her zamanki gibi erkenden kulisten \u00e7\u0131kt\u0131 ve sahne arkas\u0131na gitti. Kim bilir ka\u00e7 kez g\u00f6rd\u00fc\u011f\u00fc sahne perdesini eliyle tuttu. Kadife kuma\u015f\u0131n yumu\u015fakl\u0131\u011f\u0131 parmak u\u00e7lar\u0131ndan bedenine yay\u0131ld\u0131. Birka\u00e7 dakika \u00f6nceki heyecan\u0131 ve gerginli\u011fi art\u0131k silinmi\u015fti. F\u0131s\u0131lt\u0131dan biraz y\u00fcksek bir ses duyuldu: &#8211;           Beyhan ? Bu sese kar\u015f\u0131l\u0131k cevap gelmedi. \u00c7\u00fcnk\u00fc perde arkas\u0131ndaki art\u0131k Beyhan de\u011fildi. \u201c Ferhunde Han\u0131mlar dizisi ile haf\u0131zalar\u0131m\u0131zda yer edinen, tiyatro ve televizyonun \u00f6nemli sanat\u00e7\u0131s\u0131 Beyhan Saran, y\u0131llarca sahnede ve ekranda onlarca kad\u0131na hayat verdi. Oynad\u0131\u011f\u0131 rollerde kendini geri planda tutmay\u0131 d\u00fcstur edindi. Y\u0131llar sonra bu kez sahnede Beyhan Saran var. Beyhan Saran\u2019\u0131n ba\u015far\u0131l\u0131 ve renkli ya\u015fam\u0131n\u0131 okurken, tiyatro ve televizyon tarihimizin bir d\u00f6nemine de tan\u0131kl\u0131k edeceksiniz. <\/p>\n","protected":false},"excerpt":{"rendered":"<p>\u201c Koridordaki tela\u015fl\u0131 sesler salondaki izleyicinin merakl\u0131 ve kibar g\u00fcr\u00fclt\u00fcs\u00fcne kar\u0131\u015f\u0131yordu. Makyaj\u0131n\u0131 tamamlayan, kost\u00fcm\u00fcn\u00fc giyen Beyhan \u00e7evresi sar\u0131 lambalarla donat\u0131lm\u0131\u015f aynaya son kez bakt\u0131. K\u0131sa sa\u00e7lar\u0131n\u0131<span class=\"excerpt-hellip\"> [\u2026]<\/span><\/p>\n","protected":false},"featured_media":0,"template":"","meta":{"_monsterinsights_skip_tracking":false,"_monsterinsights_sitenote_active":false,"_monsterinsights_sitenote_note":"","_monsterinsights_sitenote_category":0},"product_brand":[],"product_cat":[14009,12291],"product_tag":[],"class_list":{"0":"post-758498","1":"product","2":"type-product","3":"status-publish","5":"product_cat-biyografi-otobiyografi-edebiyat","6":"product_cat-edebiyat","7":"pa_cilt-ciltsiz","8":"pa_tur-kitap","9":"pa_yayinevi-pankus-yayinlari","10":"pa_yazar-tolgahan-vurgun","12":"first","13":"instock","14":"sale","15":"shipping-taxable","16":"purchasable","17":"product-type-simple"},"_links":{"self":[{"href":"https:\/\/roveyayinevi.com.tr\/index.php\/wp-json\/wp\/v2\/product\/758498","targetHints":{"allow":["GET"]}}],"collection":[{"href":"https:\/\/roveyayinevi.com.tr\/index.php\/wp-json\/wp\/v2\/product"}],"about":[{"href":"https:\/\/roveyayinevi.com.tr\/index.php\/wp-json\/wp\/v2\/types\/product"}],"wp:attachment":[{"href":"https:\/\/roveyayinevi.com.tr\/index.php\/wp-json\/wp\/v2\/media?parent=758498"}],"wp:term":[{"taxonomy":"product_brand","embeddable":true,"href":"https:\/\/roveyayinevi.com.tr\/index.php\/wp-json\/wp\/v2\/product_brand?post=758498"},{"taxonomy":"product_cat","embeddable":true,"href":"https:\/\/roveyayinevi.com.tr\/index.php\/wp-json\/wp\/v2\/product_cat?post=758498"},{"taxonomy":"product_tag","embeddable":true,"href":"https:\/\/roveyayinevi.com.tr\/index.php\/wp-json\/wp\/v2\/product_tag?post=758498"}],"curies":[{"name":"wp","href":"https:\/\/api.w.org\/{rel}","templated":true}]}}