{"id":758480,"date":"2025-08-28T08:06:04","date_gmt":"2025-08-28T05:06:04","guid":{"rendered":"https:\/\/roveyayinevi.com.tr\/index.php\/urun\/sosyal-bilimler-perspektifinden-aleviler-ve-alevilik-2\/"},"modified":"2026-01-29T03:49:04","modified_gmt":"2026-01-29T00:49:04","slug":"sosyal-bilimler-perspektifinden-aleviler-ve-alevilik-2","status":"publish","type":"product","link":"https:\/\/roveyayinevi.com.tr\/index.php\/urun\/sosyal-bilimler-perspektifinden-aleviler-ve-alevilik-2\/","title":{"rendered":"Sosyal Bilimler Perspektifinden Aleviler Ve Alevilik \u20132"},"content":{"rendered":"<p>As\u0131rlar boyunca reddedilen, ink\u00e2r edilen, k\u0131y\u0131lan ya da asimilasyon ama\u00e7l\u0131 \u00e7al\u0131\u015fmalara konu olan Alevilik, yakla\u015f\u0131k yar\u0131m y\u00fczy\u0131ld\u0131r \u00fczerindeki perdenin aralanmas\u0131n\u0131 bir \u00f6l\u00e7\u00fcde sa\u011flad\u0131. Bug\u00fcn, tarihten teolojiye, sosyolojiden siyaset bilimine uzanan geni\u015f bir yelpazede k\u0131sa say\u0131labilecek bir s\u00fcrede hat\u0131r\u0131 say\u0131l\u0131r bir literat\u00fcr olu\u015fturdu, olu\u015fturuyor. Alevilik, iyi e\u011fitimli, \u00e7o\u011fu \u201ci\u00e7eriden\u201d gen\u00e7 nesiller arac\u0131l\u0131\u011f\u0131 ile \u00f6zg\u00fcr, ba\u011f\u0131ms\u0131z ve \u00f6zg\u00fcn bak\u0131\u015f a\u00e7\u0131lar\u0131 kazand\u0131. Denilebilir ki, Aleviler art\u0131k kendi tarihlerini yaz\u0131yorlar.   Elinizdeki kitap bu gelene\u011fin bir \u00fcr\u00fcn\u00fc ve \u00f6rne\u011fidir. GADEV Alevi Akademisi taraf\u0131ndan ger\u00e7ekle\u015ftirilen Sosyal Bilimler Perspektifinden Aleviler ve Alevilik II e\u011fitim program\u0131n\u0131n felsefe, tarih, haf\u0131za, inan\u00e7, modernle\u015fme, mek\u00e2n, siyaset, kentle\u015fme alanlar\u0131nda konunun uzmanlar\u0131 taraf\u0131ndan verilen derslerin metinlerini i\u00e7eriyor. Kitap, Alevilere ve Alevili\u011fe ilgi duyanlara, Alevili\u011fin tarihsel, inan\u00e7sal, siyasal, k\u00fclt\u00fcrel ve d\u00fc\u015f\u00fcnsel d\u00fcnyas\u0131 hakk\u0131nda okuyucuya farkl\u0131 ve geni\u015f bir perspektiften bakma olana\u011f\u0131 tan\u0131yor. <\/p>\n","protected":false},"excerpt":{"rendered":"<p>As\u0131rlar boyunca reddedilen, ink\u00e2r edilen, k\u0131y\u0131lan ya da asimilasyon ama\u00e7l\u0131 \u00e7al\u0131\u015fmalara konu olan Alevilik, yakla\u015f\u0131k yar\u0131m y\u00fczy\u0131ld\u0131r \u00fczerindeki perdenin aralanmas\u0131n\u0131 bir \u00f6l\u00e7\u00fcde sa\u011flad\u0131. Bug\u00fcn, tarihten teolojiye,<span class=\"excerpt-hellip\"> [\u2026]<\/span><\/p>\n","protected":false},"featured_media":0,"template":"","meta":{"_monsterinsights_skip_tracking":false,"_monsterinsights_sitenote_active":false,"_monsterinsights_sitenote_note":"","_monsterinsights_sitenote_category":0},"product_brand":[],"product_cat":[13575,12718,12719],"product_tag":[],"class_list":{"0":"post-758480","1":"product","2":"type-product","3":"status-publish","5":"product_cat-alevilik-bektasilik","6":"product_cat-din","7":"product_cat-islam","8":"pa_cilt-ciltsiz","9":"pa_tur-kitap","10":"pa_yayinevi-utopya-yayinevi","11":"pa_yazar-kolektif","13":"first","14":"instock","15":"sale","16":"shipping-taxable","17":"purchasable","18":"product-type-simple"},"_links":{"self":[{"href":"https:\/\/roveyayinevi.com.tr\/index.php\/wp-json\/wp\/v2\/product\/758480","targetHints":{"allow":["GET"]}}],"collection":[{"href":"https:\/\/roveyayinevi.com.tr\/index.php\/wp-json\/wp\/v2\/product"}],"about":[{"href":"https:\/\/roveyayinevi.com.tr\/index.php\/wp-json\/wp\/v2\/types\/product"}],"wp:attachment":[{"href":"https:\/\/roveyayinevi.com.tr\/index.php\/wp-json\/wp\/v2\/media?parent=758480"}],"wp:term":[{"taxonomy":"product_brand","embeddable":true,"href":"https:\/\/roveyayinevi.com.tr\/index.php\/wp-json\/wp\/v2\/product_brand?post=758480"},{"taxonomy":"product_cat","embeddable":true,"href":"https:\/\/roveyayinevi.com.tr\/index.php\/wp-json\/wp\/v2\/product_cat?post=758480"},{"taxonomy":"product_tag","embeddable":true,"href":"https:\/\/roveyayinevi.com.tr\/index.php\/wp-json\/wp\/v2\/product_tag?post=758480"}],"curies":[{"name":"wp","href":"https:\/\/api.w.org\/{rel}","templated":true}]}}