{"id":758479,"date":"2025-08-28T08:06:03","date_gmt":"2025-08-28T05:06:03","guid":{"rendered":"https:\/\/roveyayinevi.com.tr\/index.php\/urun\/muslumanlik-felsefesinin-dogus-tarihi\/"},"modified":"2026-01-29T03:49:04","modified_gmt":"2026-01-29T00:49:04","slug":"muslumanlik-felsefesinin-dogus-tarihi","status":"publish","type":"product","link":"https:\/\/roveyayinevi.com.tr\/index.php\/urun\/muslumanlik-felsefesinin-dogus-tarihi\/","title":{"rendered":"M\u00fcsl\u00fcmanl\u0131k Felsefesinin Do\u011fu\u015f Tarihi"},"content":{"rendered":"<p>M\u00fcsl\u00fcmanl\u0131\u011f\u0131n bir felsefe olarak adland\u0131r\u0131lmas\u0131 bir\u00e7ok insana do\u011fru gelmeyebilir. Ne var ki, M\u00fcsl\u00fcmanl\u0131k bir felsefedir. Belirli bir d\u00fcnya g\u00f6r\u00fc\u015f\u00fcn\u00fc ifade eder. Her d\u00fcnya g\u00f6r\u00fc\u015f\u00fc bir felsefedir. Dinsel inan\u0131\u015flar, dinsel g\u00f6r\u00fc\u015fler bir felsefedir. M\u00fcsl\u00fcmanl\u0131k felsefesi, hem ya\u015fad\u0131\u011f\u0131m\u0131z d\u00fcnyayla ilgili hem de varsayd\u0131\u011f\u0131 \u00f6teki d\u00fcnyayla ilgili g\u00f6r\u00fc\u015fleri i\u00e7erir. Her felsefe d\u00fcnyaya, topluma, toplumdaki d\u00fc\u015f\u00fcncelere farkl\u0131 g\u00f6zlerle bakar. M\u00fcsl\u00fcmanl\u0131\u011f\u0131n felsefesini anlayabilmek i\u00e7in onun do\u011fu\u015funu, geli\u015fimini, tamamlanmas\u0131n\u0131 diyalektik y\u00f6ntemle incelemek gerekir. Bu \u00e7al\u0131\u015fman\u0131n \u00f6zelli\u011fi, diyalektik y\u00f6ntemle M\u00fcsl\u00fcmanl\u0131k felsefesinin geli\u015fim s\u00fcrecini analiz etmesidir. M\u00fcsl\u00fcmanl\u0131k bir felsefedir; ama idealist bir felsefedir. Her idealist felsefenin de bir tarihsel geli\u015fim yolu vard\u0131r. Bug\u00fcnk\u00fc M\u00fcsl\u00fcmanl\u0131k felsefesini ger\u00e7e\u011fine uygun alg\u0131layabilmek i\u00e7in tarihin derinliklerine inmek gerekir. Bu felsefenin geli\u015fme ko\u015fullar\u0131 kavranmadan onun hakk\u0131nda ileri s\u00fcr\u00fclen g\u00f6r\u00fc\u015fler bilimsel temele oturamaz. <\/p>\n","protected":false},"excerpt":{"rendered":"<p>M\u00fcsl\u00fcmanl\u0131\u011f\u0131n bir felsefe olarak adland\u0131r\u0131lmas\u0131 bir\u00e7ok insana do\u011fru gelmeyebilir. Ne var ki, M\u00fcsl\u00fcmanl\u0131k bir felsefedir. Belirli bir d\u00fcnya g\u00f6r\u00fc\u015f\u00fcn\u00fc ifade eder. Her d\u00fcnya g\u00f6r\u00fc\u015f\u00fc bir felsefedir.<span class=\"excerpt-hellip\"> [\u2026]<\/span><\/p>\n","protected":false},"featured_media":0,"template":"","meta":{"_monsterinsights_skip_tracking":false,"_monsterinsights_sitenote_active":false,"_monsterinsights_sitenote_note":"","_monsterinsights_sitenote_category":0},"product_brand":[],"product_cat":[16038,12388],"product_tag":[],"class_list":{"0":"post-758479","1":"product","2":"type-product","3":"status-publish","5":"product_cat-arastirma-inceleme-referans-felsefe","6":"product_cat-felsefe","7":"pa_cilt-ciltsiz","8":"pa_tur-kitap","9":"pa_yayinevi-utopya-yayinevi","10":"pa_yazar-mehmet-inanc-turan","12":"first","13":"instock","14":"sale","15":"shipping-taxable","16":"purchasable","17":"product-type-simple"},"_links":{"self":[{"href":"https:\/\/roveyayinevi.com.tr\/index.php\/wp-json\/wp\/v2\/product\/758479","targetHints":{"allow":["GET"]}}],"collection":[{"href":"https:\/\/roveyayinevi.com.tr\/index.php\/wp-json\/wp\/v2\/product"}],"about":[{"href":"https:\/\/roveyayinevi.com.tr\/index.php\/wp-json\/wp\/v2\/types\/product"}],"wp:attachment":[{"href":"https:\/\/roveyayinevi.com.tr\/index.php\/wp-json\/wp\/v2\/media?parent=758479"}],"wp:term":[{"taxonomy":"product_brand","embeddable":true,"href":"https:\/\/roveyayinevi.com.tr\/index.php\/wp-json\/wp\/v2\/product_brand?post=758479"},{"taxonomy":"product_cat","embeddable":true,"href":"https:\/\/roveyayinevi.com.tr\/index.php\/wp-json\/wp\/v2\/product_cat?post=758479"},{"taxonomy":"product_tag","embeddable":true,"href":"https:\/\/roveyayinevi.com.tr\/index.php\/wp-json\/wp\/v2\/product_tag?post=758479"}],"curies":[{"name":"wp","href":"https:\/\/api.w.org\/{rel}","templated":true}]}}