{"id":758472,"date":"2025-08-28T08:05:52","date_gmt":"2025-08-28T05:05:52","guid":{"rendered":"https:\/\/roveyayinevi.com.tr\/index.php\/urun\/ay-anne-bak-ay-icimden-dolaniyor\/"},"modified":"2026-04-16T03:11:25","modified_gmt":"2026-04-16T00:11:25","slug":"ay-anne-bak-ay-icimden-dolaniyor","status":"publish","type":"product","link":"https:\/\/roveyayinevi.com.tr\/index.php\/urun\/ay-anne-bak-ay-icimden-dolaniyor\/","title":{"rendered":"Ay Anne Bak Ay \u0130\u00e7imden Dolan\u0131yor"},"content":{"rendered":"<p>Nehir yedi ya\u015f\u0131nda. Okulla tan\u0131\u015fmas\u0131n\u0131n neredeyse hemen ertesinde s\u00f6kt\u00fc okumay\u0131. Yazmay\u0131 da. Derken ba\u015fkanl\u0131k se\u00e7imine de girdi. Ve\u2026 epey bir oy farkla se\u00e7ildi de. Babas\u0131, \u015fa\u015fk\u0131n, nas\u0131l ba\u015fard\u0131\u011f\u0131n\u0131 sordu. \u201cZor olmad\u0131.\u201d Dedi Nehir. \u201cOkula Havuz yapt\u0131raca\u011f\u0131m dedim se\u00e7tiler.\u201d Babas\u0131 art\u0131k \u201cba\u015fkan\u0131m\u201d diye sesleniyor Nehir\u2019e\u2026 Nehir\u2019in umurunda m\u0131, g\u00fcl\u00fcp ge\u00e7iyor. Size de tan\u0131d\u0131k geldi mi Nehir\u2019in \u00f6yk\u00fcs\u00fc? \u00d6tekilerin de yabanc\u0131s\u0131 de\u011filsiniz! \u201c\u00c7ocuklardan \u00e7ald\u0131\u011f\u0131m \u00d6yk\u00fcler\u201d, 100 yeni \u00f6yk\u00fcyle yeniden \u00e7al\u0131yor kap\u0131n\u0131z\u0131\u2026 <\/p>\n","protected":false},"excerpt":{"rendered":"<p>Nehir yedi ya\u015f\u0131nda. Okulla tan\u0131\u015fmas\u0131n\u0131n neredeyse hemen ertesinde s\u00f6kt\u00fc okumay\u0131. Yazmay\u0131 da. Derken ba\u015fkanl\u0131k se\u00e7imine de girdi. Ve\u2026 epey bir oy farkla se\u00e7ildi de. Babas\u0131, \u015fa\u015fk\u0131n,<span class=\"excerpt-hellip\"> [\u2026]<\/span><\/p>\n","protected":false},"featured_media":0,"template":"","meta":{"_monsterinsights_skip_tracking":false,"_monsterinsights_sitenote_active":false,"_monsterinsights_sitenote_note":"","_monsterinsights_sitenote_category":0},"product_brand":[],"product_cat":[12274,12284],"product_tag":[],"class_list":{"0":"post-758472","1":"product","2":"type-product","3":"status-publish","5":"product_cat-cocuk-ve-genclik-kitaplari","6":"product_cat-hikayeler","7":"pa_cilt-ciltsiz","8":"pa_tur-kitap","9":"pa_yayinevi-cumhuriyet-kitaplari","10":"pa_yazar-bekir-yurdakul","12":"first","13":"instock","14":"sale","15":"shipping-taxable","16":"purchasable","17":"product-type-simple"},"_links":{"self":[{"href":"https:\/\/roveyayinevi.com.tr\/index.php\/wp-json\/wp\/v2\/product\/758472","targetHints":{"allow":["GET"]}}],"collection":[{"href":"https:\/\/roveyayinevi.com.tr\/index.php\/wp-json\/wp\/v2\/product"}],"about":[{"href":"https:\/\/roveyayinevi.com.tr\/index.php\/wp-json\/wp\/v2\/types\/product"}],"wp:attachment":[{"href":"https:\/\/roveyayinevi.com.tr\/index.php\/wp-json\/wp\/v2\/media?parent=758472"}],"wp:term":[{"taxonomy":"product_brand","embeddable":true,"href":"https:\/\/roveyayinevi.com.tr\/index.php\/wp-json\/wp\/v2\/product_brand?post=758472"},{"taxonomy":"product_cat","embeddable":true,"href":"https:\/\/roveyayinevi.com.tr\/index.php\/wp-json\/wp\/v2\/product_cat?post=758472"},{"taxonomy":"product_tag","embeddable":true,"href":"https:\/\/roveyayinevi.com.tr\/index.php\/wp-json\/wp\/v2\/product_tag?post=758472"}],"curies":[{"name":"wp","href":"https:\/\/api.w.org\/{rel}","templated":true}]}}