{"id":758464,"date":"2025-08-28T08:05:40","date_gmt":"2025-08-28T05:05:40","guid":{"rendered":"https:\/\/roveyayinevi.com.tr\/index.php\/urun\/tekniklerde-icat\/"},"modified":"2026-04-16T03:11:25","modified_gmt":"2026-04-16T00:11:25","slug":"tekniklerde-icat","status":"publish","type":"product","link":"https:\/\/roveyayinevi.com.tr\/index.php\/urun\/tekniklerde-icat\/","title":{"rendered":"Tekniklerde \u0130cat"},"content":{"rendered":"<p>Canguilhem ve Deleuze gibi isimler i\u00e7in \u00f6nemli oldu\u011fu, hatta onlar\u0131 etkiledi\u011fi bilinen Gilbert Simondon&#8217;un d\u00fc\u015f\u00fcncesi son y\u0131llarda d\u00fcnya \u00e7ap\u0131nda yeniden ilgi g\u00f6rmeye ba\u015flad\u0131. Bu derlemede, onu tamamlayan di\u011fer derslerle birlikte yay\u0131mlad\u0131\u011f\u0131m\u0131z 1968 tarihli me\u015fhur \u201cTekniklerin \u0130cad\u0131 ve Geli\u015fimi\u201d isimli ders, 1958 tarihli \u201cTeknik Nesnelerin Varolu\u015f Modalitesi\u201d isimli incelemeyi, \u00e7izimler ve engin bir tarihsel bak\u0131\u015f sunarak epeyce zenginle\u015ftiriyor. Teknik nesneyi hem yap\u0131s\u0131 ve i\u015flevi hem de jenezi ve icad\u0131 bak\u0131m\u0131ndan inceliyor. Bu bak\u0131\u015f a\u00e7\u0131s\u0131, insanl\u0131\u011f\u0131n geli\u015fiminde ve tarihinde teknolojinin yerini belirlememizi ve teknolojinin kendi \u201cd\u0131\u015fsal\u201d sosyo-ekonomik nedenlerinden ilkesel \u00f6zerkli\u011fini, hatta belli d\u00f6nemlerde bilimden ba\u011f\u0131ms\u0131z olu\u015funu a\u00e7\u0131\u011fa \u00e7\u0131karmam\u0131z\u0131 sa\u011flar: teknoloji salt bilimin uygulanmas\u0131 de\u011fildir. Teknik nesnenin \u00f6zerkli\u011fini temin eden icatt\u0131r: \u201cTeknik yarat\u0131mlar icat sayesinde ortaya \u00e7\u0131kar,\u201d (1971).  Bu ifadeyi g\u00fc\u00e7l\u00fc bir tez olarak ele almak gerekir, ki icad\u0131n yarat\u0131c\u0131l\u0131k veya ke\u015fif ile kar\u0131\u015ft\u0131r\u0131lmamas\u0131 ve sorun-\u00e7\u00f6zme s\u00fcreci olarak incelenmesi gerekti\u011fini \u00f6ne s\u00fcrer. \u201cYeninin i\u015flevine\u201d dair bu inceleme, tekniklerin geli\u015fimini ve tarihini anlamak a\u00e7\u0131s\u0131ndan elzemdir. <\/p>\n","protected":false},"excerpt":{"rendered":"<p>Canguilhem ve Deleuze gibi isimler i\u00e7in \u00f6nemli oldu\u011fu, hatta onlar\u0131 etkiledi\u011fi bilinen Gilbert Simondon&#8217;un d\u00fc\u015f\u00fcncesi son y\u0131llarda d\u00fcnya \u00e7ap\u0131nda yeniden ilgi g\u00f6rmeye ba\u015flad\u0131. Bu derlemede, onu<span class=\"excerpt-hellip\"> [\u2026]<\/span><\/p>\n","protected":false},"featured_media":0,"template":"","meta":{"_monsterinsights_skip_tracking":false,"_monsterinsights_sitenote_active":false,"_monsterinsights_sitenote_note":"","_monsterinsights_sitenote_category":0},"product_brand":[],"product_cat":[16038,12388],"product_tag":[],"class_list":{"0":"post-758464","1":"product","2":"type-product","3":"status-publish","5":"product_cat-arastirma-inceleme-referans-felsefe","6":"product_cat-felsefe","7":"pa_cilt-ciltsiz","8":"pa_tur-kitap","9":"pa_yayinevi-inka-yayinlari","10":"pa_yazar-gilbert-simondon","12":"first","13":"instock","14":"sale","15":"shipping-taxable","16":"purchasable","17":"product-type-simple"},"_links":{"self":[{"href":"https:\/\/roveyayinevi.com.tr\/index.php\/wp-json\/wp\/v2\/product\/758464","targetHints":{"allow":["GET"]}}],"collection":[{"href":"https:\/\/roveyayinevi.com.tr\/index.php\/wp-json\/wp\/v2\/product"}],"about":[{"href":"https:\/\/roveyayinevi.com.tr\/index.php\/wp-json\/wp\/v2\/types\/product"}],"wp:attachment":[{"href":"https:\/\/roveyayinevi.com.tr\/index.php\/wp-json\/wp\/v2\/media?parent=758464"}],"wp:term":[{"taxonomy":"product_brand","embeddable":true,"href":"https:\/\/roveyayinevi.com.tr\/index.php\/wp-json\/wp\/v2\/product_brand?post=758464"},{"taxonomy":"product_cat","embeddable":true,"href":"https:\/\/roveyayinevi.com.tr\/index.php\/wp-json\/wp\/v2\/product_cat?post=758464"},{"taxonomy":"product_tag","embeddable":true,"href":"https:\/\/roveyayinevi.com.tr\/index.php\/wp-json\/wp\/v2\/product_tag?post=758464"}],"curies":[{"name":"wp","href":"https:\/\/api.w.org\/{rel}","templated":true}]}}