{"id":758444,"date":"2025-08-28T08:05:07","date_gmt":"2025-08-28T05:05:07","guid":{"rendered":"https:\/\/roveyayinevi.com.tr\/index.php\/urun\/casuslar\/"},"modified":"2026-04-16T03:11:24","modified_gmt":"2026-04-16T00:11:24","slug":"casuslar","status":"publish","type":"product","link":"https:\/\/roveyayinevi.com.tr\/index.php\/urun\/casuslar\/","title":{"rendered":"Casuslar"},"content":{"rendered":"<p>Hi\u00e7bir casusun kartvizitinde \u201ccasus\u201d yazmaz! Casusluk d\u00fcnyan\u0131n en eski meslekleri aras\u0131ndad\u0131r. \u00c7ok eski d\u00f6nemlerden beri, sava\u015flar ve toplumlar aras\u0131ndaki \u00e7at\u0131\u015fmalar s\u00fcrd\u00fc\u011f\u00fcnden bu yana varl\u0131\u011f\u0131n\u0131 korumu\u015ftur ve casuslu\u011fa olan ihtiya\u00e7 hi\u00e7 t\u00fckenmemi\u015ftir. Bundan sonra da \u00f6yle olacakt\u0131r. Kendine \u00f6zg\u00fc \u015fartlar\u0131 ve kurallar\u0131 olan bu meslek, do\u011fas\u0131 gere\u011fi karma\u015f\u0131k ve risklidir. \u0130\u015fler \u201ccasusluk filmleri\u201dnde s\u00fcslendi\u011fi gibi de\u011fildir. Kad\u0131nlar\u0131 cezbeden \u201c007 James Bond\u201d imaj\u0131 \u00e7o\u011funlukla ge\u00e7ersizdir. \u0130\u015fte elinizdeki kitapta hem bu alan\u0131n tarihini, temel kavramlar\u0131n\u0131, mant\u0131\u011f\u0131n\u0131, \u00e7e\u015fitlili\u011fini, istihbarat teknolojisini hem de bu yola ba\u015f koymu\u015f isimleri ve onlar\u0131n ya\u015fad\u0131klar\u0131 \u00f6nemli olaylar\u0131 bulacaks\u0131n\u0131z. H\u00e2lihaz\u0131rda d\u00fcnyada ve \u00fclkemizde s\u00fcren \u201cderin sava\u015f\u201d\u0131n t\u00fcrl\u00fc maskeler alt\u0131nda kamufle olmu\u015f neferlerinin i\u00e7imizde bir yerlerde yuvaland\u0131klar\u0131n\u0131 unutmay\u0131n! <\/p>\n","protected":false},"excerpt":{"rendered":"<p>Hi\u00e7bir casusun kartvizitinde \u201ccasus\u201d yazmaz! Casusluk d\u00fcnyan\u0131n en eski meslekleri aras\u0131ndad\u0131r. \u00c7ok eski d\u00f6nemlerden beri, sava\u015flar ve toplumlar aras\u0131ndaki \u00e7at\u0131\u015fmalar s\u00fcrd\u00fc\u011f\u00fcnden bu yana varl\u0131\u011f\u0131n\u0131 korumu\u015ftur ve<span class=\"excerpt-hellip\"> [\u2026]<\/span><\/p>\n","protected":false},"featured_media":0,"template":"","meta":{"_monsterinsights_skip_tracking":false,"_monsterinsights_sitenote_active":false,"_monsterinsights_sitenote_note":"","_monsterinsights_sitenote_category":0},"product_brand":[],"product_cat":[13590,12337],"product_tag":[],"class_list":{"0":"post-758444","1":"product","2":"type-product","3":"status-publish","5":"product_cat-arastirma-inceleme-politika-siyaset","6":"product_cat-politika-siyaset","7":"pa_cilt-ciltsiz","8":"pa_tur-kitap","9":"pa_yayinevi-profil-kitap","10":"pa_yazar-atilla-akar","12":"first","13":"instock","14":"sale","15":"shipping-taxable","16":"purchasable","17":"product-type-simple"},"_links":{"self":[{"href":"https:\/\/roveyayinevi.com.tr\/index.php\/wp-json\/wp\/v2\/product\/758444","targetHints":{"allow":["GET"]}}],"collection":[{"href":"https:\/\/roveyayinevi.com.tr\/index.php\/wp-json\/wp\/v2\/product"}],"about":[{"href":"https:\/\/roveyayinevi.com.tr\/index.php\/wp-json\/wp\/v2\/types\/product"}],"wp:attachment":[{"href":"https:\/\/roveyayinevi.com.tr\/index.php\/wp-json\/wp\/v2\/media?parent=758444"}],"wp:term":[{"taxonomy":"product_brand","embeddable":true,"href":"https:\/\/roveyayinevi.com.tr\/index.php\/wp-json\/wp\/v2\/product_brand?post=758444"},{"taxonomy":"product_cat","embeddable":true,"href":"https:\/\/roveyayinevi.com.tr\/index.php\/wp-json\/wp\/v2\/product_cat?post=758444"},{"taxonomy":"product_tag","embeddable":true,"href":"https:\/\/roveyayinevi.com.tr\/index.php\/wp-json\/wp\/v2\/product_tag?post=758444"}],"curies":[{"name":"wp","href":"https:\/\/api.w.org\/{rel}","templated":true}]}}