{"id":758436,"date":"2025-08-28T08:04:52","date_gmt":"2025-08-28T05:04:52","guid":{"rendered":"https:\/\/roveyayinevi.com.tr\/index.php\/urun\/boyayalim-eglenelim-ayi\/"},"modified":"2026-04-16T03:11:24","modified_gmt":"2026-04-16T00:11:24","slug":"boyayalim-eglenelim-ayi","status":"publish","type":"product","link":"https:\/\/roveyayinevi.com.tr\/index.php\/urun\/boyayalim-eglenelim-ayi\/","title":{"rendered":"Boyayal\u0131m E\u011flenelim &#8211; Ay\u0131"},"content":{"rendered":"<p>\u201cBoyayal\u0131m E\u011flenelim\u201d serisi, \u00e7ocu\u011funuzun ya\u015f\u0131na uygun \u00e7izgilerle \u00e7e\u015fit \u00e7e\u015fit hayvanlar\u0131 boyayarak e\u011flenmesi i\u00e7in haz\u0131rland\u0131. Haydi e\u011flence ba\u015flas\u0131n\u2026 <\/p>\n","protected":false},"excerpt":{"rendered":"<p>\u201cBoyayal\u0131m E\u011flenelim\u201d serisi, \u00e7ocu\u011funuzun ya\u015f\u0131na uygun \u00e7izgilerle \u00e7e\u015fit \u00e7e\u015fit hayvanlar\u0131 boyayarak e\u011flenmesi i\u00e7in haz\u0131rland\u0131. Haydi e\u011flence ba\u015flas\u0131n\u2026<\/p>\n","protected":false},"featured_media":0,"template":"","meta":{"_monsterinsights_skip_tracking":false,"_monsterinsights_sitenote_active":false,"_monsterinsights_sitenote_note":"","_monsterinsights_sitenote_category":0},"product_brand":[],"product_cat":[12644,12274],"product_tag":[],"class_list":{"0":"post-758436","1":"product","2":"type-product","3":"status-publish","5":"product_cat-boyama-kitaplari","6":"product_cat-cocuk-ve-genclik-kitaplari","7":"pa_cilt-ciltsiz","8":"pa_tur-kitap","9":"pa_yayinevi-parilti-yayinlari","10":"pa_yazar-kolektif","12":"first","13":"instock","14":"sale","15":"shipping-taxable","16":"purchasable","17":"product-type-simple"},"_links":{"self":[{"href":"https:\/\/roveyayinevi.com.tr\/index.php\/wp-json\/wp\/v2\/product\/758436","targetHints":{"allow":["GET"]}}],"collection":[{"href":"https:\/\/roveyayinevi.com.tr\/index.php\/wp-json\/wp\/v2\/product"}],"about":[{"href":"https:\/\/roveyayinevi.com.tr\/index.php\/wp-json\/wp\/v2\/types\/product"}],"wp:attachment":[{"href":"https:\/\/roveyayinevi.com.tr\/index.php\/wp-json\/wp\/v2\/media?parent=758436"}],"wp:term":[{"taxonomy":"product_brand","embeddable":true,"href":"https:\/\/roveyayinevi.com.tr\/index.php\/wp-json\/wp\/v2\/product_brand?post=758436"},{"taxonomy":"product_cat","embeddable":true,"href":"https:\/\/roveyayinevi.com.tr\/index.php\/wp-json\/wp\/v2\/product_cat?post=758436"},{"taxonomy":"product_tag","embeddable":true,"href":"https:\/\/roveyayinevi.com.tr\/index.php\/wp-json\/wp\/v2\/product_tag?post=758436"}],"curies":[{"name":"wp","href":"https:\/\/api.w.org\/{rel}","templated":true}]}}