{"id":758411,"date":"2025-08-28T08:03:36","date_gmt":"2025-08-28T05:03:36","guid":{"rendered":"https:\/\/roveyayinevi.com.tr\/index.php\/urun\/benimle-gel\/"},"modified":"2026-04-16T03:11:24","modified_gmt":"2026-04-16T00:11:24","slug":"benimle-gel","status":"publish","type":"product","link":"https:\/\/roveyayinevi.com.tr\/index.php\/urun\/benimle-gel\/","title":{"rendered":"Benimle Gel"},"content":{"rendered":"<p>Her ne kadar \u00f6nemsiz g\u00f6r\u00fcn\u00fcrse g\u00f6r\u00fcns\u00fcn, bu hayattaki rol\u00fcn\u00fcz d\u00fcnya i\u00e7in \u00f6nemlidir. Haberler \u00f6fke ve nefreti anlat\u0131p dururken, k\u00fc\u00e7\u00fck k\u0131z ailesine d\u00fcnyay\u0131 daha iyi bir yer h\u00e2line getirebilmek i\u00e7in neler yapabilece\u011fini sorar.\u201cBenimle gel,\u201d der babas\u0131. \u201c Benimle gel,\u201d der annesi. B\u00f6ylece k\u00fc\u00e7\u00fck k\u0131z, her ne kadar ufak gibi g\u00f6r\u00fcnse de kendi rol\u00fcn\u00fcn d\u00fcnya i\u00e7in ne kadar \u00f6nemli oldu\u011funu anlamaya ba\u015flar. Yazar Holly M. McGhee ve ill\u00fcstrat\u00f6r Pascal Lema\u00eetre, ho\u015fg\u00f6r\u00fcs\u00fczl\u00fck ve belirsizlik kar\u015f\u0131s\u0131nda iyili\u011fin, cesaretin ve dostlu\u011fun g\u00fc\u00e7l\u00fc hik\u00e2yesini dile getiriyor.<\/p>\n","protected":false},"excerpt":{"rendered":"<p>Her ne kadar \u00f6nemsiz g\u00f6r\u00fcn\u00fcrse g\u00f6r\u00fcns\u00fcn, bu hayattaki rol\u00fcn\u00fcz d\u00fcnya i\u00e7in \u00f6nemlidir. Haberler \u00f6fke ve nefreti anlat\u0131p dururken, k\u00fc\u00e7\u00fck k\u0131z ailesine d\u00fcnyay\u0131 daha iyi bir yer<span class=\"excerpt-hellip\"> [\u2026]<\/span><\/p>\n","protected":false},"featured_media":0,"template":"","meta":{"_monsterinsights_skip_tracking":false,"_monsterinsights_sitenote_active":false,"_monsterinsights_sitenote_note":"","_monsterinsights_sitenote_category":0},"product_brand":[],"product_cat":[12274,12284],"product_tag":[],"class_list":{"0":"post-758411","1":"product","2":"type-product","3":"status-publish","5":"product_cat-cocuk-ve-genclik-kitaplari","6":"product_cat-hikayeler","7":"pa_cilt-ciltsiz","8":"pa_tur-kitap","9":"pa_yayinevi-ucan-fil-yayinlari","10":"pa_yazar-holly-m-mcghee","12":"first","13":"instock","14":"sale","15":"shipping-taxable","16":"purchasable","17":"product-type-simple"},"_links":{"self":[{"href":"https:\/\/roveyayinevi.com.tr\/index.php\/wp-json\/wp\/v2\/product\/758411","targetHints":{"allow":["GET"]}}],"collection":[{"href":"https:\/\/roveyayinevi.com.tr\/index.php\/wp-json\/wp\/v2\/product"}],"about":[{"href":"https:\/\/roveyayinevi.com.tr\/index.php\/wp-json\/wp\/v2\/types\/product"}],"wp:attachment":[{"href":"https:\/\/roveyayinevi.com.tr\/index.php\/wp-json\/wp\/v2\/media?parent=758411"}],"wp:term":[{"taxonomy":"product_brand","embeddable":true,"href":"https:\/\/roveyayinevi.com.tr\/index.php\/wp-json\/wp\/v2\/product_brand?post=758411"},{"taxonomy":"product_cat","embeddable":true,"href":"https:\/\/roveyayinevi.com.tr\/index.php\/wp-json\/wp\/v2\/product_cat?post=758411"},{"taxonomy":"product_tag","embeddable":true,"href":"https:\/\/roveyayinevi.com.tr\/index.php\/wp-json\/wp\/v2\/product_tag?post=758411"}],"curies":[{"name":"wp","href":"https:\/\/api.w.org\/{rel}","templated":true}]}}