{"id":758410,"date":"2025-08-28T08:03:34","date_gmt":"2025-08-28T05:03:34","guid":{"rendered":"https:\/\/roveyayinevi.com.tr\/index.php\/urun\/miras-14\/"},"modified":"2026-04-16T03:11:24","modified_gmt":"2026-04-16T00:11:24","slug":"miras-14","status":"publish","type":"product","link":"https:\/\/roveyayinevi.com.tr\/index.php\/urun\/miras-14\/","title":{"rendered":"Miras"},"content":{"rendered":"<p>Adrian Rizzo, babas\u0131yla ilk tan\u0131\u015ft\u0131\u011f\u0131nda yedi ya\u015f\u0131ndayd\u0131.E\u011fer annesi Lina m\u00fcdahale etmeseydi, babas\u0131 onu neredeyse \u00f6ld\u00fcrecekti&#8230; O korkun\u00e7 g\u00fcnden k\u0131sa bir s\u00fcre sonra Adrian, Maryland\u2019de ya\u015fayan anneannesi ile dedesinin yan\u0131na gider. K\u00fc\u00e7\u00fck k\u0131z, orada ge\u00e7irdi\u011fi o unutulmaz yaz boyunca yeni bir arkada\u015f edinir. Arkada\u015f\u0131n\u0131n a\u011fabeyine kar\u015f\u0131 hissetti\u011fi duygusal yak\u0131nl\u0131k ise \u00e7ocuklu\u011funun en g\u00fczel an\u0131lar\u0131ndan biri olur. On y\u0131l sonra, hen\u00fcz lisedeyken, annesinin izinden giderek kendi yoga ve egzersiz videolar\u0131n\u0131 olu\u015fturur. Rekabetten ziyade kendini ispat etme \u00e7abas\u0131nda olan Adrian, yava\u015f yava\u015f tan\u0131nmaya ba\u015flar. \u00d6l\u00fcmle tehdit edildi\u011fi ilk mektubu da tam o s\u0131ralar al\u0131r. \u00dclkenin \u00e7e\u015fitli yerlerinden her y\u0131l d\u00fczenli bir \u015fekilde g\u00f6nderilen bu mektuplar, evi olarak g\u00f6rd\u00fc\u011f\u00fc Maryland\u2019e ta\u015f\u0131nd\u0131\u011f\u0131nda ve \u00e7ocukluk a\u015fk\u0131 Raylan ile kar\u015f\u0131la\u015ft\u0131\u011f\u0131nda da devam eder. O t\u00fcyler \u00fcrpertici mesajlar hi\u00e7bir zaman hayata ge\u00e7meyecekmi\u015f gibi g\u00f6r\u00fcn\u00fcr.Ta ki cinayetler ba\u015flayana kadar&#8230; Miras, ba\u015f\u0131ndan sonuna kadar okura heyecan, gerilim ve romantizmin azalmad\u0131\u011f\u0131 bir hik\u00e2ye vaat ediyor. <\/p>\n","protected":false},"excerpt":{"rendered":"<p>Adrian Rizzo, babas\u0131yla ilk tan\u0131\u015ft\u0131\u011f\u0131nda yedi ya\u015f\u0131ndayd\u0131.E\u011fer annesi Lina m\u00fcdahale etmeseydi, babas\u0131 onu neredeyse \u00f6ld\u00fcrecekti&#8230; O korkun\u00e7 g\u00fcnden k\u0131sa bir s\u00fcre sonra Adrian, Maryland\u2019de ya\u015fayan anneannesi<span class=\"excerpt-hellip\"> [\u2026]<\/span><\/p>\n","protected":false},"featured_media":0,"template":"","meta":{"_monsterinsights_skip_tracking":false,"_monsterinsights_sitenote_active":false,"_monsterinsights_sitenote_note":"","_monsterinsights_sitenote_category":0},"product_brand":[],"product_cat":[12291,12711],"product_tag":[],"class_list":{"0":"post-758410","1":"product","2":"type-product","3":"status-publish","5":"product_cat-edebiyat","6":"product_cat-roman-oyku","7":"pa_cilt-ciltsiz","8":"pa_tur-kitap","9":"pa_yayinevi-nemesis-kitap","10":"pa_yazar-nora-roberts","12":"first","13":"instock","14":"sale","15":"shipping-taxable","16":"purchasable","17":"product-type-simple"},"_links":{"self":[{"href":"https:\/\/roveyayinevi.com.tr\/index.php\/wp-json\/wp\/v2\/product\/758410","targetHints":{"allow":["GET"]}}],"collection":[{"href":"https:\/\/roveyayinevi.com.tr\/index.php\/wp-json\/wp\/v2\/product"}],"about":[{"href":"https:\/\/roveyayinevi.com.tr\/index.php\/wp-json\/wp\/v2\/types\/product"}],"wp:attachment":[{"href":"https:\/\/roveyayinevi.com.tr\/index.php\/wp-json\/wp\/v2\/media?parent=758410"}],"wp:term":[{"taxonomy":"product_brand","embeddable":true,"href":"https:\/\/roveyayinevi.com.tr\/index.php\/wp-json\/wp\/v2\/product_brand?post=758410"},{"taxonomy":"product_cat","embeddable":true,"href":"https:\/\/roveyayinevi.com.tr\/index.php\/wp-json\/wp\/v2\/product_cat?post=758410"},{"taxonomy":"product_tag","embeddable":true,"href":"https:\/\/roveyayinevi.com.tr\/index.php\/wp-json\/wp\/v2\/product_tag?post=758410"}],"curies":[{"name":"wp","href":"https:\/\/api.w.org\/{rel}","templated":true}]}}