{"id":758392,"date":"2025-08-28T08:03:02","date_gmt":"2025-08-28T05:03:02","guid":{"rendered":"https:\/\/roveyayinevi.com.tr\/index.php\/urun\/charles-darwin-2\/"},"modified":"2026-04-16T03:11:23","modified_gmt":"2026-04-16T00:11:23","slug":"charles-darwin-2","status":"publish","type":"product","link":"https:\/\/roveyayinevi.com.tr\/index.php\/urun\/charles-darwin-2\/","title":{"rendered":"Charles Darwin"},"content":{"rendered":"<p>Charles Robert Darwin (1809-1882), Cambridge\u2019deki ilahiyat e\u011fitimini ba\u015far\u0131yla tamamlad\u0131ktan sonra \u201c\u0131ss\u0131zl\u0131\u011f\u0131n ortas\u0131nda bir ta\u015fra papaz\u0131\u201d olarak \u00f6mr\u00fcn\u00fc s\u00fck\u00fbnet i\u00e7inde ge\u00e7irme hayalleri kurarken, k\u00fc\u00e7\u00fckl\u00fc\u011f\u00fcnden beri do\u011fa bilimlerine olan merak\u0131n\u0131n da etkisiyle, d\u00fcnyay\u0131 dola\u015farak \u00f6l\u00e7\u00fcmler yapmak, haritalar \u00e7\u0131karmak, bilimsel ke\u015fif ve incelemelerde bulunmak amac\u0131yla Beagle gemisiyle d\u00fczenlenen ke\u015fif seferine kat\u0131ld\u0131. Avrupal\u0131lar\u0131n fazla a\u015fina olmad\u0131\u011f\u0131 co\u011frafyalarda rastlad\u0131\u011f\u0131 bitkiler, hayvanlar, insanlar ve yer \u015fekilleriyle ilgilenip \u00f6rnekler toplamak ve g\u00f6zlemler yapmakla ge\u00e7irdi\u011fi bu y\u0131llar, sadece onun kaderini de\u011fi\u015ftirmekle kalmayacak, d\u00fcnyay\u0131 d\u00f6n\u00fc\u015ft\u00fcrecek bilimsel bir yakla\u015f\u0131m\u0131n da temellerini atacakt\u0131. Ancak Victoria d\u00f6nemi \u0130ngilteresi ayk\u0131r\u0131 fikirlere izin verecek esnekli\u011fe sahip de\u011fildi. Darwin, Kilise ve aristokrasinin ba\u015f\u0131n\u0131 \u00e7ekti\u011fi m\u00fcesses nizam taraf\u0131ndan k\u00e2fir olarak nitelenmemek i\u00e7in fikirlerini ve bunlar\u0131 \u015fifreyle yazd\u0131\u011f\u0131 defterleri tam yirmi y\u0131l boyunca s\u0131r gibi gizleyerek \u00e7al\u0131\u015fmalar\u0131n\u0131 s\u00fcrd\u00fcrecekti. Hatta erdem g\u00fcd\u00fcs\u00fc kadar g\u00fc\u00e7l\u00fc bir hakikat duygusuna sahip olmasayd\u0131, \u201cbir cinayeti itiraf etmeye\u201d benzetecek kadar huzursuzland\u0131\u011f\u0131 teorisini a\u00e7\u0131klamayacak, T\u00fcrlerin K\u00f6keni\u2019ni yay\u0131mlamayacakt\u0131, belki de\u2026Evrim teorisinin, hayat\u0131n \u00e7e\u015fitlilik ve karma\u015fas\u0131n\u0131 a\u00e7\u0131klayabilen bir teori oldu\u011fu ve Darwin\u2019in dile getirdi\u011fi gibi do\u011fan\u0131n kendi i\u015fini kendi usul\u00fcnce yapt\u0131\u011f\u0131, y\u0131llar s\u00fcren tart\u0131\u015fmalar\u0131n ard\u0131ndan \u00f6nce bilim \u00e7evreleri, sonra b\u00fct\u00fcn d\u00fcnya taraf\u0131ndan kabul g\u00f6rd\u00fc. Do\u011fa tarihinin bu kaba beyaz sakall\u0131 bilge devrimcisi ilk ve en b\u00fcy\u00fck tepkiyi Kiliseden g\u00f6rmesine ra\u011fmen, ebedi uykusuna, kendi alanlar\u0131n\u0131n kahramanlar\u0131yla birlikte yatmak \u00fczere \u0130ngiltere\u2019nin en itibarl\u0131 kilisesi Westminister Abbey\u2019e devlet t\u00f6reniyle g\u00f6m\u00fclerek onurland\u0131r\u0131ld\u0131. \u0130nsano\u011flunun hayvanlarla ayn\u0131 s\u00fcre\u00e7ler i\u00e7inde evrildi\u011fi d\u00fc\u015f\u00fcn\u00fclemeyecek kadar y\u00fcce bir varl\u0131k oldu\u011funa inananlarsa insan\u0131 tanr\u0131sall\u0131\u011f\u0131ndan ar\u0131nd\u0131ran evrim teorisine, g\u00fcn\u00fcm\u00fczde de en az Victoria d\u00f6nemindeki g\u00fc\u00e7le kar\u015f\u0131 \u00e7\u0131kmaya devam ediyor. <\/p>\n","protected":false},"excerpt":{"rendered":"<p>Charles Robert Darwin (1809-1882), Cambridge\u2019deki ilahiyat e\u011fitimini ba\u015far\u0131yla tamamlad\u0131ktan sonra \u201c\u0131ss\u0131zl\u0131\u011f\u0131n ortas\u0131nda bir ta\u015fra papaz\u0131\u201d olarak \u00f6mr\u00fcn\u00fc s\u00fck\u00fbnet i\u00e7inde ge\u00e7irme hayalleri kurarken, k\u00fc\u00e7\u00fckl\u00fc\u011f\u00fcnden beri do\u011fa bilimlerine<span class=\"excerpt-hellip\"> [\u2026]<\/span><\/p>\n","protected":false},"featured_media":0,"template":"","meta":{"_monsterinsights_skip_tracking":false,"_monsterinsights_sitenote_active":false,"_monsterinsights_sitenote_note":"","_monsterinsights_sitenote_category":0},"product_brand":[],"product_cat":[14009,12291],"product_tag":[],"class_list":{"0":"post-758392","1":"product","2":"type-product","3":"status-publish","5":"product_cat-biyografi-otobiyografi-edebiyat","6":"product_cat-edebiyat","7":"pa_cilt-ciltsiz","8":"pa_tur-kitap","9":"pa_yayinevi-is-bankasi-kultur-yayinlari","10":"pa_yazar-adrian-desmond-james-moore","12":"first","13":"instock","14":"sale","15":"shipping-taxable","16":"purchasable","17":"product-type-simple"},"_links":{"self":[{"href":"https:\/\/roveyayinevi.com.tr\/index.php\/wp-json\/wp\/v2\/product\/758392","targetHints":{"allow":["GET"]}}],"collection":[{"href":"https:\/\/roveyayinevi.com.tr\/index.php\/wp-json\/wp\/v2\/product"}],"about":[{"href":"https:\/\/roveyayinevi.com.tr\/index.php\/wp-json\/wp\/v2\/types\/product"}],"wp:attachment":[{"href":"https:\/\/roveyayinevi.com.tr\/index.php\/wp-json\/wp\/v2\/media?parent=758392"}],"wp:term":[{"taxonomy":"product_brand","embeddable":true,"href":"https:\/\/roveyayinevi.com.tr\/index.php\/wp-json\/wp\/v2\/product_brand?post=758392"},{"taxonomy":"product_cat","embeddable":true,"href":"https:\/\/roveyayinevi.com.tr\/index.php\/wp-json\/wp\/v2\/product_cat?post=758392"},{"taxonomy":"product_tag","embeddable":true,"href":"https:\/\/roveyayinevi.com.tr\/index.php\/wp-json\/wp\/v2\/product_tag?post=758392"}],"curies":[{"name":"wp","href":"https:\/\/api.w.org\/{rel}","templated":true}]}}