{"id":758389,"date":"2025-08-28T08:02:56","date_gmt":"2025-08-28T05:02:56","guid":{"rendered":"https:\/\/roveyayinevi.com.tr\/index.php\/urun\/uzak-kiyilardan-sevismek\/"},"modified":"2026-04-16T03:11:23","modified_gmt":"2026-04-16T00:11:23","slug":"uzak-kiyilardan-sevismek","status":"publish","type":"product","link":"https:\/\/roveyayinevi.com.tr\/index.php\/urun\/uzak-kiyilardan-sevismek\/","title":{"rendered":"Uzak K\u0131y\u0131lardan Sevi\u015fmek"},"content":{"rendered":"<p>UZAK KIYILARIN SEVDALILARI Bir denizin uzak k\u0131y\u0131lar\u0131nda\u0130ki farkl\u0131 kentinde ayn\u0131 \u00fclkenin,G\u00f6zlerinde en derin end\u00ee\u015fe,H\u00fcz\u00fcnl\u00fc dalgalar\u0131na dal\u0131p gittiler. Oynak kuca\u011f\u0131nda f\u0131rt\u0131nalar denizinin;Odysseus\u2019un bo\u011fu\u015ftu\u011fu dalgalar\u0131n.Sanki burga\u00e7lar\u0131nda \u00e7\u0131rp\u0131n\u0131yordular Ayn\u0131 denizin uzak k\u0131y\u0131lar\u0131ndanS\u0131rada\u011flarla ayr\u0131lm\u0131\u015f iki kentinde,Sa\u011f\u0131r Poseidon\u2019a yak\u0131n\u0131yordular\u0130ki y\u00fcrek\u00e7e, tek ruhun az\u00e2b\u0131ndan. Olmad\u0131, kaderlerinin uyuyan yelkenineKalplerinin f\u0131rt\u0131nas\u0131n\u0131 bindirdilerVe bildik k\u0131y\u0131lara s\u0131rtlar\u0131n\u0131 d\u00f6nd\u00fclerYelkenleri kalkan oldu oklar\u0131na g\u00fcne\u015fin.I\u015f\u0131k oldular zifir gecelerde birbirlerine. Bir denizin uzak k\u0131y\u0131lar\u0131ndan,Suya hasretlerini m\u0131r\u0131ldanarak yalpa yalpaDuyars\u0131z dalgalar\u0131n \u00e2hengine \u00f6yk\u00fcnd\u00fclerAya ve karars\u0131z y\u0131ld\u0131zlara k\u00fcsk\u00fcnd\u00fcler, S\u00fcr\u00fcklenip gittiler, bilinmedik diyarlara\u2026<\/p>\n","protected":false},"excerpt":{"rendered":"<p>UZAK KIYILARIN SEVDALILARI Bir denizin uzak k\u0131y\u0131lar\u0131nda\u0130ki farkl\u0131 kentinde ayn\u0131 \u00fclkenin,G\u00f6zlerinde en derin end\u00ee\u015fe,H\u00fcz\u00fcnl\u00fc dalgalar\u0131na dal\u0131p gittiler. Oynak kuca\u011f\u0131nda f\u0131rt\u0131nalar denizinin;Odysseus\u2019un bo\u011fu\u015ftu\u011fu dalgalar\u0131n.Sanki burga\u00e7lar\u0131nda \u00e7\u0131rp\u0131n\u0131yordular Ayn\u0131<span class=\"excerpt-hellip\"> [\u2026]<\/span><\/p>\n","protected":false},"featured_media":0,"template":"","meta":{"_monsterinsights_skip_tracking":false,"_monsterinsights_sitenote_active":false,"_monsterinsights_sitenote_note":"","_monsterinsights_sitenote_category":0},"product_brand":[],"product_cat":[12291,12509],"product_tag":[],"class_list":{"0":"post-758389","1":"product","2":"type-product","3":"status-publish","5":"product_cat-edebiyat","6":"product_cat-siir","7":"pa_cilt-ciltsiz","8":"pa_tur-kitap","9":"pa_yayinevi-telve-kitap","10":"pa_yazar-sabahattin-ozkan","12":"first","13":"instock","14":"sale","15":"shipping-taxable","16":"purchasable","17":"product-type-simple"},"_links":{"self":[{"href":"https:\/\/roveyayinevi.com.tr\/index.php\/wp-json\/wp\/v2\/product\/758389","targetHints":{"allow":["GET"]}}],"collection":[{"href":"https:\/\/roveyayinevi.com.tr\/index.php\/wp-json\/wp\/v2\/product"}],"about":[{"href":"https:\/\/roveyayinevi.com.tr\/index.php\/wp-json\/wp\/v2\/types\/product"}],"wp:attachment":[{"href":"https:\/\/roveyayinevi.com.tr\/index.php\/wp-json\/wp\/v2\/media?parent=758389"}],"wp:term":[{"taxonomy":"product_brand","embeddable":true,"href":"https:\/\/roveyayinevi.com.tr\/index.php\/wp-json\/wp\/v2\/product_brand?post=758389"},{"taxonomy":"product_cat","embeddable":true,"href":"https:\/\/roveyayinevi.com.tr\/index.php\/wp-json\/wp\/v2\/product_cat?post=758389"},{"taxonomy":"product_tag","embeddable":true,"href":"https:\/\/roveyayinevi.com.tr\/index.php\/wp-json\/wp\/v2\/product_tag?post=758389"}],"curies":[{"name":"wp","href":"https:\/\/api.w.org\/{rel}","templated":true}]}}