{"id":758367,"date":"2025-08-28T08:02:12","date_gmt":"2025-08-28T05:02:12","guid":{"rendered":"https:\/\/roveyayinevi.com.tr\/index.php\/urun\/milyon-dolarlik-adam\/"},"modified":"2026-04-16T03:11:23","modified_gmt":"2026-04-16T00:11:23","slug":"milyon-dolarlik-adam","status":"publish","type":"product","link":"https:\/\/roveyayinevi.com.tr\/index.php\/urun\/milyon-dolarlik-adam\/","title":{"rendered":"Milyon Dolarl\u0131k Adam"},"content":{"rendered":"<p>Para \u00f6zg\u00fcrl\u00fck m\u00fcd\u00fcr, yoksa bir pranga m\u0131? Karde\u015finin b\u0131rakt\u0131\u011f\u0131 bor\u00e7lar\u0131 \u00f6deyebilmek i\u00e7in iki i\u015fte birden \u00e7al\u0131\u015fan Kazuo, ailesinden de uzakla\u015fmaya ba\u015flam\u0131\u015f ve sonunda tek ba\u015f\u0131na kalm\u0131\u015ft\u0131r. Ufak k\u0131z\u0131n\u0131 bile ayda sadece birka\u00e7 g\u00fcn g\u00f6rebilmekte, yorgun, mutsuz ve yaln\u0131z bir hayat s\u00fcrd\u00fcrmektedir. Asl\u0131nda sadece biraz paraya ihtiyac\u0131 vard\u0131r. Ya da o \u00f6yle zanneder. Bir g\u00fcn piyangodan b\u00fcy\u00fck ikramiye ona \u00e7\u0131k\u0131nca ne yapaca\u011f\u0131n\u0131 \u015fa\u015f\u0131r\u0131r. Piyango paras\u0131n\u0131 \u00e7ar\u00e7ur eden insanlarla ayn\u0131 kaderi payla\u015fmamak i\u00e7in y\u0131llard\u0131r g\u00f6r\u00fc\u015fmedi\u011fi, zengin bir arkada\u015f\u0131na dan\u0131\u015fmaya karar verir. Bir anda kendini garip bir kovalamacan\u0131n i\u00e7inde bulurken akl\u0131nda tek bir soru vard\u0131r: Para mutluluk mudur? <\/p>\n","protected":false},"excerpt":{"rendered":"<p>Para \u00f6zg\u00fcrl\u00fck m\u00fcd\u00fcr, yoksa bir pranga m\u0131? Karde\u015finin b\u0131rakt\u0131\u011f\u0131 bor\u00e7lar\u0131 \u00f6deyebilmek i\u00e7in iki i\u015fte birden \u00e7al\u0131\u015fan Kazuo, ailesinden de uzakla\u015fmaya ba\u015flam\u0131\u015f ve sonunda tek ba\u015f\u0131na kalm\u0131\u015ft\u0131r.<span class=\"excerpt-hellip\"> [\u2026]<\/span><\/p>\n","protected":false},"featured_media":0,"template":"","meta":{"_monsterinsights_skip_tracking":false,"_monsterinsights_sitenote_active":false,"_monsterinsights_sitenote_note":"","_monsterinsights_sitenote_category":0},"product_brand":[],"product_cat":[12291,12711],"product_tag":[],"class_list":{"0":"post-758367","1":"product","2":"type-product","3":"status-publish","5":"product_cat-edebiyat","6":"product_cat-roman-oyku","7":"pa_cilt-ciltsiz","8":"pa_tur-kitap","9":"pa_yayinevi-dogan-kitap","10":"pa_yazar-genki-kawamura","12":"first","13":"instock","14":"sale","15":"shipping-taxable","16":"purchasable","17":"product-type-simple"},"_links":{"self":[{"href":"https:\/\/roveyayinevi.com.tr\/index.php\/wp-json\/wp\/v2\/product\/758367","targetHints":{"allow":["GET"]}}],"collection":[{"href":"https:\/\/roveyayinevi.com.tr\/index.php\/wp-json\/wp\/v2\/product"}],"about":[{"href":"https:\/\/roveyayinevi.com.tr\/index.php\/wp-json\/wp\/v2\/types\/product"}],"wp:attachment":[{"href":"https:\/\/roveyayinevi.com.tr\/index.php\/wp-json\/wp\/v2\/media?parent=758367"}],"wp:term":[{"taxonomy":"product_brand","embeddable":true,"href":"https:\/\/roveyayinevi.com.tr\/index.php\/wp-json\/wp\/v2\/product_brand?post=758367"},{"taxonomy":"product_cat","embeddable":true,"href":"https:\/\/roveyayinevi.com.tr\/index.php\/wp-json\/wp\/v2\/product_cat?post=758367"},{"taxonomy":"product_tag","embeddable":true,"href":"https:\/\/roveyayinevi.com.tr\/index.php\/wp-json\/wp\/v2\/product_tag?post=758367"}],"curies":[{"name":"wp","href":"https:\/\/api.w.org\/{rel}","templated":true}]}}