{"id":758332,"date":"2025-08-28T08:01:05","date_gmt":"2025-08-28T05:01:05","guid":{"rendered":"https:\/\/roveyayinevi.com.tr\/index.php\/urun\/nesenin-psikolojisi\/"},"modified":"2026-04-16T03:11:22","modified_gmt":"2026-04-16T00:11:22","slug":"nesenin-psikolojisi","status":"publish","type":"product","link":"https:\/\/roveyayinevi.com.tr\/index.php\/urun\/nesenin-psikolojisi\/","title":{"rendered":"Ne\u015fenin Psikolojisi"},"content":{"rendered":"<p>\u00c7a\u011f\u0131n\u0131n en etkili hikaye anlat\u0131c\u0131lar\u0131ndan Robert A. Johnson\u2019\u0131n trenine bir defa binen okuyucu, mitoloji ve psikolojiyi birbirine ba\u011flayan t\u00fcnellerden ge\u00e7erek mitlerin modern insan\u0131n anlam aray\u0131\u015f\u0131na nas\u0131l katk\u0131da bulundu\u011funa tan\u0131kl\u0131k eder. Son dura\u011fa vard\u0131\u011f\u0131nda art\u0131k hayat\u0131 ve insan psikolojisini yeni mercekleriyle g\u00f6recektir.   Ne\u015fenin Psikolojisi, bu yolculuklardan biri. Robert A. Johson, Dionysus\u2019ta cisimle\u015fmi\u015f co\u015fkunun do\u011fas\u0131n\u0131 ve Dionysus mitinin \u00e7e\u015fitli y\u00f6nlerini kullanarak ne\u015fenin k\u0131ymetini idrak etmemize yard\u0131mc\u0131 oluyor. Modern hayat\u0131n tozlu raflara kald\u0131rd\u0131\u011f\u0131 bu k\u0131ymetli hissi kucaklamak d\u00fc\u015f\u00fcyor bizlere de. <\/p>\n","protected":false},"excerpt":{"rendered":"<p>\u00c7a\u011f\u0131n\u0131n en etkili hikaye anlat\u0131c\u0131lar\u0131ndan Robert A. Johnson\u2019\u0131n trenine bir defa binen okuyucu, mitoloji ve psikolojiyi birbirine ba\u011flayan t\u00fcnellerden ge\u00e7erek mitlerin modern insan\u0131n anlam aray\u0131\u015f\u0131na nas\u0131l<span class=\"excerpt-hellip\"> [\u2026]<\/span><\/p>\n","protected":false},"featured_media":0,"template":"","meta":{"_monsterinsights_skip_tracking":false,"_monsterinsights_sitenote_active":false,"_monsterinsights_sitenote_note":"","_monsterinsights_sitenote_category":0},"product_brand":[],"product_cat":[12358,12357],"product_tag":[],"class_list":{"0":"post-758332","1":"product","2":"type-product","3":"status-publish","5":"product_cat-genel-psikoloji","6":"product_cat-psikoloji","7":"pa_cilt-ciltsiz","8":"pa_tur-kitap","9":"pa_yayinevi-okuyan-us-yayin","10":"pa_yazar-robert-a-johnson","12":"first","13":"instock","14":"sale","15":"shipping-taxable","16":"purchasable","17":"product-type-simple"},"_links":{"self":[{"href":"https:\/\/roveyayinevi.com.tr\/index.php\/wp-json\/wp\/v2\/product\/758332","targetHints":{"allow":["GET"]}}],"collection":[{"href":"https:\/\/roveyayinevi.com.tr\/index.php\/wp-json\/wp\/v2\/product"}],"about":[{"href":"https:\/\/roveyayinevi.com.tr\/index.php\/wp-json\/wp\/v2\/types\/product"}],"wp:attachment":[{"href":"https:\/\/roveyayinevi.com.tr\/index.php\/wp-json\/wp\/v2\/media?parent=758332"}],"wp:term":[{"taxonomy":"product_brand","embeddable":true,"href":"https:\/\/roveyayinevi.com.tr\/index.php\/wp-json\/wp\/v2\/product_brand?post=758332"},{"taxonomy":"product_cat","embeddable":true,"href":"https:\/\/roveyayinevi.com.tr\/index.php\/wp-json\/wp\/v2\/product_cat?post=758332"},{"taxonomy":"product_tag","embeddable":true,"href":"https:\/\/roveyayinevi.com.tr\/index.php\/wp-json\/wp\/v2\/product_tag?post=758332"}],"curies":[{"name":"wp","href":"https:\/\/api.w.org\/{rel}","templated":true}]}}