{"id":758331,"date":"2025-08-28T08:01:03","date_gmt":"2025-08-28T05:01:03","guid":{"rendered":"https:\/\/roveyayinevi.com.tr\/index.php\/urun\/duygularin-ne-renk\/"},"modified":"2026-04-16T03:11:22","modified_gmt":"2026-04-16T00:11:22","slug":"duygularin-ne-renk","status":"publish","type":"product","link":"https:\/\/roveyayinevi.com.tr\/index.php\/urun\/duygularin-ne-renk\/","title":{"rendered":"Duygular\u0131n Ne Renk?"},"content":{"rendered":"<p>Bir g\u00fcn i\u00e7inde \u00e7ocuklar da yeti\u015fkinler gibi onlarca duyguyu deneyimlerler. Ancak okul \u00f6ncesi d\u00f6nemde duygular\u0131 anlamland\u0131rmak ve ifade etmek \u00e7ocuklar i\u00e7in zor olabilir. Bu kitap, renkler arac\u0131l\u0131\u011f\u0131yla miniklerin duygular\u0131n\u0131 daha rahat ve somut bir \u015fekilde ifade edebilmelerine yard\u0131mc\u0131 olacak.<\/p>\n","protected":false},"excerpt":{"rendered":"<p>Bir g\u00fcn i\u00e7inde \u00e7ocuklar da yeti\u015fkinler gibi onlarca duyguyu deneyimlerler. Ancak okul \u00f6ncesi d\u00f6nemde duygular\u0131 anlamland\u0131rmak ve ifade etmek \u00e7ocuklar i\u00e7in zor olabilir. Bu kitap, renkler<span class=\"excerpt-hellip\"> [\u2026]<\/span><\/p>\n","protected":false},"featured_media":0,"template":"","meta":{"_monsterinsights_skip_tracking":false,"_monsterinsights_sitenote_active":false,"_monsterinsights_sitenote_note":"","_monsterinsights_sitenote_category":0},"product_brand":[],"product_cat":[12274,12284],"product_tag":[],"class_list":{"0":"post-758331","1":"product","2":"type-product","3":"status-publish","5":"product_cat-cocuk-ve-genclik-kitaplari","6":"product_cat-hikayeler","7":"pa_cilt-ciltsiz","8":"pa_tur-kitap","9":"pa_yayinevi-timas-cocuk","10":"pa_yazar-choi-sook-hee","12":"first","13":"instock","14":"sale","15":"shipping-taxable","16":"purchasable","17":"product-type-simple"},"_links":{"self":[{"href":"https:\/\/roveyayinevi.com.tr\/index.php\/wp-json\/wp\/v2\/product\/758331","targetHints":{"allow":["GET"]}}],"collection":[{"href":"https:\/\/roveyayinevi.com.tr\/index.php\/wp-json\/wp\/v2\/product"}],"about":[{"href":"https:\/\/roveyayinevi.com.tr\/index.php\/wp-json\/wp\/v2\/types\/product"}],"wp:attachment":[{"href":"https:\/\/roveyayinevi.com.tr\/index.php\/wp-json\/wp\/v2\/media?parent=758331"}],"wp:term":[{"taxonomy":"product_brand","embeddable":true,"href":"https:\/\/roveyayinevi.com.tr\/index.php\/wp-json\/wp\/v2\/product_brand?post=758331"},{"taxonomy":"product_cat","embeddable":true,"href":"https:\/\/roveyayinevi.com.tr\/index.php\/wp-json\/wp\/v2\/product_cat?post=758331"},{"taxonomy":"product_tag","embeddable":true,"href":"https:\/\/roveyayinevi.com.tr\/index.php\/wp-json\/wp\/v2\/product_tag?post=758331"}],"curies":[{"name":"wp","href":"https:\/\/api.w.org\/{rel}","templated":true}]}}