{"id":758330,"date":"2025-08-28T08:01:01","date_gmt":"2025-08-28T05:01:01","guid":{"rendered":"https:\/\/roveyayinevi.com.tr\/index.php\/urun\/bu-benim-isim\/"},"modified":"2026-04-08T03:19:32","modified_gmt":"2026-04-08T00:19:32","slug":"bu-benim-isim","status":"publish","type":"product","link":"https:\/\/roveyayinevi.com.tr\/index.php\/urun\/bu-benim-isim\/","title":{"rendered":"Bu Benim \u0130\u015fim"},"content":{"rendered":"<p>Merakl\u0131 Minikler S\u0131n\u0131f\u0131 okuma yazmay\u0131 \u00f6\u011frenmi\u015fti. Ne b\u00fcy\u00fck bir mutluluktu bu! Art\u0131k farkl\u0131 d\u00fcnyalar\u0131 ke\u015ffedebilirlerdi! \u015eimdi ise meslekler g\u00f6sterisi yapman\u0131n zaman\u0131yd\u0131.B\u00fcy\u00fcy\u00fcnce ne olmak istiyorsunuz? Hadi, herkes g\u00f6steride sergileyece\u011fi mesle\u011fi se\u00e7sin.Mimar, \u00e7ift\u00e7i, pilot, doktor, m\u00fczisyen, a\u015f\u00e7\u0131\u2026Daha bir\u00e7ok meslek bu kitapta seni bekliyor!<\/p>\n","protected":false},"excerpt":{"rendered":"<p>Merakl\u0131 Minikler S\u0131n\u0131f\u0131 okuma yazmay\u0131 \u00f6\u011frenmi\u015fti. Ne b\u00fcy\u00fck bir mutluluktu bu! Art\u0131k farkl\u0131 d\u00fcnyalar\u0131 ke\u015ffedebilirlerdi! \u015eimdi ise meslekler g\u00f6sterisi yapman\u0131n zaman\u0131yd\u0131.B\u00fcy\u00fcy\u00fcnce ne olmak istiyorsunuz? Hadi, herkes<span class=\"excerpt-hellip\"> [\u2026]<\/span><\/p>\n","protected":false},"featured_media":0,"template":"","meta":{"_monsterinsights_skip_tracking":false,"_monsterinsights_sitenote_active":false,"_monsterinsights_sitenote_note":"","_monsterinsights_sitenote_category":0},"product_brand":[],"product_cat":[12274,12284],"product_tag":[],"class_list":{"0":"post-758330","1":"product","2":"type-product","3":"status-publish","5":"product_cat-cocuk-ve-genclik-kitaplari","6":"product_cat-hikayeler","7":"pa_cilt-ciltsiz","8":"pa_tur-kitap","9":"pa_yayinevi-timas-cocuk","10":"pa_yazar-nalan-aktas-sonmez","12":"first","13":"instock","14":"sale","15":"shipping-taxable","16":"purchasable","17":"product-type-simple"},"_links":{"self":[{"href":"https:\/\/roveyayinevi.com.tr\/index.php\/wp-json\/wp\/v2\/product\/758330","targetHints":{"allow":["GET"]}}],"collection":[{"href":"https:\/\/roveyayinevi.com.tr\/index.php\/wp-json\/wp\/v2\/product"}],"about":[{"href":"https:\/\/roveyayinevi.com.tr\/index.php\/wp-json\/wp\/v2\/types\/product"}],"wp:attachment":[{"href":"https:\/\/roveyayinevi.com.tr\/index.php\/wp-json\/wp\/v2\/media?parent=758330"}],"wp:term":[{"taxonomy":"product_brand","embeddable":true,"href":"https:\/\/roveyayinevi.com.tr\/index.php\/wp-json\/wp\/v2\/product_brand?post=758330"},{"taxonomy":"product_cat","embeddable":true,"href":"https:\/\/roveyayinevi.com.tr\/index.php\/wp-json\/wp\/v2\/product_cat?post=758330"},{"taxonomy":"product_tag","embeddable":true,"href":"https:\/\/roveyayinevi.com.tr\/index.php\/wp-json\/wp\/v2\/product_tag?post=758330"}],"curies":[{"name":"wp","href":"https:\/\/api.w.org\/{rel}","templated":true}]}}