{"id":758326,"date":"2025-08-28T08:00:52","date_gmt":"2025-08-28T05:00:52","guid":{"rendered":"https:\/\/roveyayinevi.com.tr\/index.php\/urun\/linc-cikmazi\/"},"modified":"2026-04-16T03:11:22","modified_gmt":"2026-04-16T00:11:22","slug":"linc-cikmazi","status":"publish","type":"product","link":"https:\/\/roveyayinevi.com.tr\/index.php\/urun\/linc-cikmazi\/","title":{"rendered":"Lin\u00e7 \u00c7\u0131kmaz\u0131"},"content":{"rendered":"<p>Elimde bir saks\u0131 tutuyorum. \u0130\u00e7indeki&#8230; Solgun g\u00f6r\u00fcn\u00fcyor. Zaman ona iyi gelmemi\u015f gibi. Oysa hep derler ya, zaman iyi gelir, diye. Gelmemi\u015f i\u015fte. G\u00f6rebiliyorum. Anla\u015f\u0131lamam\u0131\u015f. Yerini sevmedi\u011fini anlayamam\u0131\u015flar. Hi\u00e7 beklemedi\u011fi bir anda d\u00fc\u015fm\u00fc\u015f belki de. Topra\u011f\u0131 da\u011f\u0131lm\u0131\u015f d\u00f6rt bir yana. Neyi var neyi yoksa&#8230; K\u00f6kleri de \u00e7\u0131km\u0131\u015f meydana. C\u0131l\u0131z, birbirine dolanm\u0131\u015f, yara bere i\u00e7inde.Belki de kanam\u0131\u015f susuz kald\u0131k\u00e7a! &#8220;Lin\u00c7 \u00c7\u0131kmaz\u0131&#8221; haks\u0131zl\u0131\u011fa u\u011frayanlara, k\u00f6klerinin c\u0131l\u0131z oldu\u011funu bildi\u011fi h\u00e2lde g\u00fc\u00e7l\u00fc g\u00f6r\u00fcnmeye \u00e7abalayanlara, en \u00e7ok duydu\u011fu c\u00fcmle &#8220;Yapamazs\u0131n!&#8221; olanlara ARTIK UYANMA VAKT\u0130 diye f\u0131s\u0131ld\u0131yor.  Belki de yeniden aya\u011fa kalkabilmek i\u00e7in \u00f6nce y\u0131k\u0131lmak gerekiyor. #BenPiya #ZorbaOlma<\/p>\n","protected":false},"excerpt":{"rendered":"<p>Elimde bir saks\u0131 tutuyorum. \u0130\u00e7indeki&#8230; Solgun g\u00f6r\u00fcn\u00fcyor. Zaman ona iyi gelmemi\u015f gibi. Oysa hep derler ya, zaman iyi gelir, diye. Gelmemi\u015f i\u015fte. G\u00f6rebiliyorum. Anla\u015f\u0131lamam\u0131\u015f. Yerini sevmedi\u011fini<span class=\"excerpt-hellip\"> [\u2026]<\/span><\/p>\n","protected":false},"featured_media":0,"template":"","meta":{"_monsterinsights_skip_tracking":false,"_monsterinsights_sitenote_active":false,"_monsterinsights_sitenote_note":"","_monsterinsights_sitenote_category":0},"product_brand":[],"product_cat":[12291,12711],"product_tag":[],"class_list":{"0":"post-758326","1":"product","2":"type-product","3":"status-publish","5":"product_cat-edebiyat","6":"product_cat-roman-oyku","7":"pa_cilt-ciltsiz","8":"pa_tur-kitap","9":"pa_yayinevi-genc-timas","10":"pa_yazar-anil-basili","12":"first","13":"instock","14":"sale","15":"shipping-taxable","16":"purchasable","17":"product-type-simple"},"_links":{"self":[{"href":"https:\/\/roveyayinevi.com.tr\/index.php\/wp-json\/wp\/v2\/product\/758326","targetHints":{"allow":["GET"]}}],"collection":[{"href":"https:\/\/roveyayinevi.com.tr\/index.php\/wp-json\/wp\/v2\/product"}],"about":[{"href":"https:\/\/roveyayinevi.com.tr\/index.php\/wp-json\/wp\/v2\/types\/product"}],"wp:attachment":[{"href":"https:\/\/roveyayinevi.com.tr\/index.php\/wp-json\/wp\/v2\/media?parent=758326"}],"wp:term":[{"taxonomy":"product_brand","embeddable":true,"href":"https:\/\/roveyayinevi.com.tr\/index.php\/wp-json\/wp\/v2\/product_brand?post=758326"},{"taxonomy":"product_cat","embeddable":true,"href":"https:\/\/roveyayinevi.com.tr\/index.php\/wp-json\/wp\/v2\/product_cat?post=758326"},{"taxonomy":"product_tag","embeddable":true,"href":"https:\/\/roveyayinevi.com.tr\/index.php\/wp-json\/wp\/v2\/product_tag?post=758326"}],"curies":[{"name":"wp","href":"https:\/\/api.w.org\/{rel}","templated":true}]}}