{"id":758316,"date":"2025-08-28T08:00:34","date_gmt":"2025-08-28T05:00:34","guid":{"rendered":"https:\/\/roveyayinevi.com.tr\/index.php\/urun\/alice-ve-harikalar-diyari\/"},"modified":"2026-04-16T03:11:22","modified_gmt":"2026-04-16T00:11:22","slug":"alice-ve-harikalar-diyari","status":"publish","type":"product","link":"https:\/\/roveyayinevi.com.tr\/index.php\/urun\/alice-ve-harikalar-diyari\/","title":{"rendered":"Alice ve Harikalar Diyar\u0131"},"content":{"rendered":"<p>Alice ile yer alt\u0131ndaki Harikalar Diyar\u0131\u2019na fantastik bir yolculuk\u2026Alice, bankta oturmaktan s\u0131k\u0131ld\u0131\u011f\u0131 s\u0131radan bir g\u00fcnde, yan\u0131ndan h\u0131zla ge\u00e7en ve s\u00fcrekli saatini kontrol eden ceketli, eldivenli beyaz bir tav\u015fan g\u00f6r\u00fcr. Onun kendi kendine konu\u015ftu\u011funu fark edince hemen pe\u015fine tak\u0131l\u0131r ve ard\u0131ndan bir tav\u015fan deli\u011fine girmesiyle tuhaf bir maceran\u0131n i\u00e7ine d\u00fc\u015fer.Kendini Harikalar Diyar\u0131\u2019nda bulan Alice\u2019in ba\u015f\u0131na tuhaf, \u00e7ok tuhaf \u015feyler gelir. Yiyip i\u00e7ti\u011fi her \u015feyle b\u00fcy\u00fcy\u00fcp k\u00fc\u00e7\u00fclen Alice, kendi g\u00f6zya\u015f\u0131 g\u00f6l\u00fcnde bo\u011fulmaktan g\u00fc\u00e7 bela kurtulur. S\u00fcrekli s\u0131r\u0131tan ve iki de bir ortadan kaybolan gizemli bir kediyle arkada\u015f olur. Flamingolarla oynanan garip bir oyuna ve ka\u00e7\u0131k bir \u00e7ay partisine kat\u0131l\u0131r&#8230;Felsefe yapan aksi bir T\u0131rt\u0131l\u2026 Zaman\u0131 durduran bir \u015eapkac\u0131\u2026 Hik\u00e2yeler anlatan uykucu bir Fare\u2026 Havada u\u00e7u\u015fan tabaklar\u2026 K\u00e2\u011f\u0131ttan askerler ve \u00e7\u0131lg\u0131n bir Krali\u00e7e\u2026 Bu fantastik d\u00fcnyada, \u00e7ok ilgin\u00e7 tipler ve abs\u00fcrt olaylarla dolu acayip bir ser\u00fcven onu beklemektedir\u2026<\/p>\n","protected":false},"excerpt":{"rendered":"<p>Alice ile yer alt\u0131ndaki Harikalar Diyar\u0131\u2019na fantastik bir yolculuk\u2026Alice, bankta oturmaktan s\u0131k\u0131ld\u0131\u011f\u0131 s\u0131radan bir g\u00fcnde, yan\u0131ndan h\u0131zla ge\u00e7en ve s\u00fcrekli saatini kontrol eden ceketli, eldivenli beyaz<span class=\"excerpt-hellip\"> [\u2026]<\/span><\/p>\n","protected":false},"featured_media":0,"template":"","meta":{"_monsterinsights_skip_tracking":false,"_monsterinsights_sitenote_active":false,"_monsterinsights_sitenote_note":"","_monsterinsights_sitenote_category":0},"product_brand":[],"product_cat":[12291,14777],"product_tag":[],"class_list":{"0":"post-758316","1":"product","2":"type-product","3":"status-publish","5":"product_cat-edebiyat","6":"product_cat-fantastik","7":"pa_cilt-ciltsiz","8":"pa_tur-kitap","9":"pa_yayinevi-carpe-diem-kitaplari","10":"pa_yazar-lewis-carroll","12":"first","13":"instock","14":"sale","15":"shipping-taxable","16":"purchasable","17":"product-type-simple"},"_links":{"self":[{"href":"https:\/\/roveyayinevi.com.tr\/index.php\/wp-json\/wp\/v2\/product\/758316","targetHints":{"allow":["GET"]}}],"collection":[{"href":"https:\/\/roveyayinevi.com.tr\/index.php\/wp-json\/wp\/v2\/product"}],"about":[{"href":"https:\/\/roveyayinevi.com.tr\/index.php\/wp-json\/wp\/v2\/types\/product"}],"wp:attachment":[{"href":"https:\/\/roveyayinevi.com.tr\/index.php\/wp-json\/wp\/v2\/media?parent=758316"}],"wp:term":[{"taxonomy":"product_brand","embeddable":true,"href":"https:\/\/roveyayinevi.com.tr\/index.php\/wp-json\/wp\/v2\/product_brand?post=758316"},{"taxonomy":"product_cat","embeddable":true,"href":"https:\/\/roveyayinevi.com.tr\/index.php\/wp-json\/wp\/v2\/product_cat?post=758316"},{"taxonomy":"product_tag","embeddable":true,"href":"https:\/\/roveyayinevi.com.tr\/index.php\/wp-json\/wp\/v2\/product_tag?post=758316"}],"curies":[{"name":"wp","href":"https:\/\/api.w.org\/{rel}","templated":true}]}}