{"id":758306,"date":"2025-08-28T08:00:21","date_gmt":"2025-08-28T05:00:21","guid":{"rendered":"https:\/\/roveyayinevi.com.tr\/index.php\/urun\/entelektuel-babam-cemil-meric\/"},"modified":"2026-04-16T03:11:21","modified_gmt":"2026-04-16T00:11:21","slug":"entelektuel-babam-cemil-meric","status":"publish","type":"product","link":"https:\/\/roveyayinevi.com.tr\/index.php\/urun\/entelektuel-babam-cemil-meric\/","title":{"rendered":"Entelekt\u00fcel Babam Cemil Meri\u00e7"},"content":{"rendered":"<p>Bu \u00dclke, Umrandan Uygarl\u0131\u011fa ve Ma\u011faradakiler gibi k\u00fclt\u00fcr hayat\u0131m\u0131zda kal\u0131c\u0131 iz b\u0131rakan kitaplar\u0131n m\u00fcellifi, d\u00fc\u015f\u00fcnce tarihimizin en \u00fcretken ve \u00f6zg\u00fcn kalemlerinden Cemil Meri\u00e7 hakk\u0131nda bir kitap\u2026H\u00fcsamettin Arslan, Entelekt\u00fcel Babam adl\u0131 geni\u015f ufuklu kitab\u0131nda Cemil Meri\u00e7\u2019le ve metinleriyle diyalo\u011fa giriyor. Onun entelekt\u00fcel serencam\u0131ndan yola \u00e7\u0131karak d\u00fc\u015f\u00fcncelerinin \u00e7e\u015fitli boyutlar\u0131n\u0131 T\u00fcrkiye\u2019nin modernle\u015fme meseleleriyle birlikte ele al\u0131yor. Meri\u00e7\u2019le yap\u0131lm\u0131\u015f kapsaml\u0131 bir m\u00fclakatla a\u00e7\u0131lan \u201cd\u00fc\u015f\u00fcnenlerin d\u00fc\u015f\u00fcncesini d\u00fc\u015f\u00fcnmeye\u201d d\u00f6n\u00fck \u00e7al\u0131\u015fma, \u00fc\u00e7 Cemil Meri\u00e7 zaviyesinden T\u00fcrk d\u00fc\u015f\u00fcnce hayat\u0131ndaki epistemolojik bunal\u0131mdan Cemil Meri\u00e7\u2019in T\u00fcrkiye\u2019de g\u00f6rd\u00fc\u011f\u00fc fonksiyona, epistemik cemaatten erken bir \u201cpostmodern\u201d olarak Cemil Meri\u00e7\u2019e kadar uzan\u0131yor. H\u00e2kim Meri\u00e7 de\u011ferlendirmelerinin d\u0131\u015f\u0131na \u00e7\u0131karak, farkl\u0131 bir bak\u0131\u015f a\u00e7\u0131s\u0131 ve farkl\u0131 bir \u00e7ift g\u00f6zl\u00fck kullanarak bir entelekt\u00fcel olarak Meri\u00e7\u2019in ki\u015fili\u011fi, d\u00fc\u015f\u00fcnceleri ve T\u00fcrk entelekt\u00fcel hayat\u0131 i\u00e7indeki yeri konusunda farkl\u0131 bir yorum yap\u0131yor.Ayn\u0131 \u015fekilde H\u00fcsamettin Arslan kendisine Cemil Meri\u00e7 \u00f6zelinde y\u00f6neltilen ele\u015ftirilerle de kar\u015f\u0131la\u015f\u0131yor ve bunlar\u0131 cevapl\u0131yor. Bu y\u00f6n\u00fcyle \u00e7ok boyutlu bir entelekt\u00fcel dostluk hik\u00e2yesi anlatan kitap, Meri\u00e7 ve Arslan\u2019\u0131n s\u00fcrekli etraf\u0131nda doland\u0131\u011f\u0131 mefhumlara ve meselelere ili\u015fkin \u00f6nemli tespit ve aforizmalar\u0131 da i\u00e7eriyor. D\u00fc\u015f\u00fcncenin en \u00fccra k\u00f6\u015felerini yoklayan, yal\u0131nkat bir bilgi yerine kapsaml\u0131 incelikli bir bilginin pe\u015fine d\u00fc\u015fen Entelekt\u00fcel Babam, Cemil Meri\u00e7\u2019in T\u00fcrk d\u00fc\u015f\u00fcnce d\u00fcnyas\u0131 \u00fczerindeki dikkat \u00e7ekici etkisini de\u011ferlendirme imk\u00e2n\u0131 veriyor.<\/p>\n","protected":false},"excerpt":{"rendered":"<p>Bu \u00dclke, Umrandan Uygarl\u0131\u011fa ve Ma\u011faradakiler gibi k\u00fclt\u00fcr hayat\u0131m\u0131zda kal\u0131c\u0131 iz b\u0131rakan kitaplar\u0131n m\u00fcellifi, d\u00fc\u015f\u00fcnce tarihimizin en \u00fcretken ve \u00f6zg\u00fcn kalemlerinden Cemil Meri\u00e7 hakk\u0131nda bir kitap\u2026H\u00fcsamettin<span class=\"excerpt-hellip\"> [\u2026]<\/span><\/p>\n","protected":false},"featured_media":0,"template":"","meta":{"_monsterinsights_skip_tracking":false,"_monsterinsights_sitenote_active":false,"_monsterinsights_sitenote_note":"","_monsterinsights_sitenote_category":0},"product_brand":[],"product_cat":[12324],"product_tag":[],"class_list":{"0":"post-758306","1":"product","2":"type-product","3":"status-publish","5":"product_cat-sosyoloji","6":"pa_cilt-ciltsiz","7":"pa_tur-kitap","8":"pa_yayinevi-paradigma-yayinlari","9":"pa_yazar-husamettin-arslan","11":"first","12":"instock","13":"sale","14":"shipping-taxable","15":"purchasable","16":"product-type-simple"},"_links":{"self":[{"href":"https:\/\/roveyayinevi.com.tr\/index.php\/wp-json\/wp\/v2\/product\/758306","targetHints":{"allow":["GET"]}}],"collection":[{"href":"https:\/\/roveyayinevi.com.tr\/index.php\/wp-json\/wp\/v2\/product"}],"about":[{"href":"https:\/\/roveyayinevi.com.tr\/index.php\/wp-json\/wp\/v2\/types\/product"}],"wp:attachment":[{"href":"https:\/\/roveyayinevi.com.tr\/index.php\/wp-json\/wp\/v2\/media?parent=758306"}],"wp:term":[{"taxonomy":"product_brand","embeddable":true,"href":"https:\/\/roveyayinevi.com.tr\/index.php\/wp-json\/wp\/v2\/product_brand?post=758306"},{"taxonomy":"product_cat","embeddable":true,"href":"https:\/\/roveyayinevi.com.tr\/index.php\/wp-json\/wp\/v2\/product_cat?post=758306"},{"taxonomy":"product_tag","embeddable":true,"href":"https:\/\/roveyayinevi.com.tr\/index.php\/wp-json\/wp\/v2\/product_tag?post=758306"}],"curies":[{"name":"wp","href":"https:\/\/api.w.org\/{rel}","templated":true}]}}