{"id":758301,"date":"2025-08-28T08:00:15","date_gmt":"2025-08-28T05:00:15","guid":{"rendered":"https:\/\/roveyayinevi.com.tr\/index.php\/urun\/sozun-dususu\/"},"modified":"2026-04-16T03:11:21","modified_gmt":"2026-04-16T00:11:21","slug":"sozun-dususu","status":"publish","type":"product","link":"https:\/\/roveyayinevi.com.tr\/index.php\/urun\/sozun-dususu\/","title":{"rendered":"S\u00f6z\u00fcn D\u00fc\u015f\u00fc\u015f\u00fc"},"content":{"rendered":"<p>Modernitenin tarihi, \u2018s\u00f6z\u2019\u00fcn\/\u2018kelam\u2019\u0131n fiilen d\u00fc\u015f\u00fc\u015f\u00fcn\u00fcn\/de\u011fersizle\u015ftirilmesinin de tarihidir. Tekni\u011fin, modern bilimin ve kapitalizmin (para ve iktidar\u0131n) \u00e7a\u011f\u0131 \u2018imaj\u2019\u0131n\/\u2018g\u00f6z\u2019\u00fcn \u2018s\u00f6z\u2019e\/\u2018kulak\u2019a \u00fcst\u00fcn g\u00f6r\u00fcld\u00fc\u011f\u00fc \u00e7a\u011fd\u0131r; Nietzscheci tabirle nihilistik bir \u00e7a\u011f. Bu \u00e7a\u011fda insani varolu\u015fun anlam\u0131 \u2018s\u00f6z\u2019\u00fcn\/\u2018anlam\u2019\u0131n d\u00fc\u015f\u00fc\u015f\u00fcne paralel olarak indirgenmi\u015f, daralt\u0131lm\u0131\u015ft\u0131r.Ellul dilin, insani varolu\u015fun temelinde yer ald\u0131\u011f\u0131n\u0131 izah ediyor ve \u00e7er\u00e7eveyi bireyden toplum ve devlete do\u011fru geni\u015fleterek modern toplumsal ve politik sorunlar\u0131n kayna\u011f\u0131 durumundaki zihinsel k\u0131r\u0131lmalar\u0131 da mercek alt\u0131na al\u0131yor. Dolay\u0131s\u0131yla S\u00f6z\u00fcn D\u00fc\u015f\u00fc\u015f\u00fc yaln\u0131zca dil, felsefe ve teolojiyle de\u011fil, ayn\u0131 zamanda sosyal bilimlerle de ilgili bir kitap.Ellul, s\u00f6z\/i\u015fitsel ile imaj\/g\u00f6rsel aras\u0131ndaki dikotominin modern d\u00f6nemde imaj\/g\u00f6rsel lehine nas\u0131l yeniden kuruldu\u011funu if\u015fa ederken benzeri bir hataya d\u00fc\u015fm\u00fcyor ve her birinin yerini ve hakk\u0131n\u0131 teslim edip s\u00f6z ile imaj aras\u0131ndaki kaybedilmi\u015f \u201cdenge\u201dyi bulmak i\u00e7in soru\u015fturmay\u0131 \u0130lk ve Orta\u00e7a\u011f\u2019a kadar geni\u015fletiyor; diyalekti\u011fi\/refleksiyonu sonuna kadar i\u015fletiyor. \u2018S\u00f6z\u2019\u00fcn\/\u2018Dil\u2019in yine dil hakk\u0131ndaki kimi modern teorilerle ve bizatihi konu\u015fma ve yaz\u0131yla \u201ct\u00fcketilmesini\u201d ele\u015ftiriyor; konu\u015fma ve yaz\u0131n\u0131n suistimali, konu\u015fma ve yaz\u0131 \u201cenflasyonu\u201d yoluyla \u2018S\u00f6z\u2019\u00fcn \u201cdeva\u00fcle\u201d edilmesini.Ellul\u2019\u00fcn d\u00fc\u015f\u00fcncesine h\u00e2kim olan, diyalektik \u201czorunluluk\u201d ile \u201c\u00f6zg\u00fcrl\u00fck\u201d aras\u0131ndaki diyalektiktir. Bu durumda \u201cger\u00e7eklik\u201d imaj, \u201chakikat\/inan\u00e7\u201d ise s\u00f6z alan\u0131nda ikamet eder. S\u00f6z, \u201cinsan\u0131n \u00f6zg\u00fcrl\u00fc\u011f\u00fc\u201dn\u00fcn ger\u00e7ekle\u015fti\u011fi yeg\u00e2ne aland\u0131r. S\u00f6z\u00fcn D\u00fc\u015f\u00fc\u015f\u00fc, \u2018S\u00f6z\u2019\u00fcn\/\u2018Dil\u2019in kurtar\u0131lmas\u0131na ve nihilizmin a\u015f\u0131lmas\u0131na adanm\u0131\u015f bir kitapt\u0131r. \u2018S\u00f6z\u2019\u00fcn kurtulu\u015fu, insan\u0131n da kurtulu\u015fudur.<\/p>\n","protected":false},"excerpt":{"rendered":"<p>Modernitenin tarihi, \u2018s\u00f6z\u2019\u00fcn\/\u2018kelam\u2019\u0131n fiilen d\u00fc\u015f\u00fc\u015f\u00fcn\u00fcn\/de\u011fersizle\u015ftirilmesinin de tarihidir. Tekni\u011fin, modern bilimin ve kapitalizmin (para ve iktidar\u0131n) \u00e7a\u011f\u0131 \u2018imaj\u2019\u0131n\/\u2018g\u00f6z\u2019\u00fcn \u2018s\u00f6z\u2019e\/\u2018kulak\u2019a \u00fcst\u00fcn g\u00f6r\u00fcld\u00fc\u011f\u00fc \u00e7a\u011fd\u0131r; Nietzscheci tabirle nihilistik bir \u00e7a\u011f.<span class=\"excerpt-hellip\"> [\u2026]<\/span><\/p>\n","protected":false},"featured_media":0,"template":"","meta":{"_monsterinsights_skip_tracking":false,"_monsterinsights_sitenote_active":false,"_monsterinsights_sitenote_note":"","_monsterinsights_sitenote_category":0},"product_brand":[],"product_cat":[12364],"product_tag":[],"class_list":{"0":"post-758301","1":"product","2":"type-product","3":"status-publish","5":"product_cat-genel-konular","6":"pa_cilt-ciltsiz","7":"pa_tur-kitap","8":"pa_yayinevi-paradigma-yayinlari","9":"pa_yazar-jacques-ellul","11":"first","12":"instock","13":"sale","14":"shipping-taxable","15":"purchasable","16":"product-type-simple"},"_links":{"self":[{"href":"https:\/\/roveyayinevi.com.tr\/index.php\/wp-json\/wp\/v2\/product\/758301","targetHints":{"allow":["GET"]}}],"collection":[{"href":"https:\/\/roveyayinevi.com.tr\/index.php\/wp-json\/wp\/v2\/product"}],"about":[{"href":"https:\/\/roveyayinevi.com.tr\/index.php\/wp-json\/wp\/v2\/types\/product"}],"wp:attachment":[{"href":"https:\/\/roveyayinevi.com.tr\/index.php\/wp-json\/wp\/v2\/media?parent=758301"}],"wp:term":[{"taxonomy":"product_brand","embeddable":true,"href":"https:\/\/roveyayinevi.com.tr\/index.php\/wp-json\/wp\/v2\/product_brand?post=758301"},{"taxonomy":"product_cat","embeddable":true,"href":"https:\/\/roveyayinevi.com.tr\/index.php\/wp-json\/wp\/v2\/product_cat?post=758301"},{"taxonomy":"product_tag","embeddable":true,"href":"https:\/\/roveyayinevi.com.tr\/index.php\/wp-json\/wp\/v2\/product_tag?post=758301"}],"curies":[{"name":"wp","href":"https:\/\/api.w.org\/{rel}","templated":true}]}}