{"id":758282,"date":"2025-08-28T07:59:52","date_gmt":"2025-08-28T04:59:52","guid":{"rendered":"https:\/\/roveyayinevi.com.tr\/index.php\/urun\/zor-cocuk-2\/"},"modified":"2026-04-16T03:11:21","modified_gmt":"2026-04-16T00:11:21","slug":"zor-cocuk-2","status":"publish","type":"product","link":"https:\/\/roveyayinevi.com.tr\/index.php\/urun\/zor-cocuk-2\/","title":{"rendered":"Zor \u00c7ocuk"},"content":{"rendered":"<p>Ebeveynli\u011fin b\u00f6yle olaca\u011f\u0131n\u0131 hi\u00e7 d\u00fc\u015f\u00fcnmemi\u015ftiniz. Kolay olmayaca\u011f\u0131n\u0131 biliyordunuz tabii ama bu kadar zor olaca\u011f\u0131n\u0131 da tahmin etmemi\u015ftiniz. En k\u00fc\u00e7\u00fck talebinize bile itiraz ediyor; yemek yemeye, yatma saatine, aile i\u00e7inde ge\u00e7erli kurallara, \u00f6dev yapmaya, bilgisayar oyununu b\u0131rakmaya direniyor.Onu bu kadar \u00e7abuk \u00f6fkelendiren \u015feyin ne oldu\u011funu, nas\u0131l bu kadar \u00e7abuk tetiklendi\u011fini anlamaya \u00e7al\u0131\u015fmaktan yorgun; evdeki \u00e7at\u0131\u015fmalar kar\u015f\u0131s\u0131nda bunalm\u0131\u015f hissediyorsan\u0131z \u00f6nce derin bir nefes al\u0131n ve bu kitaba bir bak\u0131n!Dr. Jeffry Bernstein, yirmi be\u015f y\u0131l\u0131n\u0131 kar\u015f\u0131 gelen \u00e7ocuklar ve aileleriyle ge\u00e7iren, \u00fc\u00e7 binden fazla aileye bu konuda rehberlik eden bir uzman olarak size \u0131\u015f\u0131\u011f\u0131n hi\u00e7 de uzakta olmad\u0131\u011f\u0131n\u0131 g\u00f6steriyor. Haz\u0131rlad\u0131\u011f\u0131 \u201c10 G\u00fcnl\u00fck Program\u201d ile evdeki \u00e7at\u0131\u015fmalar\u0131 ad\u0131m ad\u0131m ilerleyerek nas\u0131l \u00e7\u00f6zece\u011finizi, \u00e7ocu\u011funuzun inat\u00e7\u0131 ve kar\u015f\u0131 gelen tavr\u0131n\u0131 birlikte nas\u0131l de\u011fi\u015ftirebilece\u011finizi a\u00e7\u0131kl\u0131yor.Birbirini takip eden 10 ad\u0131mla her g\u00fcn biraz daha iyiye gittik\u00e7e bu programa duydu\u011funuz g\u00fcveni peki\u015ftirecek; sakin, kararl\u0131 ama kontrolc\u00fc olmayan bir ebeveynlik tutumu geli\u015ftirerek evinizde bamba\u015fka hava estireceksiniz.\u201cBu kitab\u0131 okuma karar\u0131 ald\u0131\u011f\u0131n\u0131z i\u00e7in sizi alk\u0131\u015fl\u0131yorum. Sayfalar ilerledik\u00e7e kitab\u0131n \u00e7ocu\u011funuzun kar\u015f\u0131 gelme seviyesini ciddi oranda azaltacak bir s\u00fcr\u00fc g\u00fc\u00e7l\u00fc strateji y\u00fckl\u00fc oldu\u011funu fark edecek ve bunlar\u0131 uygulay\u0131p \u00e7ocu\u011funuzla ili\u015fkinizi geli\u015ftirdik\u00e7e i\u015flerin nas\u0131l yoluna girdi\u011fini g\u00f6receksiniz. Kendi davran\u0131\u015flar\u0131n\u0131z\u0131 de\u011ferlendirmeniz ve \u00e7ocu\u011funuza daha yap\u0131c\u0131 bir \u015fekilde yakla\u015fman\u0131z i\u00e7in size birtak\u0131m t\u00fcyolar ve egzersizler de verece\u011fim. Dan\u0131\u015fanlar\u0131m\u0131n \u00e7o\u011fu bu hedeflere nas\u0131l ula\u015ft\u0131ysa sizin de ula\u015fabilece\u011finizi biliyorum.\u201d<\/p>\n","protected":false},"excerpt":{"rendered":"<p>Ebeveynli\u011fin b\u00f6yle olaca\u011f\u0131n\u0131 hi\u00e7 d\u00fc\u015f\u00fcnmemi\u015ftiniz. Kolay olmayaca\u011f\u0131n\u0131 biliyordunuz tabii ama bu kadar zor olaca\u011f\u0131n\u0131 da tahmin etmemi\u015ftiniz. En k\u00fc\u00e7\u00fck talebinize bile itiraz ediyor; yemek yemeye, yatma<span class=\"excerpt-hellip\"> [\u2026]<\/span><\/p>\n","protected":false},"featured_media":0,"template":"","meta":{"_monsterinsights_skip_tracking":false,"_monsterinsights_sitenote_active":false,"_monsterinsights_sitenote_note":"","_monsterinsights_sitenote_category":0},"product_brand":[],"product_cat":[12831,12324],"product_tag":[],"class_list":{"0":"post-758282","1":"product","2":"type-product","3":"status-publish","5":"product_cat-aile-ve-cocuk","6":"product_cat-sosyoloji","7":"pa_cilt-ciltsiz","8":"pa_tur-kitap","9":"pa_yayinevi-timas-yayinlari","10":"pa_yazar-jeffrey-bernstein","12":"first","13":"instock","14":"sale","15":"shipping-taxable","16":"purchasable","17":"product-type-simple"},"_links":{"self":[{"href":"https:\/\/roveyayinevi.com.tr\/index.php\/wp-json\/wp\/v2\/product\/758282","targetHints":{"allow":["GET"]}}],"collection":[{"href":"https:\/\/roveyayinevi.com.tr\/index.php\/wp-json\/wp\/v2\/product"}],"about":[{"href":"https:\/\/roveyayinevi.com.tr\/index.php\/wp-json\/wp\/v2\/types\/product"}],"wp:attachment":[{"href":"https:\/\/roveyayinevi.com.tr\/index.php\/wp-json\/wp\/v2\/media?parent=758282"}],"wp:term":[{"taxonomy":"product_brand","embeddable":true,"href":"https:\/\/roveyayinevi.com.tr\/index.php\/wp-json\/wp\/v2\/product_brand?post=758282"},{"taxonomy":"product_cat","embeddable":true,"href":"https:\/\/roveyayinevi.com.tr\/index.php\/wp-json\/wp\/v2\/product_cat?post=758282"},{"taxonomy":"product_tag","embeddable":true,"href":"https:\/\/roveyayinevi.com.tr\/index.php\/wp-json\/wp\/v2\/product_tag?post=758282"}],"curies":[{"name":"wp","href":"https:\/\/api.w.org\/{rel}","templated":true}]}}