{"id":758273,"date":"2025-08-28T07:59:40","date_gmt":"2025-08-28T04:59:40","guid":{"rendered":"https:\/\/roveyayinevi.com.tr\/index.php\/urun\/iste-basari\/"},"modified":"2026-04-16T03:11:21","modified_gmt":"2026-04-16T00:11:21","slug":"iste-basari","status":"publish","type":"product","link":"https:\/\/roveyayinevi.com.tr\/index.php\/urun\/iste-basari\/","title":{"rendered":"\u0130\u015f&#8217;te Ba\u015far\u0131"},"content":{"rendered":"<p>Bekir Okan&#8217;la beni hem Gaziantepli olmak, hem de asker arkada\u015fl\u0131\u011f\u0131 bir araya getirdi. Sonras\u0131nda olu\u015fan dostluk herhalde ku\u015faklar boyu s\u00fcrecektir. Onun ba\u015far\u0131lar\u0131n\u0131 kendimin gibi g\u00f6r\u00fcyorum.Mehmet BARLAS Sabah Gazetesi Ba\u015fyazar\u0131Hani D\u00fcnyam\u0131zdan bahsederken kelebek etkisinden, ar\u0131lar\u0131n eksikli\u011finin do\u011furaca\u011f\u0131 zararlar\u0131 konu\u015fuyoruz ya Bekir Okan da i\u015fte o ar\u0131lardan. Ke\u015fke \u00fclkemizde say\u0131lar\u0131 daha fazla olsa.Te\u015fekk\u00fcrler Bekir Okan.Murat VARGI \u0130\u015fadam\u0131\u0130\u015fadam\u0131 Okan \u00dcniversitesi Kurucusu ve M\u00fctevelli Heyet Ba\u015fkan\u0131 de\u011ferli dostum Bekir Okan&#8217;\u0131n kitab\u0131n\u0131 keyifle okumu\u015ftum.T\u00fcrkiye&#8217;nin yak\u0131n siyasi tarihi, Okan&#8217;\u0131n deneyimleri, an\u0131lar\u0131yla harmanlanm\u0131\u015ft\u0131. \u015eimdi de o kitab\u0131n devam\u0131&#8230;Gene zevkle okuyacaks\u0131n\u0131z. Bazen g\u00fcl\u00fcmseyece\u011finiz an\u0131larla, bazen d\u00fc\u015f\u00fcnd\u00fcr\u00fcc\u00fc g\u00f6zlemlerle Bekir Okan yak\u0131n siyasi, ekonomik tarihin, T\u00fcrki Cumhuriyetlerin 2. Perdesini a\u00e7makta.G\u00fcneri C\u0130VAO\u011eLU Milliyet Gazetesi Ba\u015fyazar\u0131Bug\u00fcn bir \u00e7ok sekt\u00f6rde ger\u00e7ekle\u015ftirdi\u011finiz k\u0131ymetli yat\u0131r\u0131mlar\u0131n\u0131za, \u00fclkemize, insana, e\u011fitime, sa\u011fl\u0131\u011fa ve istihdama sa\u011flad\u0131\u011f\u0131n\u0131z katk\u0131lar\u0131n\u0131za, bu yolda verdi\u011finiz ve s\u00fcrd\u00fcrd\u00fc\u011f\u00fcn\u00fcz b\u00fcy\u00fck eme\u011finize ve ortaya \u00e7\u0131kan hakl\u0131 ba\u015far\u0131lar\u0131n\u0131za \u015fimdi de b\u00f6ylesi bir kitapla gen\u00e7lere \u0131\u015f\u0131k tutmak, cesaret vermek, hatta yol g\u00f6sterici olmak misyonunuzu ekledi\u011finiz i\u00e7in sizi y\u00fcrekten tebrik ediyor, ba\u015far\u0131lar\u0131n\u0131z\u0131n daim ve herkese \u00f6rnek olmas\u0131 temennilerimle size ailenizle birlikte sa\u011fl\u0131kl\u0131 ve mutlu daha nice y\u0131llar diliyorum.Ali KO\u00c7 Fenerbah\u00e7e Spor Kul\u00fcb\u00fc Ba\u015fkan\u0131<\/p>\n","protected":false},"excerpt":{"rendered":"<p>Bekir Okan&#8217;la beni hem Gaziantepli olmak, hem de asker arkada\u015fl\u0131\u011f\u0131 bir araya getirdi. Sonras\u0131nda olu\u015fan dostluk herhalde ku\u015faklar boyu s\u00fcrecektir. Onun ba\u015far\u0131lar\u0131n\u0131 kendimin gibi g\u00f6r\u00fcyorum.Mehmet BARLAS<span class=\"excerpt-hellip\"> [\u2026]<\/span><\/p>\n","protected":false},"featured_media":0,"template":"","meta":{"_monsterinsights_skip_tracking":false,"_monsterinsights_sitenote_active":false,"_monsterinsights_sitenote_note":"","_monsterinsights_sitenote_category":0},"product_brand":[],"product_cat":[12304],"product_tag":[],"class_list":{"0":"post-758273","1":"product","2":"type-product","3":"status-publish","5":"product_cat-tarih","6":"pa_cilt-ciltsiz","7":"pa_tur-kitap","8":"pa_yayinevi-istanbul-okan-universitesi","9":"pa_yazar-okan-kollektif","11":"first","12":"instock","13":"sale","14":"shipping-taxable","15":"purchasable","16":"product-type-simple"},"_links":{"self":[{"href":"https:\/\/roveyayinevi.com.tr\/index.php\/wp-json\/wp\/v2\/product\/758273","targetHints":{"allow":["GET"]}}],"collection":[{"href":"https:\/\/roveyayinevi.com.tr\/index.php\/wp-json\/wp\/v2\/product"}],"about":[{"href":"https:\/\/roveyayinevi.com.tr\/index.php\/wp-json\/wp\/v2\/types\/product"}],"wp:attachment":[{"href":"https:\/\/roveyayinevi.com.tr\/index.php\/wp-json\/wp\/v2\/media?parent=758273"}],"wp:term":[{"taxonomy":"product_brand","embeddable":true,"href":"https:\/\/roveyayinevi.com.tr\/index.php\/wp-json\/wp\/v2\/product_brand?post=758273"},{"taxonomy":"product_cat","embeddable":true,"href":"https:\/\/roveyayinevi.com.tr\/index.php\/wp-json\/wp\/v2\/product_cat?post=758273"},{"taxonomy":"product_tag","embeddable":true,"href":"https:\/\/roveyayinevi.com.tr\/index.php\/wp-json\/wp\/v2\/product_tag?post=758273"}],"curies":[{"name":"wp","href":"https:\/\/api.w.org\/{rel}","templated":true}]}}