{"id":758270,"date":"2025-08-28T07:59:36","date_gmt":"2025-08-28T04:59:36","guid":{"rendered":"https:\/\/roveyayinevi.com.tr\/index.php\/urun\/piyano-icin-9-makamsal-ezgi\/"},"modified":"2026-04-16T03:11:21","modified_gmt":"2026-04-16T00:11:21","slug":"piyano-icin-9-makamsal-ezgi","status":"publish","type":"product","link":"https:\/\/roveyayinevi.com.tr\/index.php\/urun\/piyano-icin-9-makamsal-ezgi\/","title":{"rendered":"Piyano \u0130\u00e7in 9 Makamsal Ezgi"},"content":{"rendered":"<p>Kitapta bulunan 9 makamsal ezgiden baz\u0131lar\u0131, \u00f6rne\u011fin, \u201cMukadderat\u201d Milli E\u011fitim Bakanl\u0131\u011f\u0131n\u0131n G\u00fczel Sanatlar Liseleri i\u00e7in yakla\u015f\u0131k 10 y\u0131ld\u0131r yenilemekte oldu\u011fu oldu\u011fu ders kitaplar\u0131ndan birinde yer ald\u0131. T\u00fcrk m\u00fczi\u011finin daha geni\u015f \u00f6l\u00e7ekte \u00f6\u011fretimi amac\u0131yla giri\u015filen bu \u00e7aba \u00f6nemlidir. Ne var ki bu \u00e7aban\u0131n do\u011fru y\u00f6nde ilerlemesi i\u00e7in bakanl\u0131\u011f\u0131n belirledi\u011fi \u201ckitap yazma komisyonlar\u0131\u201d ehliyet ve liyakat \u00f6l\u00e7\u00fctlerine g\u00f6re ve ilgili \u00fcniversitelerle ileti\u015fim halinde olu\u015fturulursa daha iyi sonu\u00e7lar al\u0131nabilir.Piyano i\u00e7in 9 makamsal ezgi yaln\u0131zca makam, \u00e7e\u015fni ya da geleneksel \u00fcsluba y\u00f6nelik kazan\u0131mlar de\u011fil ayn\u0131 zamanda motif, c\u00fcmle yap\u0131s\u0131, soru-cevap gibi temel yaz\u0131 teknikleri ve analize uygun bir armonik yap\u0131 ile b\u00fct\u00fcnc\u00fcl bir anlay\u0131\u015f i\u00e7inde olu\u015fturulmaya \u00e7al\u0131\u015f\u0131ld\u0131.<\/p>\n","protected":false},"excerpt":{"rendered":"<p>Kitapta bulunan 9 makamsal ezgiden baz\u0131lar\u0131, \u00f6rne\u011fin, \u201cMukadderat\u201d Milli E\u011fitim Bakanl\u0131\u011f\u0131n\u0131n G\u00fczel Sanatlar Liseleri i\u00e7in yakla\u015f\u0131k 10 y\u0131ld\u0131r yenilemekte oldu\u011fu oldu\u011fu ders kitaplar\u0131ndan birinde yer ald\u0131.<span class=\"excerpt-hellip\"> [\u2026]<\/span><\/p>\n","protected":false},"featured_media":0,"template":"","meta":{"_monsterinsights_skip_tracking":false,"_monsterinsights_sitenote_active":false,"_monsterinsights_sitenote_note":"","_monsterinsights_sitenote_category":0},"product_brand":[],"product_cat":[14556],"product_tag":[],"class_list":{"0":"post-758270","1":"product","2":"type-product","3":"status-publish","5":"product_cat-muzik","6":"pa_cilt-ciltsiz","7":"pa_tur-kitap","8":"pa_yayinevi-istanbul-okan-universitesi","9":"pa_yazar-naci-madanoglu","11":"first","12":"instock","13":"sale","14":"shipping-taxable","15":"purchasable","16":"product-type-simple"},"_links":{"self":[{"href":"https:\/\/roveyayinevi.com.tr\/index.php\/wp-json\/wp\/v2\/product\/758270","targetHints":{"allow":["GET"]}}],"collection":[{"href":"https:\/\/roveyayinevi.com.tr\/index.php\/wp-json\/wp\/v2\/product"}],"about":[{"href":"https:\/\/roveyayinevi.com.tr\/index.php\/wp-json\/wp\/v2\/types\/product"}],"wp:attachment":[{"href":"https:\/\/roveyayinevi.com.tr\/index.php\/wp-json\/wp\/v2\/media?parent=758270"}],"wp:term":[{"taxonomy":"product_brand","embeddable":true,"href":"https:\/\/roveyayinevi.com.tr\/index.php\/wp-json\/wp\/v2\/product_brand?post=758270"},{"taxonomy":"product_cat","embeddable":true,"href":"https:\/\/roveyayinevi.com.tr\/index.php\/wp-json\/wp\/v2\/product_cat?post=758270"},{"taxonomy":"product_tag","embeddable":true,"href":"https:\/\/roveyayinevi.com.tr\/index.php\/wp-json\/wp\/v2\/product_tag?post=758270"}],"curies":[{"name":"wp","href":"https:\/\/api.w.org\/{rel}","templated":true}]}}