{"id":758268,"date":"2025-08-28T07:59:34","date_gmt":"2025-08-28T04:59:34","guid":{"rendered":"https:\/\/roveyayinevi.com.tr\/index.php\/urun\/uygulamali-xml-teknolojileri-ve-gml\/"},"modified":"2026-04-16T03:11:21","modified_gmt":"2026-04-16T00:11:21","slug":"uygulamali-xml-teknolojileri-ve-gml","status":"publish","type":"product","link":"https:\/\/roveyayinevi.com.tr\/index.php\/urun\/uygulamali-xml-teknolojileri-ve-gml\/","title":{"rendered":"Uygulamal\u0131 XML Teknolojileri ve GML"},"content":{"rendered":"<p>Bu kitapta; daha \u00f6nce bas\u0131lan kitaplardan farkl\u0131 olarak GML, XML ve GML \u015femalar\u0131 konusu detayl\u0131 olarak incelemekte ve \u00f6rneklendirmektedir. Ayr\u0131ca; geli\u015fen teknolojiye uymas\u0131, kullan\u0131lan teknolojilerin b\u00fct\u00fcn\u00fcn\u00fc a\u00e7\u0131klamas\u0131 ve harita m\u00fchendisli\u011fi ile CBS alan\u0131nda kullan\u0131lma ihtimali az olan konular\u0131 sadece \u00f6zetlemesi y\u00f6n\u00fcyle de daha \u00f6nce bas\u0131lm\u0131\u015f XML kitaplar\u0131ndan farkl\u0131d\u0131r.<\/p>\n","protected":false},"excerpt":{"rendered":"<p>Bu kitapta; daha \u00f6nce bas\u0131lan kitaplardan farkl\u0131 olarak GML, XML ve GML \u015femalar\u0131 konusu detayl\u0131 olarak incelemekte ve \u00f6rneklendirmektedir. Ayr\u0131ca; geli\u015fen teknolojiye uymas\u0131, kullan\u0131lan teknolojilerin b\u00fct\u00fcn\u00fcn\u00fc<span class=\"excerpt-hellip\"> [\u2026]<\/span><\/p>\n","protected":false},"featured_media":0,"template":"","meta":{"_monsterinsights_skip_tracking":false,"_monsterinsights_sitenote_active":false,"_monsterinsights_sitenote_note":"","_monsterinsights_sitenote_category":0},"product_brand":[],"product_cat":[13005],"product_tag":[],"class_list":{"0":"post-758268","1":"product","2":"type-product","3":"status-publish","5":"product_cat-bilim-muhendislik","6":"pa_cilt-ciltsiz","7":"pa_tur-kitap","8":"pa_yayinevi-istanbul-okan-universitesi","9":"pa_yazar-birol-alas","11":"first","12":"instock","13":"sale","14":"shipping-taxable","15":"purchasable","16":"product-type-simple"},"_links":{"self":[{"href":"https:\/\/roveyayinevi.com.tr\/index.php\/wp-json\/wp\/v2\/product\/758268","targetHints":{"allow":["GET"]}}],"collection":[{"href":"https:\/\/roveyayinevi.com.tr\/index.php\/wp-json\/wp\/v2\/product"}],"about":[{"href":"https:\/\/roveyayinevi.com.tr\/index.php\/wp-json\/wp\/v2\/types\/product"}],"wp:attachment":[{"href":"https:\/\/roveyayinevi.com.tr\/index.php\/wp-json\/wp\/v2\/media?parent=758268"}],"wp:term":[{"taxonomy":"product_brand","embeddable":true,"href":"https:\/\/roveyayinevi.com.tr\/index.php\/wp-json\/wp\/v2\/product_brand?post=758268"},{"taxonomy":"product_cat","embeddable":true,"href":"https:\/\/roveyayinevi.com.tr\/index.php\/wp-json\/wp\/v2\/product_cat?post=758268"},{"taxonomy":"product_tag","embeddable":true,"href":"https:\/\/roveyayinevi.com.tr\/index.php\/wp-json\/wp\/v2\/product_tag?post=758268"}],"curies":[{"name":"wp","href":"https:\/\/api.w.org\/{rel}","templated":true}]}}