{"id":758253,"date":"2025-08-28T07:59:19","date_gmt":"2025-08-28T04:59:19","guid":{"rendered":"https:\/\/roveyayinevi.com.tr\/index.php\/urun\/modern-lineer-cebir-ve-uygulamalari\/"},"modified":"2026-04-16T03:11:20","modified_gmt":"2026-04-16T00:11:20","slug":"modern-lineer-cebir-ve-uygulamalari","status":"publish","type":"product","link":"https:\/\/roveyayinevi.com.tr\/index.php\/urun\/modern-lineer-cebir-ve-uygulamalari\/","title":{"rendered":"Modern Lineer Cebir ve Uygulamalar\u0131"},"content":{"rendered":"<p>Kitapta ele al\u0131nan her bir teorem, \u00f6zellik, \u00f6nerme ve sonu\u00e7 ayr\u0131nt\u0131l\u0131 bir bi\u00e7imde ispat edilmekte, t\u00fcm \u00f6rnekler en ince detaylara kadar a\u00e7\u0131klanarak \u00e7\u00f6z\u00fclmektedir.<br \/>Bu kitap \u00fcniversitelerin matematik, fizik gibi temel bilim b\u00f6l\u00fcmleri ile t\u00fcm m\u00fchendislik b\u00f6l\u00fcmlerinin \u00f6\u011frencileri, doktora \u00f6\u011frencileri ve \u00f6\u011fretim \u00fcyeleri i\u00e7in hem bir ders kitab\u0131 hem de bir ba\u015fvuru kayna\u011f\u0131 niteli\u011findedir.Kitab\u0131n haz\u0131rlan\u0131\u015f\u0131 s\u0131ras\u0131nda \u00e7e\u015fitli d\u00fc\u015f\u00fcnce ve ele\u015ftirileri ile bize destek olan meslekta\u015flar\u0131m\u0131za, \u00f6zellikle Prof. Dr. Elman Hasanov&#8217;a \u00f6neri ve katk\u0131lar\u0131ndan dolay\u0131 \u015f\u00fckranlar\u0131m\u0131z\u0131 sunar\u0131z.<\/p>\n","protected":false},"excerpt":{"rendered":"<p>Kitapta ele al\u0131nan her bir teorem, \u00f6zellik, \u00f6nerme ve sonu\u00e7 ayr\u0131nt\u0131l\u0131 bir bi\u00e7imde ispat edilmekte, t\u00fcm \u00f6rnekler en ince detaylara kadar a\u00e7\u0131klanarak \u00e7\u00f6z\u00fclmektedir.Bu kitap \u00fcniversitelerin matematik,<span class=\"excerpt-hellip\"> [\u2026]<\/span><\/p>\n","protected":false},"featured_media":0,"template":"","meta":{"_monsterinsights_skip_tracking":false,"_monsterinsights_sitenote_active":false,"_monsterinsights_sitenote_note":"","_monsterinsights_sitenote_category":0},"product_brand":[],"product_cat":[13005],"product_tag":[],"class_list":{"0":"post-758253","1":"product","2":"type-product","3":"status-publish","5":"product_cat-bilim-muhendislik","6":"pa_cilt-ciltsiz","7":"pa_tur-kitap","8":"pa_yayinevi-istanbul-okan-universitesi","9":"pa_yazar-gokhan-uzgoren","10":"pa_yazar-veli-sahmurov","12":"first","13":"instock","14":"sale","15":"shipping-taxable","16":"purchasable","17":"product-type-simple"},"_links":{"self":[{"href":"https:\/\/roveyayinevi.com.tr\/index.php\/wp-json\/wp\/v2\/product\/758253","targetHints":{"allow":["GET"]}}],"collection":[{"href":"https:\/\/roveyayinevi.com.tr\/index.php\/wp-json\/wp\/v2\/product"}],"about":[{"href":"https:\/\/roveyayinevi.com.tr\/index.php\/wp-json\/wp\/v2\/types\/product"}],"wp:attachment":[{"href":"https:\/\/roveyayinevi.com.tr\/index.php\/wp-json\/wp\/v2\/media?parent=758253"}],"wp:term":[{"taxonomy":"product_brand","embeddable":true,"href":"https:\/\/roveyayinevi.com.tr\/index.php\/wp-json\/wp\/v2\/product_brand?post=758253"},{"taxonomy":"product_cat","embeddable":true,"href":"https:\/\/roveyayinevi.com.tr\/index.php\/wp-json\/wp\/v2\/product_cat?post=758253"},{"taxonomy":"product_tag","embeddable":true,"href":"https:\/\/roveyayinevi.com.tr\/index.php\/wp-json\/wp\/v2\/product_tag?post=758253"}],"curies":[{"name":"wp","href":"https:\/\/api.w.org\/{rel}","templated":true}]}}