{"id":758250,"date":"2025-08-28T07:59:16","date_gmt":"2025-08-28T04:59:16","guid":{"rendered":"https:\/\/roveyayinevi.com.tr\/index.php\/urun\/kuresel-isinma-ve-alinan-onlemler-gida-petrol-fiyatlari-iliskisini-degistirdi-mi\/"},"modified":"2026-04-16T03:11:20","modified_gmt":"2026-04-16T00:11:20","slug":"kuresel-isinma-ve-alinan-onlemler-gida-petrol-fiyatlari-iliskisini-degistirdi-mi","status":"publish","type":"product","link":"https:\/\/roveyayinevi.com.tr\/index.php\/urun\/kuresel-isinma-ve-alinan-onlemler-gida-petrol-fiyatlari-iliskisini-degistirdi-mi\/","title":{"rendered":"K\u00fcresel Is\u0131nma ve Al\u0131nan \u00d6nlemler G\u0131da-Petrol Fiyatlar\u0131 \u0130li\u015fkisini De\u011fi\u015ftirdi mi?"},"content":{"rendered":"<p>G\u0131da fiyatlar\u0131ndaki de\u011fi\u015fkenlik bir yandan \u00fclkelerin enflasyon oranlar\u0131 \u00fczerinde bask\u0131 yapmakta, di\u011fer yandan k\u00fcresel \u00f6l\u00e7ekte a\u00e7l\u0131\u011f\u0131 tehdit eden bir unsur olmaktad\u0131r. Ekonomik ve sosyal sebeplere ba\u011fl\u0131 olarak, politika yap\u0131c\u0131lar\u0131 i\u00e7in g\u0131da fiyatlar\u0131n\u0131 etkileyen fakt\u00f6rlerin belirlenmesi fiyat de\u011fi\u015fikli\u011finin kontrol al\u0131nmas\u0131 bak\u0131m\u0131ndan \u00f6nem arz etmektedir. Bu \u00e7al\u0131\u015fmada, \u00f6ncelikle d\u00fcnya g\u0131da sekt\u00f6r\u00fc, g\u0131da fiyatlar\u0131n\u0131 etkileyen arz ve talep kaynakl\u0131 etkenler ile d\u00fcnya enerji piyasas\u0131 incelenmi\u015f, ard\u0131ndan g\u00fcbre, g\u0131da, do\u011falgaz ve petrol fiyatlar\u0131 aras\u0131ndaki k\u0131sa ve uzun d\u00f6nem nedensellik ili\u015fkileri ara\u015ft\u0131r\u0131lm\u0131\u015ft\u0131r.<\/p>\n","protected":false},"excerpt":{"rendered":"<p>G\u0131da fiyatlar\u0131ndaki de\u011fi\u015fkenlik bir yandan \u00fclkelerin enflasyon oranlar\u0131 \u00fczerinde bask\u0131 yapmakta, di\u011fer yandan k\u00fcresel \u00f6l\u00e7ekte a\u00e7l\u0131\u011f\u0131 tehdit eden bir unsur olmaktad\u0131r. Ekonomik ve sosyal sebeplere ba\u011fl\u0131<span class=\"excerpt-hellip\"> [\u2026]<\/span><\/p>\n","protected":false},"featured_media":0,"template":"","meta":{"_monsterinsights_skip_tracking":false,"_monsterinsights_sitenote_active":false,"_monsterinsights_sitenote_note":"","_monsterinsights_sitenote_category":0},"product_brand":[],"product_cat":[13043],"product_tag":[],"class_list":{"0":"post-758250","1":"product","2":"type-product","3":"status-publish","5":"product_cat-ekonomi","6":"pa_cilt-ciltsiz","7":"pa_tur-kitap","8":"pa_yayinevi-istanbul-okan-universitesi","9":"pa_yazar-aynur-pala","11":"first","12":"instock","13":"sale","14":"shipping-taxable","15":"purchasable","16":"product-type-simple"},"_links":{"self":[{"href":"https:\/\/roveyayinevi.com.tr\/index.php\/wp-json\/wp\/v2\/product\/758250","targetHints":{"allow":["GET"]}}],"collection":[{"href":"https:\/\/roveyayinevi.com.tr\/index.php\/wp-json\/wp\/v2\/product"}],"about":[{"href":"https:\/\/roveyayinevi.com.tr\/index.php\/wp-json\/wp\/v2\/types\/product"}],"wp:attachment":[{"href":"https:\/\/roveyayinevi.com.tr\/index.php\/wp-json\/wp\/v2\/media?parent=758250"}],"wp:term":[{"taxonomy":"product_brand","embeddable":true,"href":"https:\/\/roveyayinevi.com.tr\/index.php\/wp-json\/wp\/v2\/product_brand?post=758250"},{"taxonomy":"product_cat","embeddable":true,"href":"https:\/\/roveyayinevi.com.tr\/index.php\/wp-json\/wp\/v2\/product_cat?post=758250"},{"taxonomy":"product_tag","embeddable":true,"href":"https:\/\/roveyayinevi.com.tr\/index.php\/wp-json\/wp\/v2\/product_tag?post=758250"}],"curies":[{"name":"wp","href":"https:\/\/api.w.org\/{rel}","templated":true}]}}