{"id":758237,"date":"2025-08-28T07:58:58","date_gmt":"2025-08-28T04:58:58","guid":{"rendered":"https:\/\/roveyayinevi.com.tr\/index.php\/urun\/necip-fazil-kisakurek-ciltli\/"},"modified":"2026-04-16T03:11:20","modified_gmt":"2026-04-16T00:11:20","slug":"necip-fazil-kisakurek-ciltli","status":"publish","type":"product","link":"https:\/\/roveyayinevi.com.tr\/index.php\/urun\/necip-fazil-kisakurek-ciltli\/","title":{"rendered":"Necip Faz\u0131l K\u0131sak\u00fcrek (Ciltli)"},"content":{"rendered":"<p>Bu kitapta Necip Faz\u0131l K\u0131sak\u00fcrek b\u00fct\u00fcn y\u00f6nleriyle ala al\u0131nmaya \u00e7al\u0131\u015f\u0131ld\u0131. Bu \u00e7er\u00e7evede K\u0131sak\u00fcrek\u2019in hayat\u0131, dil ve \u00fcsl\u00fbbu, \u015fiirleri, hik\u00e2yeleri, tiyatrolar\u0131, roman\u0131, poetikas\u0131, polemik\u00e7i yap\u0131s\u0131, fikir d\u00fcnyas\u0131 irdelendi. Bu yaz\u0131larda K\u0131sak\u00fcrek\u2019in varl\u0131\u011fa ve zamana genel olarak metafizik boyuttan yakla\u015ft\u0131\u011f\u0131 tespit edildi. Bu ba\u011flamda \u015fairdeki trajik ve \u0131st\u0131rapl\u0131 bir ruh h\u00e2linin, onun \u201cfikir \u00e7ilesi\u201d ba\u011flam\u0131nda \u00f6r\u00fcld\u00fc\u011f\u00fc ifade edildi. Necip Faz\u0131l\u2019\u0131n m\u00e2n\u00e2-madde tezad\u0131nda m\u00e2n\u00e2n\u0131n taraf\u0131nda oldu\u011fu, Allah\u2019\u0131n varl\u0131\u011f\u0131n\u0131 ve k\u00e2inat\u0131n gizemini alg\u0131lamada akl\u0131n yetersiz kald\u0131\u011f\u0131n\u0131 alg\u0131lamas\u0131yla madde ile b\u00fcy\u00fck bir m\u00fccadeleye girdi\u011fi tespit edildi.Necip Faz\u0131l K\u0131sak\u00fcrek\u2019in vefat\u0131n\u0131n 40. y\u0131l\u0131 dolay\u0131s\u0131yla haz\u0131rlanan bu kitapta otuz ara\u015ft\u0131rmac\u0131n\u0131n \u00f6zg\u00fcn yaz\u0131s\u0131 mevcuttur. Hakk\u0131nda bir\u00e7ok \u00e7al\u0131\u015fma yaz\u0131lm\u0131\u015f olsa da h\u00e2l\u00e2 yeni ve orijinal yaz\u0131lar\u0131n kaleme al\u0131nabilmesi, onun ne kadar \u00f6nemli bir sanat\u00e7\u0131 oldu\u011funu g\u00f6sterir. Necip Faz\u0131l\u2019\u0131 bu kitap vesilesiyle yeniden hat\u0131rlamak ve hat\u0131rlatmaktan b\u00fcy\u00fck k\u0131van\u00e7 duyuyoruz. Ruhu \u015fad olsun.<\/p>\n","protected":false},"excerpt":{"rendered":"<p>Bu kitapta Necip Faz\u0131l K\u0131sak\u00fcrek b\u00fct\u00fcn y\u00f6nleriyle ala al\u0131nmaya \u00e7al\u0131\u015f\u0131ld\u0131. Bu \u00e7er\u00e7evede K\u0131sak\u00fcrek\u2019in hayat\u0131, dil ve \u00fcsl\u00fbbu, \u015fiirleri, hik\u00e2yeleri, tiyatrolar\u0131, roman\u0131, poetikas\u0131, polemik\u00e7i yap\u0131s\u0131, fikir d\u00fcnyas\u0131<span class=\"excerpt-hellip\"> [\u2026]<\/span><\/p>\n","protected":false},"featured_media":0,"template":"","meta":{"_monsterinsights_skip_tracking":false,"_monsterinsights_sitenote_active":false,"_monsterinsights_sitenote_note":"","_monsterinsights_sitenote_category":0},"product_brand":[],"product_cat":[14009,12291],"product_tag":[],"class_list":{"0":"post-758237","1":"product","2":"type-product","3":"status-publish","5":"product_cat-biyografi-otobiyografi-edebiyat","6":"product_cat-edebiyat","7":"pa_cilt-ciltli","8":"pa_tur-kitap","9":"pa_yayinevi-ihlamur-kitap","10":"pa_yazar-ihlamur-kollektif","12":"first","13":"instock","14":"sale","15":"shipping-taxable","16":"purchasable","17":"product-type-simple"},"_links":{"self":[{"href":"https:\/\/roveyayinevi.com.tr\/index.php\/wp-json\/wp\/v2\/product\/758237","targetHints":{"allow":["GET"]}}],"collection":[{"href":"https:\/\/roveyayinevi.com.tr\/index.php\/wp-json\/wp\/v2\/product"}],"about":[{"href":"https:\/\/roveyayinevi.com.tr\/index.php\/wp-json\/wp\/v2\/types\/product"}],"wp:attachment":[{"href":"https:\/\/roveyayinevi.com.tr\/index.php\/wp-json\/wp\/v2\/media?parent=758237"}],"wp:term":[{"taxonomy":"product_brand","embeddable":true,"href":"https:\/\/roveyayinevi.com.tr\/index.php\/wp-json\/wp\/v2\/product_brand?post=758237"},{"taxonomy":"product_cat","embeddable":true,"href":"https:\/\/roveyayinevi.com.tr\/index.php\/wp-json\/wp\/v2\/product_cat?post=758237"},{"taxonomy":"product_tag","embeddable":true,"href":"https:\/\/roveyayinevi.com.tr\/index.php\/wp-json\/wp\/v2\/product_tag?post=758237"}],"curies":[{"name":"wp","href":"https:\/\/api.w.org\/{rel}","templated":true}]}}