{"id":758235,"date":"2025-08-28T07:58:54","date_gmt":"2025-08-28T04:58:54","guid":{"rendered":"https:\/\/roveyayinevi.com.tr\/index.php\/urun\/100-yilinda-mubadele-ciltli\/"},"modified":"2026-04-16T03:11:20","modified_gmt":"2026-04-16T00:11:20","slug":"100-yilinda-mubadele-ciltli","status":"publish","type":"product","link":"https:\/\/roveyayinevi.com.tr\/index.php\/urun\/100-yilinda-mubadele-ciltli\/","title":{"rendered":"100. Y\u0131l\u0131nda M\u00fcbadele (Ciltli)"},"content":{"rendered":"<p>Edebiyat\u0131m\u0131zda doksanl\u0131 y\u0131llardan sonra m\u00fcbadele konulu romanlar\u0131n ve \u00f6yk\u00fclerin say\u0131s\u0131n\u0131n artt\u0131\u011f\u0131 g\u00f6r\u00fclmektedir. Aile b\u00fcy\u00fcklerinden bu g\u00f6\u00e7 hik\u00e2yelerini dinleyen evlatlar ve torunlar bu hat\u0131ralardan yola \u00e7\u0131karak romanlar ve hik\u00e2yeler yazm\u0131\u015flard\u0131r. Bu y\u0131llardan sonra \u00fclkemizdeki m\u00fcbadil vak\u0131flar\u0131n\u0131n say\u0131s\u0131n\u0131n artmas\u0131, son d\u00f6nemlerde g\u00f6\u00e7 ve edebiyat olgusunun daha \u00f6nem kazanmas\u0131, bu konularda yap\u0131lan akademik tezlerin ve bilimsel \u00e7al\u0131\u015fmalar\u0131n \u00e7o\u011falmas\u0131, kitaplar\u0131n ne\u015fredilmesi, sempozyum ve panellerin d\u00fczenlenmesi gibi olgular\u0131n m\u00fcbadele konulu eserlerin say\u0131s\u0131n\u0131n art\u0131\u015f\u0131nda bir rol\u00fcn\u00fcn oldu\u011fu yads\u0131namaz bir ger\u00e7ektir. Toplumlar ge\u00e7mi\u015flerine y\u00fcz \u00e7evirdiklerinde geleceklerine y\u00f6n veremezler. \u0130\u015fte bu bilin\u00e7le yola \u00e7\u0131k\u0131larak haz\u0131rlanan kitap, Cumhuriyetimizin kurulu\u015funun 100. y\u0131l\u0131 olmas\u0131n\u0131n yan\u0131nda m\u00fcbadelenin de y\u00fcz\u00fcnc\u00fc olmas\u0131 sebebiyle ne\u015fredilmi\u015ftir. M\u00fcbadelenin tarih\u00ee, psikolojik, sosyolojik bir olgu olmas\u0131n\u0131n yan\u0131nda edeb\u00ee metinlere yans\u0131yan y\u00f6nleri kitaptaki incelemeler vas\u0131tas\u0131yla aktar\u0131larak m\u00fcbadillerin bu s\u00fcre\u00e7te ve sonras\u0131nda neler ya\u015fad\u0131klar\u0131 g\u00f6sterilmeye \u00e7al\u0131\u015f\u0131lm\u0131\u015ft\u0131r. Bir\u00e7ok akademisyenin yaz\u0131lar\u0131n\u0131n yer ald\u0131\u011f\u0131 bu kitapta tarihimize ve zorunlu bir g\u00f6\u00e7\u00fc ya\u015famak zorunda kalan insan\u0131m\u0131za sahip \u00e7\u0131kma ve onlar\u0131 anlayabilme bilinci ile hareket edilmi\u015ftir.<\/p>\n","protected":false},"excerpt":{"rendered":"<p>Edebiyat\u0131m\u0131zda doksanl\u0131 y\u0131llardan sonra m\u00fcbadele konulu romanlar\u0131n ve \u00f6yk\u00fclerin say\u0131s\u0131n\u0131n artt\u0131\u011f\u0131 g\u00f6r\u00fclmektedir. Aile b\u00fcy\u00fcklerinden bu g\u00f6\u00e7 hik\u00e2yelerini dinleyen evlatlar ve torunlar bu hat\u0131ralardan yola \u00e7\u0131karak romanlar<span class=\"excerpt-hellip\"> [\u2026]<\/span><\/p>\n","protected":false},"featured_media":0,"template":"","meta":{"_monsterinsights_skip_tracking":false,"_monsterinsights_sitenote_active":false,"_monsterinsights_sitenote_note":"","_monsterinsights_sitenote_category":0},"product_brand":[],"product_cat":[12291,18202],"product_tag":[],"class_list":{"0":"post-758235","1":"product","2":"type-product","3":"status-publish","5":"product_cat-edebiyat","6":"product_cat-hikaye","7":"pa_cilt-ciltli","8":"pa_tur-kitap","9":"pa_yayinevi-ihlamur-kitap","10":"pa_yazar-ihlamur-kollektif","12":"first","13":"instock","14":"sale","15":"shipping-taxable","16":"purchasable","17":"product-type-simple"},"_links":{"self":[{"href":"https:\/\/roveyayinevi.com.tr\/index.php\/wp-json\/wp\/v2\/product\/758235","targetHints":{"allow":["GET"]}}],"collection":[{"href":"https:\/\/roveyayinevi.com.tr\/index.php\/wp-json\/wp\/v2\/product"}],"about":[{"href":"https:\/\/roveyayinevi.com.tr\/index.php\/wp-json\/wp\/v2\/types\/product"}],"wp:attachment":[{"href":"https:\/\/roveyayinevi.com.tr\/index.php\/wp-json\/wp\/v2\/media?parent=758235"}],"wp:term":[{"taxonomy":"product_brand","embeddable":true,"href":"https:\/\/roveyayinevi.com.tr\/index.php\/wp-json\/wp\/v2\/product_brand?post=758235"},{"taxonomy":"product_cat","embeddable":true,"href":"https:\/\/roveyayinevi.com.tr\/index.php\/wp-json\/wp\/v2\/product_cat?post=758235"},{"taxonomy":"product_tag","embeddable":true,"href":"https:\/\/roveyayinevi.com.tr\/index.php\/wp-json\/wp\/v2\/product_tag?post=758235"}],"curies":[{"name":"wp","href":"https:\/\/api.w.org\/{rel}","templated":true}]}}