{"id":758233,"date":"2025-08-28T07:58:51","date_gmt":"2025-08-28T04:58:51","guid":{"rendered":"https:\/\/roveyayinevi.com.tr\/index.php\/urun\/genis-kayseri-tarihi-2-cilt-takim-ciltli\/"},"modified":"2026-04-16T03:11:20","modified_gmt":"2026-04-16T00:11:20","slug":"genis-kayseri-tarihi-2-cilt-takim-ciltli","status":"publish","type":"product","link":"https:\/\/roveyayinevi.com.tr\/index.php\/urun\/genis-kayseri-tarihi-2-cilt-takim-ciltli\/","title":{"rendered":"Geni\u015f Kayseri Tarihi (2 Cilt Tak\u0131m) (Ciltli)"},"content":{"rendered":"<p>Kayseri tarihi ba\u015fl\u0131\u011f\u0131 ile bir tarih yaz\u0131l\u0131rken dikkate al\u0131nmas\u0131 gereken husus, binlerce y\u0131ldan beri bu topraklardan gelip ge\u00e7en kavimlerin tarihi mi anlat\u0131lmal\u0131, yoksa sadece Malazgirt\u2019ten ba\u015flat\u0131lan T\u00fcrk- \u0130sl\u00e2m h\u00e2kimiyetinin bu b\u00f6lgedeki hik\u00e2yesi mi sunulmal\u0131yd\u0131?Biz her ikisinin de \u00f6nemli oldu\u011fu kanaati ile \u00f6nce tarihin ilk d\u00f6nemlerinden \u00eet\u00eeb\u00e2ren bu topraklardaki ya\u015fanan ve bilinen s\u00fcre\u00e7leri kronolojik bir s\u0131ra i\u00e7inde kaleme ald\u0131k ve \u201cKappadokia Krall\u0131\u011f\u0131, Roma ve Bizans D\u00f6nemleri\u201d ad\u0131yla kitapla\u015ft\u0131rd\u0131k.Elinizde tuttu\u011funuz iki cilt hacmindeki bu eserimizle de Kayseri ve civar\u0131n\u0131n T\u00fcrk- \u0130sl\u00e2m d\u00f6nemlerindeki tarihini dile getirmeye \u00e7al\u0131\u015ft\u0131k.Bu \u00e7al\u0131\u015fmam\u0131zda Anadolu yerine Kayseri co\u011frafyas\u0131n\u0131 koyarak bu b\u00f6lgenin siy\u00e2s\u00ee ve sosyolojik tarihini kronolojik bir pl\u00e2n d\u00e2hilinde sunmaya \u00e7al\u0131\u015ft\u0131k. T\u00fcrk-\u0130sl\u00e2m h\u00e2kimiyetinden \u00f6nceki d\u00f6nemler ba\u015fka bir \u00e7al\u0131\u015fmam\u0131zla kitapla\u015ft\u0131r\u0131ld\u0131\u011f\u0131 i\u00e7in elinizdeki bu kitapla b\u00f6lgemizdeki siy\u00e2s\u00ee hareketlili\u011fi, h\u00e2ned\u00e2n h\u00e2kimiyetleri olarak kabul edip, Sel\u00e7uklular D\u00f6nemi, D\u00e2ni\u015fmendliler D\u00f6nemi, Beylikler D\u00f6nemi, Osmanl\u0131 \u0130mparatorlu\u011fu D\u00f6nemi veya Cumhuriyet D\u00f6nemi gibi isimlerle T\u00fcrk-\u0130sl\u00e2m d\u00f6neminin c\u00fczleri olarak inceleme alt\u0131na ald\u0131k.Yak\u0131n \u00e7a\u011f anlat\u0131mlar\u0131n\u0131 foto\u011fraflarla desteklemeye \u00e7al\u0131\u015ft\u0131k. Son elli-altm\u0131\u015f y\u0131lda olan olaylara ve yer verdi\u011fimiz \u00f6nemli ki\u015filere ait fazla yorumda bulunmamaya gayret g\u00f6sterdik. Uzun y\u0131llar\u0131n birikim ve \u00e7al\u0131\u015fmas\u0131 olan bu eserimizin daha \u00f6nceki bask\u0131lar\u0131na yap\u0131lan tenkit ve te\u015fvikleri dikkate alarak amac\u0131na ula\u015ft\u0131\u011f\u0131n\u0131 b\u00fcy\u00fck bir memnuniyetle g\u00f6rd\u00fck.<\/p>\n","protected":false},"excerpt":{"rendered":"<p>Kayseri tarihi ba\u015fl\u0131\u011f\u0131 ile bir tarih yaz\u0131l\u0131rken dikkate al\u0131nmas\u0131 gereken husus, binlerce y\u0131ldan beri bu topraklardan gelip ge\u00e7en kavimlerin tarihi mi anlat\u0131lmal\u0131, yoksa sadece Malazgirt\u2019ten ba\u015flat\u0131lan<span class=\"excerpt-hellip\"> [\u2026]<\/span><\/p>\n","protected":false},"featured_media":0,"template":"","meta":{"_monsterinsights_skip_tracking":false,"_monsterinsights_sitenote_active":false,"_monsterinsights_sitenote_note":"","_monsterinsights_sitenote_category":0},"product_brand":[],"product_cat":[12370,12304],"product_tag":[],"class_list":{"0":"post-758233","1":"product","2":"type-product","3":"status-publish","5":"product_cat-arastirma-inceleme","6":"product_cat-tarih","7":"pa_cilt-ciltli","8":"pa_tur-kitap","9":"pa_yayinevi-ihlamur-kitap","10":"pa_yazar-halit-erkiletlioglu","12":"first","13":"instock","14":"sale","15":"shipping-taxable","16":"purchasable","17":"product-type-simple"},"_links":{"self":[{"href":"https:\/\/roveyayinevi.com.tr\/index.php\/wp-json\/wp\/v2\/product\/758233","targetHints":{"allow":["GET"]}}],"collection":[{"href":"https:\/\/roveyayinevi.com.tr\/index.php\/wp-json\/wp\/v2\/product"}],"about":[{"href":"https:\/\/roveyayinevi.com.tr\/index.php\/wp-json\/wp\/v2\/types\/product"}],"wp:attachment":[{"href":"https:\/\/roveyayinevi.com.tr\/index.php\/wp-json\/wp\/v2\/media?parent=758233"}],"wp:term":[{"taxonomy":"product_brand","embeddable":true,"href":"https:\/\/roveyayinevi.com.tr\/index.php\/wp-json\/wp\/v2\/product_brand?post=758233"},{"taxonomy":"product_cat","embeddable":true,"href":"https:\/\/roveyayinevi.com.tr\/index.php\/wp-json\/wp\/v2\/product_cat?post=758233"},{"taxonomy":"product_tag","embeddable":true,"href":"https:\/\/roveyayinevi.com.tr\/index.php\/wp-json\/wp\/v2\/product_tag?post=758233"}],"curies":[{"name":"wp","href":"https:\/\/api.w.org\/{rel}","templated":true}]}}