{"id":758217,"date":"2025-08-28T07:58:14","date_gmt":"2025-08-28T04:58:14","guid":{"rendered":"https:\/\/roveyayinevi.com.tr\/index.php\/urun\/kendimden-kendime\/"},"modified":"2026-04-16T03:11:19","modified_gmt":"2026-04-16T00:11:19","slug":"kendimden-kendime","status":"publish","type":"product","link":"https:\/\/roveyayinevi.com.tr\/index.php\/urun\/kendimden-kendime\/","title":{"rendered":"Kendimden Kendime"},"content":{"rendered":"<p>Kendimden Kendime, I\u015f\u0131nsu&#8217;nun son yaz\u0131s\u0131. Bir i\u00e7 d\u00f6kme.Baz\u0131 yazarlar \u201cbu son kitab\u0131md\u0131r\u201d diye yazm\u0131\u015flard\u0131r ve sonrabir daha, bir daha yazm\u0131\u015flard\u0131r; fakat bu Emine I\u015f\u0131nsu&#8217;nunkesinlikle son kitab\u0131d\u0131r. Kendisi de bunun fark\u0131ndayd\u0131. KendimdenKendime, asl\u0131nda iki gen\u00e7 edebiyat\u00e7\u0131n\u0131n, G\u00f6k\u00e7e Nur\u015eafak ve Nebahat Akba\u015f&#8217;\u0131n I\u015f\u0131nsu projesinin te\u015fvikiyle yaz\u0131ld\u0131.Bundan on y\u0131l \u00f6nce, bu iki gen\u00e7, hemen her g\u00fcn bizegelip I\u015f\u0131nsu&#8217;ya r\u00f6portaj sorular\u0131n\u0131 sordular. Konu\u015fmalar\u0131ba\u015ftan sona video kamera ile kaydettiler. Hakk\u0131nda yaz\u0131lanmakaleleri, k\u00f6\u015fe yaz\u0131lar\u0131n\u0131 toplad\u0131lar. Ben de foto\u011fraflar\u0131m\u0131z\u0131.I\u015f\u0131nsu da bu kitapta yer alacak diye planlanan KendimdenKendime&#8217;yi yazd\u0131.Ba\u015f\u0131n\u0131 bana \u00e7evirip imdat ister bir bak\u0131\u015fla, \u201cG\u00fczel kelimelerimibulam\u0131yorum\u201d deyi\u015fi h\u00e2l\u00e2 g\u00f6zlerime ya\u015f doldurur.Bu kitapta onun son g\u00fczel kelimeleri var.\u0130skender \u00d6KS\u00dcZ<\/p>\n","protected":false},"excerpt":{"rendered":"<p>Kendimden Kendime, I\u015f\u0131nsu&#8217;nun son yaz\u0131s\u0131. Bir i\u00e7 d\u00f6kme.Baz\u0131 yazarlar \u201cbu son kitab\u0131md\u0131r\u201d diye yazm\u0131\u015flard\u0131r ve sonrabir daha, bir daha yazm\u0131\u015flard\u0131r; fakat bu Emine I\u015f\u0131nsu&#8217;nunkesinlikle son kitab\u0131d\u0131r.<span class=\"excerpt-hellip\"> [\u2026]<\/span><\/p>\n","protected":false},"featured_media":0,"template":"","meta":{"_monsterinsights_skip_tracking":false,"_monsterinsights_sitenote_active":false,"_monsterinsights_sitenote_note":"","_monsterinsights_sitenote_category":0},"product_brand":[],"product_cat":[14009,12291],"product_tag":[],"class_list":{"0":"post-758217","1":"product","2":"type-product","3":"status-publish","5":"product_cat-biyografi-otobiyografi-edebiyat","6":"product_cat-edebiyat","7":"pa_cilt-ciltsiz","8":"pa_tur-kitap","9":"pa_yayinevi-ihlamur-kitap","10":"pa_yazar-emine-isinsu","12":"first","13":"instock","14":"sale","15":"shipping-taxable","16":"purchasable","17":"product-type-simple"},"_links":{"self":[{"href":"https:\/\/roveyayinevi.com.tr\/index.php\/wp-json\/wp\/v2\/product\/758217","targetHints":{"allow":["GET"]}}],"collection":[{"href":"https:\/\/roveyayinevi.com.tr\/index.php\/wp-json\/wp\/v2\/product"}],"about":[{"href":"https:\/\/roveyayinevi.com.tr\/index.php\/wp-json\/wp\/v2\/types\/product"}],"wp:attachment":[{"href":"https:\/\/roveyayinevi.com.tr\/index.php\/wp-json\/wp\/v2\/media?parent=758217"}],"wp:term":[{"taxonomy":"product_brand","embeddable":true,"href":"https:\/\/roveyayinevi.com.tr\/index.php\/wp-json\/wp\/v2\/product_brand?post=758217"},{"taxonomy":"product_cat","embeddable":true,"href":"https:\/\/roveyayinevi.com.tr\/index.php\/wp-json\/wp\/v2\/product_cat?post=758217"},{"taxonomy":"product_tag","embeddable":true,"href":"https:\/\/roveyayinevi.com.tr\/index.php\/wp-json\/wp\/v2\/product_tag?post=758217"}],"curies":[{"name":"wp","href":"https:\/\/api.w.org\/{rel}","templated":true}]}}

<p>Kendimden Kendime, Işınsu&#8217;nun son yazısı. Bir iç dökme.Bazı yazarlar “bu son kitabımdır” diye yazmışlardır ve sonrabir daha, bir daha yazmışlardır; fakat bu Emine Işınsu&#8217;nunkesinlikle son kitabıdır. Kendisi de bunun farkındaydı. KendimdenKendime, aslında iki genç edebiyatçının, Gökçe NurŞafak ve Nebahat Akbaş&#8217;ın Işınsu projesinin teşvikiyle yazıldı.Bundan on yıl önce, bu iki genç, hemen her gün bizegelip Işınsu&#8217;ya röportaj sorularını sordular. Konuşmalarıbaştan sona video kamera ile kaydettiler. Hakkında yazılanmakaleleri, köşe yazılarını topladılar. Ben de fotoğraflarımızı.Işınsu da bu kitapta yer alacak diye planlanan KendimdenKendime&#8217;yi yazdı.Başını bana çevirip imdat ister bir bakışla, “Güzel kelimelerimibulamıyorum” deyişi hâlâ gözlerime yaş doldurur.Bu kitapta onun son güzel kelimeleri var.İskender ÖKSÜZ</p>

<p>Kendimden Kendime, Işınsu&#8217;nun son yazısı. Bir iç dökme.Bazı yazarlar “bu son kitabımdır” diye yazmışlardır ve sonrabir daha, bir daha yazmışlardır; fakat bu Emine Işınsu&#8217;nunkesinlikle son kitabıdır.<span class="excerpt-hellip"> […]</span></p>
