{"id":758206,"date":"2025-08-28T07:57:54","date_gmt":"2025-08-28T04:57:54","guid":{"rendered":"https:\/\/roveyayinevi.com.tr\/index.php\/urun\/orhon-murat-ariburnu\/"},"modified":"2026-04-16T03:11:19","modified_gmt":"2026-04-16T00:11:19","slug":"orhon-murat-ariburnu","status":"publish","type":"product","link":"https:\/\/roveyayinevi.com.tr\/index.php\/urun\/orhon-murat-ariburnu\/","title":{"rendered":"Orhon Murat Ar\u0131burnu"},"content":{"rendered":"<p>Ar\u0131burnu, 1940\u2019lardan 1980\u2019lere kadar yazd\u0131\u011f\u0131 \u015fiirleriyle T\u00fcrk \u015fiirinde kendi sentezini yapmay\u0131 ba\u015farm\u0131\u015f nadir \u015fairlerdendir. Birbirine z\u0131t olarak d\u00fc\u015f\u00fcn\u00fclebilecek olan Garip ve Toplumcu Ger\u00e7ek\u00e7i \u015fiir anlay\u0131\u015flar\u0131n\u0131 birle\u015ftirme ba\u015far\u0131s\u0131n\u0131 g\u00f6sterir. 1940\u2019larda yazd\u0131\u011f\u0131 \u015fiirlerinde Garip \u015fiirindeki k\u0131sa, \u00e7arp\u0131c\u0131 ve ironisi y\u00fcksek \u015fiirleriyle dikkatleri \u00e7eker. Daha sonra dikkatini bir ba\u015fka sanat olan sinemaya y\u00f6nlendirir. Bu durum onun \u015fiirlerinde de\u011fi\u015fiklik yapmas\u0131na zemin haz\u0131rlar. Hayat\u0131n i\u00e7inde yer ald\u0131k\u00e7a toplumcu d\u00fc\u015f\u00fcncenin izlerini yans\u0131tmak gerekti\u011fine de inan\u0131r. 1960\u2019lardan itibaren \u015fiirlerine bu d\u00fc\u015f\u00fcnce y\u00f6n verir. Ancak Ar\u0131burnu\u2019nun \u015fiirlerindeki toplumculuk N\u00e2z\u0131m Hikmet\u2019le beraber ortaya \u00e7\u0131kan ve ideolojinin tesirindeki bir anlay\u0131\u015f de\u011fildir. O, kuvayimilliye ruhuna ve halk\u0131n sahip oldu\u011fu sonsuz g\u00fcce inan\u0131r. Halk\u0131n yan\u0131nda olan, kendine en \u00f6nemli kaynak olarak halk\u0131 g\u00f6ren bir yap\u0131ya sahiptir. \u015eiirlerinde ideolojik d\u00fc\u015f\u00fcnce yok denecek kadar azd\u0131r. Bu nedenle iki farkl\u0131 \u015fiir anlay\u0131\u015f\u0131 aras\u0131nda k\u00f6pr\u00fc oldu\u011funu s\u00f6ylemek yanl\u0131\u015f olmaz. \u015eairin derdi k\u00fc\u00e7\u00fck insanlar\u0131n hayat\u0131n her alan\u0131ndaki m\u00fccadelesini, varl\u0131k ve yoklukla sava\u015f\u0131n\u0131, zenginli\u011fini ve g\u00fcc\u00fcn\u00fc anlatabilmektir.<\/p>\n","protected":false},"excerpt":{"rendered":"<p>Ar\u0131burnu, 1940\u2019lardan 1980\u2019lere kadar yazd\u0131\u011f\u0131 \u015fiirleriyle T\u00fcrk \u015fiirinde kendi sentezini yapmay\u0131 ba\u015farm\u0131\u015f nadir \u015fairlerdendir. Birbirine z\u0131t olarak d\u00fc\u015f\u00fcn\u00fclebilecek olan Garip ve Toplumcu Ger\u00e7ek\u00e7i \u015fiir anlay\u0131\u015flar\u0131n\u0131 birle\u015ftirme<span class=\"excerpt-hellip\"> [\u2026]<\/span><\/p>\n","protected":false},"featured_media":0,"template":"","meta":{"_monsterinsights_skip_tracking":false,"_monsterinsights_sitenote_active":false,"_monsterinsights_sitenote_note":"","_monsterinsights_sitenote_category":0},"product_brand":[],"product_cat":[14009,12291],"product_tag":[],"class_list":{"0":"post-758206","1":"product","2":"type-product","3":"status-publish","5":"product_cat-biyografi-otobiyografi-edebiyat","6":"product_cat-edebiyat","7":"pa_cilt-ciltsiz","8":"pa_tur-kitap","9":"pa_yayinevi-ihlamur-akademi","10":"pa_yazar-ozlem-kayabasi","12":"first","13":"instock","14":"sale","15":"shipping-taxable","16":"purchasable","17":"product-type-simple"},"_links":{"self":[{"href":"https:\/\/roveyayinevi.com.tr\/index.php\/wp-json\/wp\/v2\/product\/758206","targetHints":{"allow":["GET"]}}],"collection":[{"href":"https:\/\/roveyayinevi.com.tr\/index.php\/wp-json\/wp\/v2\/product"}],"about":[{"href":"https:\/\/roveyayinevi.com.tr\/index.php\/wp-json\/wp\/v2\/types\/product"}],"wp:attachment":[{"href":"https:\/\/roveyayinevi.com.tr\/index.php\/wp-json\/wp\/v2\/media?parent=758206"}],"wp:term":[{"taxonomy":"product_brand","embeddable":true,"href":"https:\/\/roveyayinevi.com.tr\/index.php\/wp-json\/wp\/v2\/product_brand?post=758206"},{"taxonomy":"product_cat","embeddable":true,"href":"https:\/\/roveyayinevi.com.tr\/index.php\/wp-json\/wp\/v2\/product_cat?post=758206"},{"taxonomy":"product_tag","embeddable":true,"href":"https:\/\/roveyayinevi.com.tr\/index.php\/wp-json\/wp\/v2\/product_tag?post=758206"}],"curies":[{"name":"wp","href":"https:\/\/api.w.org\/{rel}","templated":true}]}}