{"id":758188,"date":"2025-08-28T07:57:21","date_gmt":"2025-08-28T04:57:21","guid":{"rendered":"https:\/\/roveyayinevi.com.tr\/index.php\/urun\/dunya-tekerlegi\/"},"modified":"2026-04-16T03:11:19","modified_gmt":"2026-04-16T00:11:19","slug":"dunya-tekerlegi","status":"publish","type":"product","link":"https:\/\/roveyayinevi.com.tr\/index.php\/urun\/dunya-tekerlegi\/","title":{"rendered":"D\u00fcnya Tekerle\u011fi"},"content":{"rendered":"<p>D\u00fcnya Tekerle\u011fi, Tatar \u015fair, terc\u00fcman, gazeteci, radyo programc\u0131s\u0131 Elfiya Sitd\u0131ykova\u2019n\u0131n povest t\u00fcr\u00fcnde yazd\u0131\u011f\u0131 ilk eseridir. Daha \u00f6nce Tatar edebiyat\u0131nda ele al\u0131nmam\u0131\u015f KAMAZ (Kama Otomobil Fabrikas\u0131) konusu, ilk kez onun ellerinden \u00e7\u0131kan bu povestle okurun dikkatine sunulur. Elfiya Sitd\u0131ykova\u2019n\u0131n T\u00fcrkiye T\u00fcrk\u00e7esine aktar\u0131lan elinizdeki povesti, i\u015f ve \u00e7al\u0131\u015fma hayat\u0131n\u0131n do\u011frudan veya dolayl\u0131 yoldan bir par\u00e7as\u0131 olan e\u011fitim, insan ili\u015fkileri, yaln\u0131zl\u0131k, a\u015fk\/sevgi, evlilik, k\u0131skan\u00e7l\u0131k ve hastal\u0131k temalar\u0131n\u0131 merkezine al\u0131r. Tataristan\u2019\u0131n d\u00fcnya \u00e7ap\u0131nda bilinen otomobil fabrikas\u0131 KAMAZ\u2019da Elfiya Sitd\u0131ykova\u2019n\u0131n da forklift s\u00fcr\u00fcc\u00fcs\u00fc olarak \u00e7al\u0131\u015fm\u0131\u015f olmas\u0131, d\u00f6nemin siyasi ve sosyal ko\u015fullar\u0131n\u0131n ger\u00e7ek\u00e7i bir atmosfer i\u00e7erisinde yans\u0131t\u0131lmas\u0131n\u0131 sa\u011flar. Povestte, Elfiya Sitd\u0131ykova\u2019n\u0131n hayat\u0131 ve eserleri hakk\u0131nda bilgiler verildikten sonra yap\u0131 ve i\u00e7erik k\u0131sm\u0131na ge\u00e7ilmi\u015f, kurgu, i\u00e7erik, ki\u015filer, mek\u00e2n, zaman ve anlat\u0131m teknikleri ba\u015fl\u0131klar\u0131 alt\u0131nda eser incelemeye t\u00e2bi tutulmu\u015ftur. D\u00fcnya Tekerle\u011fi\u2019nin T\u00fcrkiye T\u00fcrk\u00e7esine aktar\u0131lm\u0131\u015f h\u00e2li ise incelemenin sonuna eklenmi\u015ftir.Dr. Alp Eren DEM\u0130RKAYA<\/p>\n","protected":false},"excerpt":{"rendered":"<p>D\u00fcnya Tekerle\u011fi, Tatar \u015fair, terc\u00fcman, gazeteci, radyo programc\u0131s\u0131 Elfiya Sitd\u0131ykova\u2019n\u0131n povest t\u00fcr\u00fcnde yazd\u0131\u011f\u0131 ilk eseridir. Daha \u00f6nce Tatar edebiyat\u0131nda ele al\u0131nmam\u0131\u015f KAMAZ (Kama Otomobil Fabrikas\u0131) konusu,<span class=\"excerpt-hellip\"> [\u2026]<\/span><\/p>\n","protected":false},"featured_media":0,"template":"","meta":{"_monsterinsights_skip_tracking":false,"_monsterinsights_sitenote_active":false,"_monsterinsights_sitenote_note":"","_monsterinsights_sitenote_category":0},"product_brand":[],"product_cat":[12370,12304],"product_tag":[],"class_list":{"0":"post-758188","1":"product","2":"type-product","3":"status-publish","5":"product_cat-arastirma-inceleme","6":"product_cat-tarih","7":"pa_cilt-ciltsiz","8":"pa_tur-kitap","9":"pa_yayinevi-ihlamur-akademi","10":"pa_yazar-ihlamur-kollektif","12":"first","13":"instock","14":"sale","15":"shipping-taxable","16":"purchasable","17":"product-type-simple"},"_links":{"self":[{"href":"https:\/\/roveyayinevi.com.tr\/index.php\/wp-json\/wp\/v2\/product\/758188","targetHints":{"allow":["GET"]}}],"collection":[{"href":"https:\/\/roveyayinevi.com.tr\/index.php\/wp-json\/wp\/v2\/product"}],"about":[{"href":"https:\/\/roveyayinevi.com.tr\/index.php\/wp-json\/wp\/v2\/types\/product"}],"wp:attachment":[{"href":"https:\/\/roveyayinevi.com.tr\/index.php\/wp-json\/wp\/v2\/media?parent=758188"}],"wp:term":[{"taxonomy":"product_brand","embeddable":true,"href":"https:\/\/roveyayinevi.com.tr\/index.php\/wp-json\/wp\/v2\/product_brand?post=758188"},{"taxonomy":"product_cat","embeddable":true,"href":"https:\/\/roveyayinevi.com.tr\/index.php\/wp-json\/wp\/v2\/product_cat?post=758188"},{"taxonomy":"product_tag","embeddable":true,"href":"https:\/\/roveyayinevi.com.tr\/index.php\/wp-json\/wp\/v2\/product_tag?post=758188"}],"curies":[{"name":"wp","href":"https:\/\/api.w.org\/{rel}","templated":true}]}}

Dünya Tekerleği

<p>Dünya Tekerleği, Tatar şair, tercüman, gazeteci, radyo programcısı Elfiya Sitdıykova’nın povest türünde yazdığı ilk eseridir. Daha önce Tatar edebiyatında ele alınmamış KAMAZ (Kama Otomobil Fabrikası) konusu, ilk kez onun ellerinden çıkan bu povestle okurun dikkatine sunulur. Elfiya Sitdıykova’nın Türkiye Türkçesine aktarılan elinizdeki povesti, iş ve çalışma hayatının doğrudan veya dolaylı yoldan bir parçası olan eğitim, insan ilişkileri, yalnızlık, aşk/sevgi, evlilik, kıskançlık ve hastalık temalarını merkezine alır. Tataristan’ın dünya çapında bilinen otomobil fabrikası KAMAZ’da Elfiya Sitdıykova’nın da forklift sürücüsü olarak çalışmış olması, dönemin siyasi ve sosyal koşullarının gerçekçi bir atmosfer içerisinde yansıtılmasını sağlar. Povestte, Elfiya Sitdıykova’nın hayatı ve eserleri hakkında bilgiler verildikten sonra yapı ve içerik kısmına geçilmiş, kurgu, içerik, kişiler, mekân, zaman ve anlatım teknikleri başlıkları altında eser incelemeye tâbi tutulmuştur. Dünya Tekerleği’nin Türkiye Türkçesine aktarılmış hâli ise incelemenin sonuna eklenmiştir.Dr. Alp Eren DEMİRKAYA</p>

<p>Dünya Tekerleği, Tatar şair, tercüman, gazeteci, radyo programcısı Elfiya Sitdıykova’nın povest türünde yazdığı ilk eseridir. Daha önce Tatar edebiyatında ele alınmamış KAMAZ (Kama Otomobil Fabrikası) konusu,<span class="excerpt-hellip"> […]</span></p>
