{"id":758179,"date":"2025-08-28T07:57:06","date_gmt":"2025-08-28T04:57:06","guid":{"rendered":"https:\/\/roveyayinevi.com.tr\/index.php\/urun\/resat-feyzi-yuzuncu\/"},"modified":"2026-04-16T03:11:19","modified_gmt":"2026-04-16T00:11:19","slug":"resat-feyzi-yuzuncu","status":"publish","type":"product","link":"https:\/\/roveyayinevi.com.tr\/index.php\/urun\/resat-feyzi-yuzuncu\/","title":{"rendered":"Re\u015fat Feyzi Y\u00fcz\u00fcnc\u00fc"},"content":{"rendered":"<p>Erken Cumhuriyet D\u00f6neminin \u00f6nemli gazetecilerinden ve f\u0131kra yazarlar\u0131ndan olan Re\u015fat Feyzi, pek \u00e7ok farkl\u0131 s\u00fcreli yay\u0131nda ve edeb\u00ee t\u00fcrde kalem oynatmas\u0131na kar\u015f\u0131n ad\u0131 bilinen, an\u0131lan bir yazar de\u011fildir. Din\u00e7er Apayd\u0131n taraf\u0131ndan haz\u0131rlanan bu \u00e7al\u0131\u015fma, yazar\u0131n biyografisine \u00f6nemli katk\u0131lar sunmakta, Servet-i F\u00fcn\u00fbn: Uyan\u0131\u015f, Milliyet, B\u00fcy\u00fck Gazete, A\u00e7\u0131ks\u00f6z, Tan, Son Telgraf gibi s\u00fcreli yay\u0131nlardaki faaliyetlerini bir araya getirerek de\u011ferlendirmektedir. Bununla birlikte Re\u015fat Feyzi\u2019nin \u00f6zellikle geri planda kalm\u0131\u015f \u015fairli\u011fi, \u00f6yk\u00fcc\u00fcl\u00fc\u011f\u00fc ve romanc\u0131l\u0131\u011f\u0131na odaklanan \u00e7al\u0131\u015fma, T\u00fcrk k\u00fclt\u00fcr hayat\u0131na iz b\u0131rakm\u0131\u015f bir gazeteciyi edeb\u00ee ki\u015fili\u011fiyle birlikte unutulmaktan kurtarmay\u0131 ama\u00e7lamaktad\u0131r.<\/p>\n","protected":false},"excerpt":{"rendered":"<p>Erken Cumhuriyet D\u00f6neminin \u00f6nemli gazetecilerinden ve f\u0131kra yazarlar\u0131ndan olan Re\u015fat Feyzi, pek \u00e7ok farkl\u0131 s\u00fcreli yay\u0131nda ve edeb\u00ee t\u00fcrde kalem oynatmas\u0131na kar\u015f\u0131n ad\u0131 bilinen, an\u0131lan bir<span class=\"excerpt-hellip\"> [\u2026]<\/span><\/p>\n","protected":false},"featured_media":0,"template":"","meta":{"_monsterinsights_skip_tracking":false,"_monsterinsights_sitenote_active":false,"_monsterinsights_sitenote_note":"","_monsterinsights_sitenote_category":0},"product_brand":[],"product_cat":[14009,12291],"product_tag":[],"class_list":{"0":"post-758179","1":"product","2":"type-product","3":"status-publish","5":"product_cat-biyografi-otobiyografi-edebiyat","6":"product_cat-edebiyat","7":"pa_cilt-ciltsiz","8":"pa_tur-kitap","9":"pa_yayinevi-ihlamur-akademi","10":"pa_yazar-dincer-apaydin","12":"first","13":"instock","14":"sale","15":"shipping-taxable","16":"purchasable","17":"product-type-simple"},"_links":{"self":[{"href":"https:\/\/roveyayinevi.com.tr\/index.php\/wp-json\/wp\/v2\/product\/758179","targetHints":{"allow":["GET"]}}],"collection":[{"href":"https:\/\/roveyayinevi.com.tr\/index.php\/wp-json\/wp\/v2\/product"}],"about":[{"href":"https:\/\/roveyayinevi.com.tr\/index.php\/wp-json\/wp\/v2\/types\/product"}],"wp:attachment":[{"href":"https:\/\/roveyayinevi.com.tr\/index.php\/wp-json\/wp\/v2\/media?parent=758179"}],"wp:term":[{"taxonomy":"product_brand","embeddable":true,"href":"https:\/\/roveyayinevi.com.tr\/index.php\/wp-json\/wp\/v2\/product_brand?post=758179"},{"taxonomy":"product_cat","embeddable":true,"href":"https:\/\/roveyayinevi.com.tr\/index.php\/wp-json\/wp\/v2\/product_cat?post=758179"},{"taxonomy":"product_tag","embeddable":true,"href":"https:\/\/roveyayinevi.com.tr\/index.php\/wp-json\/wp\/v2\/product_tag?post=758179"}],"curies":[{"name":"wp","href":"https:\/\/api.w.org\/{rel}","templated":true}]}}