{"id":758175,"date":"2025-08-28T07:57:01","date_gmt":"2025-08-28T04:57:01","guid":{"rendered":"https:\/\/roveyayinevi.com.tr\/index.php\/urun\/erken-cocukluk-doneminde-degerler-egitimi-etkinlikleri\/"},"modified":"2026-04-16T03:11:19","modified_gmt":"2026-04-16T00:11:19","slug":"erken-cocukluk-doneminde-degerler-egitimi-etkinlikleri","status":"publish","type":"product","link":"https:\/\/roveyayinevi.com.tr\/index.php\/urun\/erken-cocukluk-doneminde-degerler-egitimi-etkinlikleri\/","title":{"rendered":"Erken \u00c7ocukluk D\u00f6neminde De\u011ferler E\u011fitimi Etkinlikleri"},"content":{"rendered":"<p>Toplumun k\u00fclt\u00fcrel yap\u0131s\u0131n\u0131 o toplumun sahip oldu\u011fu de\u011ferler olu\u015fturmaktad\u0131r. Bu kitab\u0131n evrensel ve toplumsal de\u011ferlere y\u00f6nelik fark\u0131ndal\u0131k olu\u015fturmada \u00f6nemli bir ara\u00e7 oldu\u011funu d\u00fc\u015f\u00fcnmekteyiz. K\u0131ymetli \u00f6\u011fretmenim kitap i\u00e7erisinde yer alan her etkinlik bir de\u011fere y\u00f6nelik haz\u0131rlanm\u0131\u015ft\u0131r.  Size de\u011ferler e\u011fitimi konusunda destekleyici bir eser sunulmas\u0131 ama\u00e7lanm\u0131\u015ft\u0131r. E\u011fitim s\u00fcrecinizde size faydal\u0131 olmas\u0131 dile\u011fiyle.<\/p>\n","protected":false},"excerpt":{"rendered":"<p>Toplumun k\u00fclt\u00fcrel yap\u0131s\u0131n\u0131 o toplumun sahip oldu\u011fu de\u011ferler olu\u015fturmaktad\u0131r. Bu kitab\u0131n evrensel ve toplumsal de\u011ferlere y\u00f6nelik fark\u0131ndal\u0131k olu\u015fturmada \u00f6nemli bir ara\u00e7 oldu\u011funu d\u00fc\u015f\u00fcnmekteyiz. K\u0131ymetli \u00f6\u011fretmenim kitap<span class=\"excerpt-hellip\"> [\u2026]<\/span><\/p>\n","protected":false},"featured_media":0,"template":"","meta":{"_monsterinsights_skip_tracking":false,"_monsterinsights_sitenote_active":false,"_monsterinsights_sitenote_note":"","_monsterinsights_sitenote_category":0},"product_brand":[],"product_cat":[12831,12324],"product_tag":[],"class_list":{"0":"post-758175","1":"product","2":"type-product","3":"status-publish","5":"product_cat-aile-ve-cocuk","6":"product_cat-sosyoloji","7":"pa_cilt-ciltsiz","8":"pa_tur-kitap","9":"pa_yayinevi-ihlamur-akademi","10":"pa_yazar-enver-turksoy","11":"pa_yazar-ridvan-karabulut","13":"first","14":"instock","15":"sale","16":"shipping-taxable","17":"purchasable","18":"product-type-simple"},"_links":{"self":[{"href":"https:\/\/roveyayinevi.com.tr\/index.php\/wp-json\/wp\/v2\/product\/758175","targetHints":{"allow":["GET"]}}],"collection":[{"href":"https:\/\/roveyayinevi.com.tr\/index.php\/wp-json\/wp\/v2\/product"}],"about":[{"href":"https:\/\/roveyayinevi.com.tr\/index.php\/wp-json\/wp\/v2\/types\/product"}],"wp:attachment":[{"href":"https:\/\/roveyayinevi.com.tr\/index.php\/wp-json\/wp\/v2\/media?parent=758175"}],"wp:term":[{"taxonomy":"product_brand","embeddable":true,"href":"https:\/\/roveyayinevi.com.tr\/index.php\/wp-json\/wp\/v2\/product_brand?post=758175"},{"taxonomy":"product_cat","embeddable":true,"href":"https:\/\/roveyayinevi.com.tr\/index.php\/wp-json\/wp\/v2\/product_cat?post=758175"},{"taxonomy":"product_tag","embeddable":true,"href":"https:\/\/roveyayinevi.com.tr\/index.php\/wp-json\/wp\/v2\/product_tag?post=758175"}],"curies":[{"name":"wp","href":"https:\/\/api.w.org\/{rel}","templated":true}]}}