{"id":758173,"date":"2025-08-28T07:56:59","date_gmt":"2025-08-28T04:56:59","guid":{"rendered":"https:\/\/roveyayinevi.com.tr\/index.php\/urun\/siginmaci-cocuklar-kucuk-bedenler-buyuk-hikayeler\/"},"modified":"2026-04-16T03:11:18","modified_gmt":"2026-04-16T00:11:18","slug":"siginmaci-cocuklar-kucuk-bedenler-buyuk-hikayeler","status":"publish","type":"product","link":"https:\/\/roveyayinevi.com.tr\/index.php\/urun\/siginmaci-cocuklar-kucuk-bedenler-buyuk-hikayeler\/","title":{"rendered":"S\u0131\u011f\u0131nmac\u0131 \u00c7ocuklar &#8211; K\u00fc\u00e7\u00fck Bedenler B\u00fcy\u00fck Hikayeler"},"content":{"rendered":"<p>Suriye i\u00e7 sava\u015f\u0131 k\u00fcresel \u00f6l\u00e7ekte bir m\u00fclteci krizine d\u00f6n\u00fc\u015ferek bir insanl\u0131k s\u0131nav\u0131 haline gelmi\u015ftir. Bu krizde T\u00fcrkiye, milyonlarca Suriyeliye kap\u0131s\u0131n\u0131 a\u00e7m\u0131\u015ft\u0131r. Suriyeli s\u0131\u011f\u0131nmac\u0131lar\u0131n ya\u015fad\u0131\u011f\u0131 trafik durumlar ve kar\u015f\u0131 kar\u015f\u0131ya kald\u0131klar\u0131 sorunlar durumlar\u0131n\u0131n daha da dezavantajl\u0131 bir hale getirmi\u015ftir. \u00d6zellikle de bu s\u00fcre\u00e7te en k\u0131r\u0131lgan gruplardan biri olarak s\u0131\u011f\u0131nmac\u0131 \u00e7ocuklar\u0131n geldikleri nokta konunun ne kadar hassas ve \u00f6nemli oldu\u011funu ortaya koymaktad\u0131r. Bu a\u00e7\u0131dan \u00e7al\u0131\u015fmada Suriyeli \u00e7ocuklar\u0131n bug\u00fcnk\u00fc durumlar\u0131, sorunlar\u0131, g\u00fcndelik ya\u015fam pratikleri, ya\u015fad\u0131klar\u0131 de\u011fi\u015fim ve d\u00f6n\u00fc\u015f\u00fcmler ile bunlar\u0131n etkilerinin g\u00f6\u00e7 ve s\u0131\u011f\u0131nmac\u0131 olma kimli\u011fi alt\u0131nda nas\u0131l deneyimlendi\u011finin ortaya konulmas\u0131 ama\u00e7lanm\u0131\u015ft\u0131r. Hem sava\u015fa tan\u0131kl\u0131k etmenin hem de zorunlu olarak g\u00f6\u00e7 etmenin neden oldu\u011fu etkiler \u00e7ocuklar\u0131 bir\u00e7ok a\u00e7\u0131dan zorlamaktad\u0131r. S\u0131\u011f\u0131nmac\u0131 \u00e7ocuklar yeni ama yabanc\u0131 olduklar\u0131 mek\u00e2nlarda pek \u00e7ok sorunla kar\u015f\u0131 kar\u015f\u0131ya kalmaktad\u0131r. Bu zorluklar\u0131n en ba\u015f\u0131nda da e\u011fitimden mahrumiyet, dil sorunu, d\u00fc\u015f\u00fck ekonomik ko\u015fullar, \u00e7ocuk i\u015f\u00e7ili\u011fi ve entegrasyon problemi gibi sorunlar gelmektedir. Bu a\u00e7\u0131dan \u00e7al\u0131\u015fma kapsam\u0131nda Suriyeli \u00e7ocuklar\u0131n zorunlu g\u00f6\u00e7 deneyimleri ve sonras\u0131nda hayatlar\u0131nda ne gibi de\u011fi\u015fim ve d\u00f6n\u00fc\u015f\u00fcmlerin oldu\u011funun ortaya konulmas\u0131 ama\u00e7lanm\u0131\u015ft\u0131r.<\/p>\n","protected":false},"excerpt":{"rendered":"<p>Suriye i\u00e7 sava\u015f\u0131 k\u00fcresel \u00f6l\u00e7ekte bir m\u00fclteci krizine d\u00f6n\u00fc\u015ferek bir insanl\u0131k s\u0131nav\u0131 haline gelmi\u015ftir. Bu krizde T\u00fcrkiye, milyonlarca Suriyeliye kap\u0131s\u0131n\u0131 a\u00e7m\u0131\u015ft\u0131r. Suriyeli s\u0131\u011f\u0131nmac\u0131lar\u0131n ya\u015fad\u0131\u011f\u0131 trafik durumlar<span class=\"excerpt-hellip\"> [\u2026]<\/span><\/p>\n","protected":false},"featured_media":0,"template":"","meta":{"_monsterinsights_skip_tracking":false,"_monsterinsights_sitenote_active":false,"_monsterinsights_sitenote_note":"","_monsterinsights_sitenote_category":0},"product_brand":[],"product_cat":[12324],"product_tag":[],"class_list":{"0":"post-758173","1":"product","2":"type-product","3":"status-publish","5":"product_cat-sosyoloji","6":"pa_cilt-ciltsiz","7":"pa_tur-kitap","8":"pa_yayinevi-ihlamur-akademi","9":"pa_yazar-pelin-kilinc","11":"first","12":"instock","13":"sale","14":"shipping-taxable","15":"purchasable","16":"product-type-simple"},"_links":{"self":[{"href":"https:\/\/roveyayinevi.com.tr\/index.php\/wp-json\/wp\/v2\/product\/758173","targetHints":{"allow":["GET"]}}],"collection":[{"href":"https:\/\/roveyayinevi.com.tr\/index.php\/wp-json\/wp\/v2\/product"}],"about":[{"href":"https:\/\/roveyayinevi.com.tr\/index.php\/wp-json\/wp\/v2\/types\/product"}],"wp:attachment":[{"href":"https:\/\/roveyayinevi.com.tr\/index.php\/wp-json\/wp\/v2\/media?parent=758173"}],"wp:term":[{"taxonomy":"product_brand","embeddable":true,"href":"https:\/\/roveyayinevi.com.tr\/index.php\/wp-json\/wp\/v2\/product_brand?post=758173"},{"taxonomy":"product_cat","embeddable":true,"href":"https:\/\/roveyayinevi.com.tr\/index.php\/wp-json\/wp\/v2\/product_cat?post=758173"},{"taxonomy":"product_tag","embeddable":true,"href":"https:\/\/roveyayinevi.com.tr\/index.php\/wp-json\/wp\/v2\/product_tag?post=758173"}],"curies":[{"name":"wp","href":"https:\/\/api.w.org\/{rel}","templated":true}]}}