{"id":758166,"date":"2025-08-28T07:56:49","date_gmt":"2025-08-28T04:56:49","guid":{"rendered":"https:\/\/roveyayinevi.com.tr\/index.php\/urun\/yesil-ve-tersine-lojistikte-geri-donusum-davranisi\/"},"modified":"2026-04-07T03:17:07","modified_gmt":"2026-04-07T00:17:07","slug":"yesil-ve-tersine-lojistikte-geri-donusum-davranisi","status":"publish","type":"product","link":"https:\/\/roveyayinevi.com.tr\/index.php\/urun\/yesil-ve-tersine-lojistikte-geri-donusum-davranisi\/","title":{"rendered":"Ye\u015fil Ve Tersine Lojistikte Geri D\u00f6n\u00fc\u015f\u00fcm Davran\u0131\u015f\u0131"},"content":{"rendered":"<p>Do\u011faya verilen tahribat\u0131 yava\u015flatmak ad\u0131na sekt\u00f6rler ve \u00fclkeler bir tak\u0131m \u00f6nlemler almaya \u00e7al\u0131\u015fmaktad\u0131rlar. \u00c7evresel kirlili\u011fi minimum seviyeye indirmeyi ama\u00e7layan geri d\u00f6n\u00fc\u015f\u00fcm politikalar\u0131 bu kapsamda her \u00fclkenin kendi halk\u0131n\u0131 bu s\u00fcrece dahil etti\u011fi en \u00f6nemli uygulamalardand\u0131r. G\u00fcn\u00fcm\u00fczde, k\u00fcresel boyuttaki lojistik faaliyetlerin negatif etkilerini ortadan kald\u0131rmak i\u00e7in, \u00fcr\u00fcnler \u00f6mr\u00fcn\u00fc tamamlad\u0131\u011f\u0131nda tekrardan toplanarak geri kazand\u0131r\u0131lma s\u00fcrecinde Tersine Lojistik kavram\u0131 kar\u015f\u0131m\u0131za \u00e7\u0131kmaktad\u0131r. Bu faaliyetler ayn\u0131 zamanda Geri D\u00f6n\u00fc\u015f\u00fcm konusunda insan davran\u0131\u015flar\u0131n\u0131n incelenmesi, hassasiyetlerinin geli\u015ftirilmesi gibi \u00e7al\u0131\u015fmalar\u0131 da gerektirmektedir.Elinizdeki eserde, \u00fclkemiz t\u00fcketicilerinin, geri d\u00f6n\u00fc\u015f\u00fcme bak\u0131\u015f\u0131, davran\u0131\u015f\u0131, yerel y\u00f6netimlerin geri d\u00f6n\u00fc\u015f\u00fcme sa\u011flad\u0131klar\u0131 katk\u0131larla, konu tam bir bak\u0131\u015f a\u00e7\u0131s\u0131 ile incelenmi\u015f ve saha \u00e7al\u0131\u015fmalar\u0131 ile \u00f6rneklendirilerek ele al\u0131nm\u0131\u015ft\u0131r. Bu alanda \u00e7al\u0131\u015fanlar\u0131n ba\u015fvuru yapabilecekleri yerli kaynak say\u0131s\u0131n\u0131n fazla olmad\u0131\u011f\u0131 g\u00f6z \u00f6n\u00fcne al\u0131nd\u0131\u011f\u0131nda, eserin hem sekt\u00f6r \u00e7al\u0131\u015fanlar\u0131n\u0131 hem de akademik \u00e7al\u0131\u015fma yapan ara\u015ft\u0131rmac\u0131lar i\u00e7in faydal\u0131 bir kaynak olma \u00f6zelli\u011fi ta\u015f\u0131mas\u0131n\u0131 umut ediyoruz.<\/p>\n","protected":false},"excerpt":{"rendered":"<p>Do\u011faya verilen tahribat\u0131 yava\u015flatmak ad\u0131na sekt\u00f6rler ve \u00fclkeler bir tak\u0131m \u00f6nlemler almaya \u00e7al\u0131\u015fmaktad\u0131rlar. \u00c7evresel kirlili\u011fi minimum seviyeye indirmeyi ama\u00e7layan geri d\u00f6n\u00fc\u015f\u00fcm politikalar\u0131 bu kapsamda her \u00fclkenin<span class=\"excerpt-hellip\"> [\u2026]<\/span><\/p>\n","protected":false},"featured_media":0,"template":"","meta":{"_monsterinsights_skip_tracking":false,"_monsterinsights_sitenote_active":false,"_monsterinsights_sitenote_note":"","_monsterinsights_sitenote_category":0},"product_brand":[],"product_cat":[12566],"product_tag":[],"class_list":{"0":"post-758166","1":"product","2":"type-product","3":"status-publish","5":"product_cat-egitim","6":"pa_cilt-ciltsiz","7":"pa_tur-kitap","8":"pa_yayinevi-ideal-kultur-yayincilik","9":"pa_yazar-ibrahim-akben","10":"pa_yazar-yasin-demirer","12":"first","13":"instock","14":"sale","15":"shipping-taxable","16":"purchasable","17":"product-type-simple"},"_links":{"self":[{"href":"https:\/\/roveyayinevi.com.tr\/index.php\/wp-json\/wp\/v2\/product\/758166","targetHints":{"allow":["GET"]}}],"collection":[{"href":"https:\/\/roveyayinevi.com.tr\/index.php\/wp-json\/wp\/v2\/product"}],"about":[{"href":"https:\/\/roveyayinevi.com.tr\/index.php\/wp-json\/wp\/v2\/types\/product"}],"wp:attachment":[{"href":"https:\/\/roveyayinevi.com.tr\/index.php\/wp-json\/wp\/v2\/media?parent=758166"}],"wp:term":[{"taxonomy":"product_brand","embeddable":true,"href":"https:\/\/roveyayinevi.com.tr\/index.php\/wp-json\/wp\/v2\/product_brand?post=758166"},{"taxonomy":"product_cat","embeddable":true,"href":"https:\/\/roveyayinevi.com.tr\/index.php\/wp-json\/wp\/v2\/product_cat?post=758166"},{"taxonomy":"product_tag","embeddable":true,"href":"https:\/\/roveyayinevi.com.tr\/index.php\/wp-json\/wp\/v2\/product_tag?post=758166"}],"curies":[{"name":"wp","href":"https:\/\/api.w.org\/{rel}","templated":true}]}}