{"id":758159,"date":"2025-08-28T07:56:40","date_gmt":"2025-08-28T04:56:40","guid":{"rendered":"https:\/\/roveyayinevi.com.tr\/index.php\/urun\/mus-tarihi\/"},"modified":"2026-04-16T03:11:18","modified_gmt":"2026-04-16T00:11:18","slug":"mus-tarihi","status":"publish","type":"product","link":"https:\/\/roveyayinevi.com.tr\/index.php\/urun\/mus-tarihi\/","title":{"rendered":"Mu\u015f Tarihi"},"content":{"rendered":"<p>Yukar\u0131 F\u0131rat Havzas\u0131\u2019nda yer alan Mu\u015f, tarih nehrinin k\u0131y\u0131s\u0131nda ya\u015fam\u0131n\u0131 g\u00fcn\u00fcm\u00fcze ula\u015ft\u0131ran bahtiyar kentlerdendir. Mu\u015f \u015fehri otantik kimli\u011fini muhafaza edebilmi\u015f ve ya\u011fmalanmadan kalabilmi\u015f, sakl\u0131 g\u00fczelli\u011fini as\u0131rlar boyunca yaln\u0131zca taliplerine sunmu\u015f asude bir yerdir.Genellikle televizyon ekranlar\u0131n\u0131n altyaz\u0131lar\u0131nda ge\u00e7en kara k\u0131\u015f haberleri ile an\u0131lan Mu\u015f, T\u00fcrkiye\u2019mizin en g\u00fczel \u015fehirlerindendir. Tarih\u00ee kaleden \u00fclkemizin \u00fc\u00e7\u00fcnc\u00fc b\u00fcy\u00fck d\u00fczl\u00fc\u011f\u00fcne, k\u0131vr\u0131lan akarsular\u0131n etraf\u0131n\u0131 olu\u015fturdu\u011fu bereketli Mu\u015f Ovas\u0131\u2019na do\u011fru ba\u015f e\u011fer gibi a\u011f\u0131r a\u011f\u0131r al\u00e7alan Mu\u015f\u2019u, k\u0131\u015f mevsiminde aylar boyunca bembeyaz kalan bu h\u00fclyalar denizini, yaz\u0131n ise yemye\u015fil bir bereket okyanusunu and\u0131ran bu g\u00fczel \u015fehri sevmek, e\u015fsiz bir \u015fiire \u015fiir yazmak gibidir.Mu\u015f\u2019u sevmek biraz da Mu\u015f gibi kendi halinde, mahcup ve suskun olmakt\u0131r. Dinlemek, kulak vermektir. Aral\u0131k ay\u0131nda zaman\u0131 yava\u015flatarak insan\u0131 d\u00fcnyan\u0131n b\u00fct\u00fcn da\u011fda\u011fas\u0131ndan uzakla\u015ft\u0131ran bembeyaz kar deryas\u0131n\u0131n \u0131ss\u0131zl\u0131\u011f\u0131na; \u015eubat ay\u0131nda ovaya \u00e7\u00f6kerek insan\u0131 kendi i\u00e7ine bakmak zorunda b\u0131rakan ve ona acziyetini iliklerine dek hissettirip i\u00e7ini tarifsiz bir huzurla dolduran sis denizine; May\u0131s ay\u0131nda ise ye\u015filin onlarca tonunu, cennet kisvesi ile d\u00fcnyada g\u00f6r\u00fcn\u00fcr k\u0131l\u0131nm\u0131\u015f g\u00fczellikleri doyas\u0131ya ya\u015fama f\u0131rsat\u0131 sunar.Eski \u00e7a\u011flardan g\u00fcn\u00fcm\u00fcze kadar Mu\u015f tarihini konu edinen bu kitap, hemen hepsinin yolu bir vakit Mu\u015f\u2019a d\u00fc\u015fen ya da halen Mu\u015f\u2019ta olma bahtiyarl\u0131\u011f\u0131n\u0131 ya\u015fayan m\u00fcellifler taraf\u0131ndan kaleme al\u0131nan metinlerden olu\u015fturuldu. Ku\u015fkusuz sat\u0131rlar sad\u0131rlarda olan\u0131 aktarabilecek kuvvete sahip de\u011fildir, fakat baz\u0131lar\u0131 i\u00e7in sad\u0131rlara giden yolda sat\u0131rlar\u0131n edebilece\u011fi rehberlik de hafife al\u0131namaz.     Kitap, sizi Mu\u015f\u2019un binlerce y\u0131ll\u0131k ge\u00e7mi\u015fine g\u00f6t\u00fcrerek \u015fehrin tarihine iz b\u0131rakm\u0131\u015f medeniyetleri, ki\u015fileri ve yap\u0131lar\u0131 tan\u0131maya davet etmektedir\u2026<\/p>\n","protected":false},"excerpt":{"rendered":"<p>Yukar\u0131 F\u0131rat Havzas\u0131\u2019nda yer alan Mu\u015f, tarih nehrinin k\u0131y\u0131s\u0131nda ya\u015fam\u0131n\u0131 g\u00fcn\u00fcm\u00fcze ula\u015ft\u0131ran bahtiyar kentlerdendir. Mu\u015f \u015fehri otantik kimli\u011fini muhafaza edebilmi\u015f ve ya\u011fmalanmadan kalabilmi\u015f, sakl\u0131 g\u00fczelli\u011fini as\u0131rlar<span class=\"excerpt-hellip\"> [\u2026]<\/span><\/p>\n","protected":false},"featured_media":0,"template":"","meta":{"_monsterinsights_skip_tracking":false,"_monsterinsights_sitenote_active":false,"_monsterinsights_sitenote_note":"","_monsterinsights_sitenote_category":0},"product_brand":[],"product_cat":[12304],"product_tag":[],"class_list":{"0":"post-758159","1":"product","2":"type-product","3":"status-publish","5":"product_cat-tarih","6":"pa_cilt-ciltsiz","7":"pa_tur-kitap","8":"pa_yayinevi-ideal-kultur-akademik","9":"pa_yazar-ideal-kultur-kolektif","11":"first","12":"instock","13":"sale","14":"shipping-taxable","15":"purchasable","16":"product-type-simple"},"_links":{"self":[{"href":"https:\/\/roveyayinevi.com.tr\/index.php\/wp-json\/wp\/v2\/product\/758159","targetHints":{"allow":["GET"]}}],"collection":[{"href":"https:\/\/roveyayinevi.com.tr\/index.php\/wp-json\/wp\/v2\/product"}],"about":[{"href":"https:\/\/roveyayinevi.com.tr\/index.php\/wp-json\/wp\/v2\/types\/product"}],"wp:attachment":[{"href":"https:\/\/roveyayinevi.com.tr\/index.php\/wp-json\/wp\/v2\/media?parent=758159"}],"wp:term":[{"taxonomy":"product_brand","embeddable":true,"href":"https:\/\/roveyayinevi.com.tr\/index.php\/wp-json\/wp\/v2\/product_brand?post=758159"},{"taxonomy":"product_cat","embeddable":true,"href":"https:\/\/roveyayinevi.com.tr\/index.php\/wp-json\/wp\/v2\/product_cat?post=758159"},{"taxonomy":"product_tag","embeddable":true,"href":"https:\/\/roveyayinevi.com.tr\/index.php\/wp-json\/wp\/v2\/product_tag?post=758159"}],"curies":[{"name":"wp","href":"https:\/\/api.w.org\/{rel}","templated":true}]}}