{"id":758138,"date":"2025-08-28T07:56:14","date_gmt":"2025-08-28T04:56:14","guid":{"rendered":"https:\/\/roveyayinevi.com.tr\/index.php\/urun\/imparatorluk-cozulurken-umuda-yolculuk\/"},"modified":"2026-04-16T03:11:18","modified_gmt":"2026-04-16T00:11:18","slug":"imparatorluk-cozulurken-umuda-yolculuk","status":"publish","type":"product","link":"https:\/\/roveyayinevi.com.tr\/index.php\/urun\/imparatorluk-cozulurken-umuda-yolculuk\/","title":{"rendered":"\u0130mparatorluk \u00c7\u00f6z\u00fcl\u00fcrken Umuda Yolculuk"},"content":{"rendered":"<p>\u201cO\u011flum, sokakta f\u0131st\u0131k satman\u0131z gerekse umurumda de\u011fil, kendiniz i\u00e7in \u00e7al\u0131\u015f\u0131yorsunuz. Ba\u015fka bir adam\u0131 zengin yapmay\u0131n.\u201dJames G. Thomas Jr.Suriye ve L\u00fcbnan \u00e7evresinden Amerika Birle\u015fik Devletleri veya Amerika k\u0131tas\u0131na ilk defa kimin g\u00f6\u00e7 etti\u011fi veya g\u00f6\u00e7\u00fcn hangi tarihte ba\u015flad\u0131\u011f\u0131 konusunda elimizde net bir bilgi olmamakla beraber L\u00fcbnan&#8217;dan ilk g\u00f6\u00e7lerin 1850&#8217;lilerin ba\u015f\u0131nda ba\u015flad\u0131\u011f\u0131 tahmin edilmektedir. ABD g\u00f6\u00e7 kay\u0131tlar\u0131na g\u00f6re Do\u011fu L\u00fcbnan&#8217;daki Salima k\u00f6y\u00fcn\u00fcn bir vatanda\u015f\u0131 olan Antonio Bishallany, Amerika Birle\u015fik Devletleri&#8217;ne g\u00f6\u00e7 eden ilk Mar\u00fbn\u00ee olarak kabul ediliyor. Yakla\u015f\u0131k 300 $ bir para ile 22 A\u011fustos 1854 tarihinde L\u00fcbnan&#8217;dan ayr\u0131lan Antonio Bishallany, uzun bir yolculuktan sonra New York&#8217;a vard\u0131. Buradan trenle Boston&#8217;a ge\u00e7ti. \u0130ngilizce bilgisi olmadan sadece elindeki adres bilgileri ile gitmek istedi\u011fi yere ula\u015ft\u0131. Antonio Bishallany b\u00fcy\u00fck hayaller ile geldi\u011fi ABD&#8217;ye yerle\u015fmesinden iki y\u0131l sonra 34 ya\u015f\u0131nda \u00f6ld\u00fc. Antonio Bishallany&#8217;nin b\u00fcy\u00fck umutla ba\u015flayan yolculu\u011fu b\u00f6ylece b\u00fcy\u00fck bir trajedi ile son bulmu\u015f oldu.Cebel-i L\u00fcbnan ve Suriyelilerin 19. y\u00fczy\u0131l\u0131n ortalar\u0131ndan itibaren Suriye ve L\u00fcbnan&#8217;dan ba\u015flayan yolculuklar\u0131 k\u0131talar aras\u0131, karma\u015f\u0131k ve riskli bir \u015fekilde bazen Avrupa&#8217;da bazen de Amerika k\u0131tas\u0131nda son buldu. G\u00f6\u00e7lerin nedenleri kadar nas\u0131l yap\u0131ld\u0131\u011f\u0131 da \u00f6nemli bir konudur. G\u00f6\u00e7 etmek i\u00e7in neden bulanlar\u0131 yollarda bekleyen bir\u00e7ok tehlike beklemekteydi. G\u00f6\u00e7e ba\u015flayanlar\u0131 ka\u00e7ak\u00e7\u0131lar, r\u00fc\u015fvetler, g\u00f6\u00e7\u00fc engellemek i\u00e7in bekleyen g\u00f6revli memurlar, konaklama gibi daha bir\u00e7ok bilinmez kar\u015f\u0131lamaktayd\u0131. G\u00fcn\u00fcm\u00fczde s\u0131radan bir olay gibi g\u00f6r\u00fcnse de g\u00f6\u00e7 sonu\u00e7lar\u0131 itibari ile son derece zor ve zor oldu\u011fu kadar tarihi a\u00e7\u0131dan karma\u015f\u0131k ve \u00f6nemli bir olayd\u0131r.<\/p>\n","protected":false},"excerpt":{"rendered":"<p>\u201cO\u011flum, sokakta f\u0131st\u0131k satman\u0131z gerekse umurumda de\u011fil, kendiniz i\u00e7in \u00e7al\u0131\u015f\u0131yorsunuz. Ba\u015fka bir adam\u0131 zengin yapmay\u0131n.\u201dJames G. Thomas Jr.Suriye ve L\u00fcbnan \u00e7evresinden Amerika Birle\u015fik Devletleri veya Amerika<span class=\"excerpt-hellip\"> [\u2026]<\/span><\/p>\n","protected":false},"featured_media":0,"template":"","meta":{"_monsterinsights_skip_tracking":false,"_monsterinsights_sitenote_active":false,"_monsterinsights_sitenote_note":"","_monsterinsights_sitenote_category":0},"product_brand":[],"product_cat":[12312,12304],"product_tag":[],"class_list":{"0":"post-758138","1":"product","2":"type-product","3":"status-publish","5":"product_cat-diger","6":"product_cat-tarih","7":"pa_cilt-ciltsiz","8":"pa_tur-kitap","9":"pa_yayinevi-ideal-kultur-akademik","10":"pa_yazar-selim-hilmi-ozkan","12":"first","13":"instock","14":"sale","15":"shipping-taxable","16":"purchasable","17":"product-type-simple"},"_links":{"self":[{"href":"https:\/\/roveyayinevi.com.tr\/index.php\/wp-json\/wp\/v2\/product\/758138","targetHints":{"allow":["GET"]}}],"collection":[{"href":"https:\/\/roveyayinevi.com.tr\/index.php\/wp-json\/wp\/v2\/product"}],"about":[{"href":"https:\/\/roveyayinevi.com.tr\/index.php\/wp-json\/wp\/v2\/types\/product"}],"wp:attachment":[{"href":"https:\/\/roveyayinevi.com.tr\/index.php\/wp-json\/wp\/v2\/media?parent=758138"}],"wp:term":[{"taxonomy":"product_brand","embeddable":true,"href":"https:\/\/roveyayinevi.com.tr\/index.php\/wp-json\/wp\/v2\/product_brand?post=758138"},{"taxonomy":"product_cat","embeddable":true,"href":"https:\/\/roveyayinevi.com.tr\/index.php\/wp-json\/wp\/v2\/product_cat?post=758138"},{"taxonomy":"product_tag","embeddable":true,"href":"https:\/\/roveyayinevi.com.tr\/index.php\/wp-json\/wp\/v2\/product_tag?post=758138"}],"curies":[{"name":"wp","href":"https:\/\/api.w.org\/{rel}","templated":true}]}}