{"id":758135,"date":"2025-08-28T07:56:10","date_gmt":"2025-08-28T04:56:10","guid":{"rendered":"https:\/\/roveyayinevi.com.tr\/index.php\/urun\/kibrista-turk-varligi\/"},"modified":"2026-04-16T03:11:18","modified_gmt":"2026-04-16T00:11:18","slug":"kibrista-turk-varligi","status":"publish","type":"product","link":"https:\/\/roveyayinevi.com.tr\/index.php\/urun\/kibrista-turk-varligi\/","title":{"rendered":"K\u0131br\u0131s&#8217;ta T\u00fcrk Varl\u0131\u011f\u0131"},"content":{"rendered":"<p>Osmanl\u0131lar\u0131n imparatorluk siyaseti i\u00e7inde Do\u011fu Akdeniz&#8217;in \u00f6nemi b\u00fcy\u00fckt\u00fcr. Karadeniz gibi Akdeniz&#8217;i b\u00fct\u00fcn\u00fcyle kontrol alt\u0131na alma hedef ve d\u00fc\u015f\u00fcncesi \u00f6zellikle M\u0131s\u0131r, Suriye ve Filistin k\u0131y\u0131lar\u0131n\u0131n ele ge\u00e7irilmesinin ard\u0131ndan yeni stratejilerin devreye girmesini icap ettirmi\u015f g\u00f6r\u00fcnmektedir. Do\u011fu Akdeniz&#8217;in neredeyse b\u00fct\u00fcn k\u0131y\u0131 hatt\u0131na hakim olan Osmanl\u0131lar i\u00e7in K\u0131br\u0131s adas\u0131n\u0131n jeopolitik ehemmiyeti giderek artmaya ba\u015flam\u0131\u015ft\u0131r. Bilhassa M\u0131s\u0131r&#8217;\u0131n (1517) ve Rodos adas\u0131n\u0131n (1522) fethinden sonra stratejik a\u00e7\u0131dan \u00f6nemli bir hedef olma hali daha da a\u00e7\u0131k hale gelen ve Venediklilerin idaresi alt\u0131nda olan K\u0131br\u0131s, sonunda Kanuni Sultan S\u00fcleyman&#8217;\u0131n o\u011flu II. Selim d\u00f6neminde 1571&#8217;de y\u0131l\u0131nda fethedilmi\u015f, 1878 y\u0131l\u0131na kadar da Osmanl\u0131 idaresinde kalm\u0131\u015ft\u0131r. Osmanl\u0131lar fetihten sonra adan\u0131n stratejik ve sosyal \u00f6zelliklerine dikkat ederek onu kara ba\u011flant\u0131lar\u0131yla birlikte d\u00fc\u015f\u00fcn\u00fcp beylerbeyilik yahut bir eyalet haline getirdi\u011fi gibi Anadolu&#8217;dan ger\u00e7ekle\u015ftirilen n\u00fcfus nakilleriyle yeni bir sosyal nizam\u0131 da bug\u00fcne ula\u015facak derecelerde tesis etmi\u015ftir. Bu yeni idare tarz\u0131, Venediklilerin bask\u0131s\u0131 alt\u0131ndaki yerli Rum halk\u0131 i\u00e7in de tam bir rahatlamaya yol a\u00e7m\u0131\u015ft\u0131r. Bu d\u00f6nemde Ada, her bak\u0131mdan b\u00fcy\u00fck geli\u015fme g\u00f6stererek Osmanl\u0131 hakimiyeti alt\u0131nda o devrin \u015fartlar\u0131 muvacehesinde en huzurlu d\u00f6nemini ya\u015fam\u0131\u015ft\u0131r denilebilir.<\/p>\n","protected":false},"excerpt":{"rendered":"<p>Osmanl\u0131lar\u0131n imparatorluk siyaseti i\u00e7inde Do\u011fu Akdeniz&#8217;in \u00f6nemi b\u00fcy\u00fckt\u00fcr. Karadeniz gibi Akdeniz&#8217;i b\u00fct\u00fcn\u00fcyle kontrol alt\u0131na alma hedef ve d\u00fc\u015f\u00fcncesi \u00f6zellikle M\u0131s\u0131r, Suriye ve Filistin k\u0131y\u0131lar\u0131n\u0131n ele ge\u00e7irilmesinin<span class=\"excerpt-hellip\"> [\u2026]<\/span><\/p>\n","protected":false},"featured_media":0,"template":"","meta":{"_monsterinsights_skip_tracking":false,"_monsterinsights_sitenote_active":false,"_monsterinsights_sitenote_note":"","_monsterinsights_sitenote_category":0},"product_brand":[],"product_cat":[12370,12304],"product_tag":[],"class_list":{"0":"post-758135","1":"product","2":"type-product","3":"status-publish","5":"product_cat-arastirma-inceleme","6":"product_cat-tarih","7":"pa_cilt-ciltsiz","8":"pa_tur-kitap","9":"pa_yayinevi-ideal-kultur-akademik","10":"pa_yazar-ideal-kultur-kolektif","12":"first","13":"instock","14":"sale","15":"shipping-taxable","16":"purchasable","17":"product-type-simple"},"_links":{"self":[{"href":"https:\/\/roveyayinevi.com.tr\/index.php\/wp-json\/wp\/v2\/product\/758135","targetHints":{"allow":["GET"]}}],"collection":[{"href":"https:\/\/roveyayinevi.com.tr\/index.php\/wp-json\/wp\/v2\/product"}],"about":[{"href":"https:\/\/roveyayinevi.com.tr\/index.php\/wp-json\/wp\/v2\/types\/product"}],"wp:attachment":[{"href":"https:\/\/roveyayinevi.com.tr\/index.php\/wp-json\/wp\/v2\/media?parent=758135"}],"wp:term":[{"taxonomy":"product_brand","embeddable":true,"href":"https:\/\/roveyayinevi.com.tr\/index.php\/wp-json\/wp\/v2\/product_brand?post=758135"},{"taxonomy":"product_cat","embeddable":true,"href":"https:\/\/roveyayinevi.com.tr\/index.php\/wp-json\/wp\/v2\/product_cat?post=758135"},{"taxonomy":"product_tag","embeddable":true,"href":"https:\/\/roveyayinevi.com.tr\/index.php\/wp-json\/wp\/v2\/product_tag?post=758135"}],"curies":[{"name":"wp","href":"https:\/\/api.w.org\/{rel}","templated":true}]}}