{"id":758134,"date":"2025-08-28T07:56:09","date_gmt":"2025-08-28T04:56:09","guid":{"rendered":"https:\/\/roveyayinevi.com.tr\/index.php\/urun\/osmanli-diplomatikasinda-mulknameler\/"},"modified":"2026-04-16T03:11:18","modified_gmt":"2026-04-16T00:11:18","slug":"osmanli-diplomatikasinda-mulknameler","status":"publish","type":"product","link":"https:\/\/roveyayinevi.com.tr\/index.php\/urun\/osmanli-diplomatikasinda-mulknameler\/","title":{"rendered":"Osmanl\u0131 Diplomatikas\u0131nda M\u00fclknameler"},"content":{"rendered":"<p>Osmanl\u0131 b\u00fcrokrasisinin \u00fcretmi\u015f oldu\u011fu belge t\u00fcrleri i\u00e7erisinde m\u00fclknameler \u00f6nemli bir yer tutmaktad\u0131r. Bu belgeler, Osmanl\u0131 m\u00fclk topraklar\u0131n\u0131n tarihsel s\u00fcre\u00e7 i\u00e7erisinde nas\u0131l bir geli\u015fme g\u00f6sterdi\u011fini anlamak bak\u0131m\u0131ndan olduk\u00e7a de\u011ferli ve \u00f6nemlidir. Tahrir defterlerine esas te\u015fkil eden kay\u0131tlar olarak m\u00fclknameler, m\u00fclkiyetin belgelenmesini de sa\u011flayan ispat vas\u0131talar\u0131d\u0131r.Osmanl\u0131 m\u00fclknameleri \u00fczerine yap\u0131lm\u0131\u015f ara\u015ft\u0131rmalar makalelerle s\u0131n\u0131rl\u0131 kalm\u0131\u015ft\u0131r. Elinizdeki \u00e7al\u0131\u015fma \u00f6ncelikle literat\u00fcrdeki \u00e7al\u0131\u015fmalar\u0131 tespit ederek de\u011ferlendirmekte ve XIV. y\u00fczy\u0131ldan itibaren ar\u015fivlerde ve literat\u00fcrde yer alan belgeleri kronolojik bir d\u00fczen i\u00e7erisinde ele alarak incelemektedir. Dolay\u0131s\u0131yla \u00e7al\u0131\u015fma XIV. y\u00fczy\u0131ldan itibaren Osmanl\u0131 sultanlar\u0131n\u0131n temlik ad\u0131n\u0131 verdi\u011fimiz faaliyetlerinin kronolojik bir d\u00f6k\u00fcm\u00fcn\u00fc de yapmaktad\u0131r. Y\u00fcksek lisans tezi olarak haz\u0131rlanan bu ara\u015ft\u0131rman\u0131n kitapla\u015ft\u0131r\u0131lmas\u0131 Osmanl\u0131 belge t\u00fcrlerini konu alan bu t\u00fcr \u00e7al\u0131\u015fmalar\u0131n \u00e7ok s\u0131n\u0131rl\u0131 olmas\u0131 dikkate al\u0131nd\u0131\u011f\u0131nda alan\u0131nda \u00f6nemli bir bo\u015flu\u011fu dolduracakt\u0131r. Osmanl\u0131 diplomatik \u00e7al\u0131\u015fmalar\u0131n\u0131n son zamanlarda ihmal edildi\u011fini d\u00fc\u015f\u00fcnd\u00fc\u011f\u00fcm\u00fcz zaman bu t\u00fcrden \u00e7al\u0131\u015fmalara olan ihtiyac\u0131n \u00e7ok daha a\u00e7\u0131k ve net bir \u015fekilde var oldu\u011funu s\u00f6yleyebiliriz.<\/p>\n","protected":false},"excerpt":{"rendered":"<p>Osmanl\u0131 b\u00fcrokrasisinin \u00fcretmi\u015f oldu\u011fu belge t\u00fcrleri i\u00e7erisinde m\u00fclknameler \u00f6nemli bir yer tutmaktad\u0131r. Bu belgeler, Osmanl\u0131 m\u00fclk topraklar\u0131n\u0131n tarihsel s\u00fcre\u00e7 i\u00e7erisinde nas\u0131l bir geli\u015fme g\u00f6sterdi\u011fini anlamak bak\u0131m\u0131ndan<span class=\"excerpt-hellip\"> [\u2026]<\/span><\/p>\n","protected":false},"featured_media":0,"template":"","meta":{"_monsterinsights_skip_tracking":false,"_monsterinsights_sitenote_active":false,"_monsterinsights_sitenote_note":"","_monsterinsights_sitenote_category":0},"product_brand":[],"product_cat":[13517,12304],"product_tag":[],"class_list":{"0":"post-758134","1":"product","2":"type-product","3":"status-publish","5":"product_cat-osmanli-tarihi","6":"product_cat-tarih","7":"pa_cilt-ciltsiz","8":"pa_tur-kitap","9":"pa_yayinevi-ideal-kultur-akademik","10":"pa_yazar-nuri-taskin","12":"first","13":"instock","14":"sale","15":"shipping-taxable","16":"purchasable","17":"product-type-simple"},"_links":{"self":[{"href":"https:\/\/roveyayinevi.com.tr\/index.php\/wp-json\/wp\/v2\/product\/758134","targetHints":{"allow":["GET"]}}],"collection":[{"href":"https:\/\/roveyayinevi.com.tr\/index.php\/wp-json\/wp\/v2\/product"}],"about":[{"href":"https:\/\/roveyayinevi.com.tr\/index.php\/wp-json\/wp\/v2\/types\/product"}],"wp:attachment":[{"href":"https:\/\/roveyayinevi.com.tr\/index.php\/wp-json\/wp\/v2\/media?parent=758134"}],"wp:term":[{"taxonomy":"product_brand","embeddable":true,"href":"https:\/\/roveyayinevi.com.tr\/index.php\/wp-json\/wp\/v2\/product_brand?post=758134"},{"taxonomy":"product_cat","embeddable":true,"href":"https:\/\/roveyayinevi.com.tr\/index.php\/wp-json\/wp\/v2\/product_cat?post=758134"},{"taxonomy":"product_tag","embeddable":true,"href":"https:\/\/roveyayinevi.com.tr\/index.php\/wp-json\/wp\/v2\/product_tag?post=758134"}],"curies":[{"name":"wp","href":"https:\/\/api.w.org\/{rel}","templated":true}]}}