{"id":758128,"date":"2025-08-28T07:56:02","date_gmt":"2025-08-28T04:56:02","guid":{"rendered":"https:\/\/roveyayinevi.com.tr\/index.php\/urun\/babalik-islevi\/"},"modified":"2026-04-16T03:11:17","modified_gmt":"2026-04-16T00:11:17","slug":"babalik-islevi","status":"publish","type":"product","link":"https:\/\/roveyayinevi.com.tr\/index.php\/urun\/babalik-islevi\/","title":{"rendered":"Babal\u0131k i\u015flevi"},"content":{"rendered":"<p>Sezai Halifeo\u011flu \/ Baba-n\u0131n-Ad\u0131Alper \u015eahin \/ Baba Olman\u0131n Ruhsal \u0130\u015flevleri \u00dczerineFunda Akkapulu \/ Anal\u0131 Babal\u0131 Analiz\u015eirin \u00c7ift\u00e7i Y\u0131lmaz \/ Be\u015fikten Topluma Baba \u0130\u015fleviEda Yard\u0131mc\u0131 \/ \u00dcstbenlik, Otorite ve BabaSevim Berrin \u0130nci \u0130zmir \/ Baba ve K\u0131z \u0130li\u015fkileriPelinsu Bulut \u00d6zer \/ Ergenin \u00d6zerkle\u015fme S\u00fcrecinde Babasal \u0130\u015flevElif Erol \/ \u00d6l\u00fcms\u00fc BabaBeng\u00fc Berkmen \/ Baba Olmak M\u0131 Babal\u0131k Etmek mi?E\u015fmen Tatl\u0131cal\u0131 \/ \u0130ncinmi\u015f Babalar ve \u0130ncinmi\u015f O\u011fullar: Babal\u0131k \u0130\u015fleviK\u00fcbra Ko\u00e7-Elif Sever \/ Fibromiyalji Hastalar\u0131n\u0131n Klini\u011finde Babal\u0131k \u0130\u015flevi: Ensest\u00fcel S\u00f6ylemlerNeil Y\u0131lmaz-Neslihan Zabc\u0131 \/ Babasal \u0130\u015flev ve \u00dcstbenlik Geli\u015fiminin Davran\u0131\u015f Sorunlar\u0131na EtkisiG\u00fcl\u00e7in Karadeniz \/ \u00c7ocu\u011fun \u00dcstbenlik Geli\u015fiminde Baba ile Oyunun Rol\u00fcMeltem Narter \/ K\u00fclt\u00fcrel Ba\u011flamda Baba Kavram\u0131 \u00dczerine Bir De\u011ferlendirmeDeniz Aktan \/ K\u00fclt\u00fcrel Kontekste Babal\u0131k Kavram\u0131<\/p>\n","protected":false},"excerpt":{"rendered":"<p>Sezai Halifeo\u011flu \/ Baba-n\u0131n-Ad\u0131Alper \u015eahin \/ Baba Olman\u0131n Ruhsal \u0130\u015flevleri \u00dczerineFunda Akkapulu \/ Anal\u0131 Babal\u0131 Analiz\u015eirin \u00c7ift\u00e7i Y\u0131lmaz \/ Be\u015fikten Topluma Baba \u0130\u015fleviEda Yard\u0131mc\u0131 \/ \u00dcstbenlik,<span class=\"excerpt-hellip\"> [\u2026]<\/span><\/p>\n","protected":false},"featured_media":0,"template":"","meta":{"_monsterinsights_skip_tracking":false,"_monsterinsights_sitenote_active":false,"_monsterinsights_sitenote_note":"","_monsterinsights_sitenote_category":0},"product_brand":[],"product_cat":[12358,12357],"product_tag":[],"class_list":{"0":"post-758128","1":"product","2":"type-product","3":"status-publish","5":"product_cat-genel-psikoloji","6":"product_cat-psikoloji","7":"pa_cilt-ciltsiz","8":"pa_tur-kitap","9":"pa_yayinevi-ideal-kultur-akademik","10":"pa_yazar-ideal-kultur-kolektif","12":"first","13":"instock","14":"sale","15":"shipping-taxable","16":"purchasable","17":"product-type-simple"},"_links":{"self":[{"href":"https:\/\/roveyayinevi.com.tr\/index.php\/wp-json\/wp\/v2\/product\/758128","targetHints":{"allow":["GET"]}}],"collection":[{"href":"https:\/\/roveyayinevi.com.tr\/index.php\/wp-json\/wp\/v2\/product"}],"about":[{"href":"https:\/\/roveyayinevi.com.tr\/index.php\/wp-json\/wp\/v2\/types\/product"}],"wp:attachment":[{"href":"https:\/\/roveyayinevi.com.tr\/index.php\/wp-json\/wp\/v2\/media?parent=758128"}],"wp:term":[{"taxonomy":"product_brand","embeddable":true,"href":"https:\/\/roveyayinevi.com.tr\/index.php\/wp-json\/wp\/v2\/product_brand?post=758128"},{"taxonomy":"product_cat","embeddable":true,"href":"https:\/\/roveyayinevi.com.tr\/index.php\/wp-json\/wp\/v2\/product_cat?post=758128"},{"taxonomy":"product_tag","embeddable":true,"href":"https:\/\/roveyayinevi.com.tr\/index.php\/wp-json\/wp\/v2\/product_tag?post=758128"}],"curies":[{"name":"wp","href":"https:\/\/api.w.org\/{rel}","templated":true}]}}